Nov 21 17:26:52 rh0dhdb00l125 sbd[2152779]: cluster: debug: find_pacemaker_remote: Found python3 at 4358
Nov 21 17:26:52 rh0dhdb00l125 sbd[2152779]: cluster: debug: find_pacemaker_remote: Found python3 at 4359
Nov 21 17:26:52 rh0dhdb00l125 sbd[2152779]: cluster: debug: find_pacemaker_remote: Found python3 at 4360
Nov 21 17:26:52 rh0dhdb00l125 sbd[2152779]: cluster: debug: find_pacemaker_remote: Found python3 at 4361
Nov 21 17:26:52 rh0dhdb00l125 sbd[2152779]: cluster: debug: find_pacemaker_remote: Found python3 at 4362
Nov 21 17:26:52 rh0dhdb00l125 sbd[2152779]: cluster: debug: find_pacemaker_remote: Found python3 at 4363
Nov 21 17:26:52 rh0dhdb00l125 sbd[2152779]: cluster: debug: find_pacemaker_remote: Found python3 at 4364
Nov 21 17:26:52 rh0dhdb00l125 sbd[2152779]: cluster: debug: find_pacemaker_remote: Found python3 at 4365
Nov 21 17:26:52 rh0dhdb00l125 sbd[2152779]: cluster: debug: find_pacemaker_remote: Found saposcol at 6685
Nov 21 17:26:52 rh0dhdb00l125 sbd[2152779]: cluster: debug: find_pacemaker_remote: Found kworker at 11557
Nov 21 17:26:52 rh0dhdb00l125 sbd[2152779]: cluster: debug: find_pacemaker_remote: Found kworker at 11803
Nov 21 17:26:52 rh0dhdb00l125 sbd[2152779]: cluster: debug: find_pacemaker_remote: Found udisksd at 109618
Nov 21 17:26:52 rh0dhdb00l125 sbd[2152779]: cluster: debug: find_pacemaker_remote: Found auoms at 1179495
Nov 21 17:26:52 rh0dhdb00l125 sbd[2152779]: cluster: debug: find_pacemaker_remote: Found auditd at 1179545
Nov 21 17:26:52 rh0dhdb00l125 sbd[2152779]: cluster: debug: find_pacemaker_remote: Found sedispatch at 1179547
Nov 21 17:26:52 rh0dhdb00l125 sbd[2152779]: cluster: debug: find_pacemaker_remote: Found auomscollect at 1179548
Nov 21 17:26:52 rh0dhdb00l125 sbd[2152779]: cluster: debug: find_pacemaker_remote: Found audit_prune_tre at 1180526
Nov 21 17:26:52 rh0dhdb00l125 sbd[2152779]: cluster: debug: find_pacemaker_remote: Found kworker at 1883748
Nov 21 17:26:52 rh0dhdb00l125 sbd[2152779]: cluster: debug: find_pacemaker_remote: Found kworker at 1959206
Nov 21 17:26:52 rh0dhdb00l125 sbd[2152779]: cluster: debug: find_pacemaker_remote: Found kworker at 2024579
Nov 21 17:26:52 rh0dhdb00l125 sbd[2152779]: cluster: debug: find_pacemaker_remote: Found kworker at 2056325
Nov 21 17:26:52 rh0dhdb00l125 sbd[2152779]: cluster: debug: find_pacemaker_remote: Found kworker at 2063395
Nov 21 17:26:52 rh0dhdb00l125 sbd[2152779]: cluster: debug: find_pacemaker_remote: Found kworker at 2066542
Nov 21 17:26:52 rh0dhdb00l125 sbd[2152779]: cluster: debug: find_pacemaker_remote: Found kworker at 2066996
Nov 21 17:26:52 rh0dhdb00l125 sbd[2152779]: cluster: debug: find_pacemaker_remote: Found kworker at 2069767
Nov 21 17:26:52 rh0dhdb00l125 sbd[2152779]: cluster: debug: find_pacemaker_remote: Found kworker at 2071807
Nov 21 17:26:52 rh0dhdb00l125 sbd[2152779]: cluster: debug: find_pacemaker_remote: Found kworker at 2086361
Nov 21 17:26:52 rh0dhdb00l125 sbd[2152779]: cluster: debug: find_pacemaker_remote: Found kworker at 2092675
Nov 21 17:26:52 rh0dhdb00l125 sbd[2152779]: cluster: debug: find_pacemaker_remote: Found kworker at 2094151
Nov 21 17:26:52 rh0dhdb00l125 sbd[2152779]: cluster: debug: find_pacemaker_remote: Found kworker at 2109414
Nov 21 17:26:52 rh0dhdb00l125 sbd[2152779]: cluster: debug: find_pacemaker_remote: Found kworker at 2112079
Nov 21 17:26:52 rh0dhdb00l125 sbd[2152779]: cluster: debug: find_pacemaker_remote: Found kworker at 2113843
Nov 21 17:26:52 rh0dhdb00l125 sbd[2152779]: cluster: debug: find_pacemaker_remote: Found kworker at 2116343
Nov 21 17:26:52 rh0dhdb00l125 sbd[2152779]: cluster: debug: find_pacemaker_remote: Found kworker at 2119144
Nov 21 17:26:52 rh0dhdb00l125 sbd[2152779]: cluster: debug: find_pacemaker_remote: Found sshd-session at 2121185
Nov 21 17:26:52 rh0dhdb00l125 sbd[2152779]: cluster: debug: find_pacemaker_remote: Found systemd at 2121213
Nov 21 17:26:52 rh0dhdb00l125 sbd[2152779]: cluster: debug: find_pacemaker_remote: Found sshd-session at 2121253
Nov 21 17:26:52 rh0dhdb00l125 sbd[2152779]: cluster: debug: find_pacemaker_remote: Found bash at 2121254
Nov 21 17:26:52 rh0dhdb00l125 sbd[2152779]: cluster: debug: find_pacemaker_remote: Found kworker at 2123315
Nov 21 17:26:52 rh0dhdb00l125 sbd[2152779]: cluster: debug: find_pacemaker_remote: Found kworker at 2124769
Nov 21 17:26:52 rh0dhdb00l125 sbd[2152779]: cluster: debug: find_pacemaker_remote: Found kworker at 2125154
Nov 21 17:26:52 rh0dhdb00l125 sbd[2152779]: cluster: debug: find_pacemaker_remote: Found kworker at 2125288
Nov 21 17:26:52 rh0dhdb00l125 sbd[2152779]: cluster: debug: find_pacemaker_remote: Found kworker at 2126069
Nov 21 17:26:52 rh0dhdb00l125 sbd[2152779]: cluster: debug: find_pacemaker_remote: Found kworker at 2128876
Nov 21 17:26:52 rh0dhdb00l125 sbd[2152779]: cluster: debug: find_pacemaker_remote: Found kworker at 2128993
Nov 21 17:26:52 rh0dhdb00l125 sbd[2152779]: cluster: debug: find_pacemaker_remote: Found sudo at 2129978
Nov 21 17:26:52 rh0dhdb00l125 sbd[2152779]: cluster: debug: find_pacemaker_remote: Found sudo at 2129981
Nov 21 17:26:52 rh0dhdb00l125 sbd[2152779]: cluster: debug: find_pacemaker_remote: Found su at 2129982
Nov 21 17:26:52 rh0dhdb00l125 sbd[2152779]: cluster: debug: find_pacemaker_remote: Found bash at 2129983
Nov 21 17:26:52 rh0dhdb00l125 sbd[2152779]: cluster: debug: find_pacemaker_remote: Found kworker at 2131933
Nov 21 17:26:52 rh0dhdb00l125 sbd[2152779]: cluster: debug: find_pacemaker_remote: Found kworker at 2132088
Nov 21 17:26:52 rh0dhdb00l125 sbd[2152779]: cluster: debug: find_pacemaker_remote: Found kworker at 2132089
Nov 21 17:26:52 rh0dhdb00l125 sbd[2152779]: cluster: debug: find_pacemaker_remote: Found kworker at 2132568
Nov 21 17:26:52 rh0dhdb00l125 sbd[2152779]: cluster: debug: find_pacemaker_remote: Found kworker at 2132697
Nov 21 17:26:52 rh0dhdb00l125 sbd[2152779]: cluster: debug: find_pacemaker_remote: Found kworker at 2133289
Nov 21 17:26:52 rh0dhdb00l125 sbd[2152779]: cluster: debug: find_pacemaker_remote: Found kworker at 2134669
Nov 21 17:26:52 rh0dhdb00l125 sbd[2152779]: cluster: debug: find_pacemaker_remote: Found kworker at 2134671
Nov 21 17:26:52 rh0dhdb00l125 sbd[2152779]: cluster: debug: find_pacemaker_remote: Found kworker at 2134674
Nov 21 17:26:52 rh0dhdb00l125 sbd[2152779]: cluster: debug: find_pacemaker_remote: Found kworker at 2134890
Nov 21 17:26:52 rh0dhdb00l125 sbd[2152779]: cluster: debug: find_pacemaker_remote: Found kworker at 2134892
Nov 21 17:26:52 rh0dhdb00l125 sbd[2152779]: cluster: debug: find_pacemaker_remote: Found kworker at 2135013
Nov 21 17:26:52 rh0dhdb00l125 sbd[2152779]: cluster: debug: find_pacemaker_remote: Found kworker at 2135014
Nov 21 17:26:52 rh0dhdb00l125 sbd[2152779]: cluster: debug: find_pacemaker_remote: Found kworker at 2135379
Nov 21 17:26:52 rh0dhdb00l125 sbd[2152779]: cluster: debug: find_pacemaker_remote: Found kworker at 2135592
Nov 21 17:26:52 rh0dhdb00l125 sbd[2152779]: cluster: debug: find_pacemaker_remote: Found kworker at 2135593
Nov 21 17:26:52 rh0dhdb00l125 sbd[2152779]: cluster: debug: find_pacemaker_remote: Found kworker at 2135642
Nov 21 17:26:52 rh0dhdb00l125 sbd[2152779]: cluster: debug: find_pacemaker_remote: Found kworker at 2135649
Nov 21 17:26:52 rh0dhdb00l125 sbd[2152779]: cluster: debug: find_pacemaker_remote: Found kworker at 2135718
Nov 21 17:26:52 rh0dhdb00l125 sbd[2152779]: cluster: debug: find_pacemaker_remote: Found kworker at 2137048
Nov 21 17:26:52 rh0dhdb00l125 sbd[2152779]: cluster: debug: find_pacemaker_remote: Found kworker at 2137132
Nov 21 17:26:52 rh0dhdb00l125 sbd[2152779]: cluster: debug: find_pacemaker_remote: Found kworker at 2137727
Nov 21 17:26:52 rh0dhdb00l125 sbd[2152779]: cluster: debug: find_pacemaker_remote: Found kworker at 2138700
Nov 21 17:26:52 rh0dhdb00l125 sbd[2152779]: cluster: debug: find_pacemaker_remote: Found kworker at 2138734
Nov 21 17:26:52 rh0dhdb00l125 sbd[2152779]: cluster: debug: find_pacemaker_remote: Found kworker at 2139492
Nov 21 17:26:52 rh0dhdb00l125 sbd[2152779]: cluster: debug: find_pacemaker_remote: Found kworker at 2139801
Nov 21 17:26:52 rh0dhdb00l125 sbd[2152779]: cluster: debug: find_pacemaker_remote: Found hdbrsutil at 2140897
Nov 21 17:26:52 rh0dhdb00l125 sbd[2152779]: cluster: debug: find_pacemaker_remote: Found kworker at 2141602
Nov 21 17:26:52 rh0dhdb00l125 sbd[2152779]: cluster: debug: find_pacemaker_remote: Found kworker at 2142188
Nov 21 17:26:52 rh0dhdb00l125 sbd[2152779]: cluster: debug: find_pacemaker_remote: Found kworker at 2143427
Nov 21 17:26:52 rh0dhdb00l125 sbd[2152779]: cluster: debug: find_pacemaker_remote: Found kworker at 2143428
Nov 21 17:26:52 rh0dhdb00l125 sbd[2152779]: cluster: debug: find_pacemaker_remote: Found kworker at 2143791
Nov 21 17:26:52 rh0dhdb00l125 sbd[2152779]: cluster: debug: find_pacemaker_remote: Found hdbrsutil at 2144190
Nov 21 17:26:52 rh0dhdb00l125 sbd[2152779]: cluster: debug: find_pacemaker_remote: Found kworker at 2144965
Nov 21 17:26:52 rh0dhdb00l125 sbd[2152779]: cluster: debug: find_pacemaker_remote: Found kworker at 2146647
Nov 21 17:26:52 rh0dhdb00l125 sbd[2152779]: cluster: debug: find_pacemaker_remote: Found kworker at 2147984
Nov 21 17:26:52 rh0dhdb00l125 sbd[2152779]: cluster: debug: find_pacemaker_remote: Found systemd-userwor at 2148860
Nov 21 17:26:52 rh0dhdb00l125 sbd[2152779]: cluster: debug: find_pacemaker_remote: Found systemd-userwor at 2148861
Nov 21 17:26:52 rh0dhdb00l125 sbd[2152779]: cluster: debug: find_pacemaker_remote: Found kworker at 2149164
Nov 21 17:26:52 rh0dhdb00l125 sbd[2152779]: cluster: debug: find_pacemaker_remote: Found kworker at 2149312
Nov 21 17:26:52 rh0dhdb00l125 sbd[2152779]: cluster: debug: find_pacemaker_remote: Found journalctl at 2149313
Nov 21 17:26:52 rh0dhdb00l125 sbd[2152779]: cluster: debug: find_pacemaker_remote: Found kworker at 2149405
Nov 21 17:26:52 rh0dhdb00l125 sbd[2152779]: cluster: debug: find_pacemaker_remote: Found kworker at 2149477
Nov 21 17:26:52 rh0dhdb00l125 sbd[2152779]: cluster: debug: find_pacemaker_remote: Found kworker at 2149752
Nov 21 17:26:52 rh0dhdb00l125 sbd[2152779]: cluster: debug: find_pacemaker_remote: Found kworker at 2149802
Nov 21 17:26:52 rh0dhdb00l125 sbd[2152779]: cluster: debug: find_pacemaker_remote: Found kworker at 2149917
Nov 21 17:26:52 rh0dhdb00l125 sbd[2152779]: cluster: debug: find_pacemaker_remote: Found kworker at 2150312
Nov 21 17:26:52 rh0dhdb00l125 sbd[2152779]: cluster: debug: find_pacemaker_remote: Found kworker at 2150313
Nov 21 17:26:52 rh0dhdb00l125 sbd[2152779]: cluster: debug: find_pacemaker_remote: Found kworker at 2150497
Nov 21 17:26:52 rh0dhdb00l125 sbd[2152779]: cluster: debug: find_pacemaker_remote: Found kworker at 2150569
Nov 21 17:26:52 rh0dhdb00l125 sbd[2152779]: cluster: debug: find_pacemaker_remote: Found kworker at 2150893
Nov 21 17:26:52 rh0dhdb00l125 sbd[2152779]: cluster: debug: find_pacemaker_remote: Found systemd-userwor at 2152069
Nov 21 17:26:52 rh0dhdb00l125 sbd[2152779]: cluster: debug: find_pacemaker_remote: Found kworker at 2152133
Nov 21 17:26:52 rh0dhdb00l125 sbd[2152779]: cluster: debug: find_pacemaker_remote: Found kworker at 2152134
Nov 21 17:26:52 rh0dhdb00l125 sbd[2152779]: cluster: debug: find_pacemaker_remote: Found kworker at 2152148
Nov 21 17:26:52 rh0dhdb00l125 sbd[2152779]: cluster: debug: find_pacemaker_remote: Found kworker at 2152699
Nov 21 17:26:52 rh0dhdb00l125 sbd[2152779]: cluster: debug: find_pacemaker_remote: Found setroubleshootd at 2152704
Nov 21 17:26:52 rh0dhdb00l125 sbd[2152779]: cluster: debug: find_pacemaker_remote: Found SetroubleshootP at 2152755
Nov 21 17:26:52 rh0dhdb00l125 sbd[2152779]: cluster: debug: find_pacemaker_remote: Found kworker at 2152765
Nov 21 17:26:52 rh0dhdb00l125 sbd[2152779]: cluster: debug: find_pacemaker_remote: Found pcs at 2152767
Nov 21 17:26:52 rh0dhdb00l125 sbd[2152779]: cluster: debug: find_pacemaker_remote: Found systemctl at 2152770
Nov 21 17:26:52 rh0dhdb00l125 sbd[2152779]: cluster: debug: find_pacemaker_remote: Found corosync at 2152771
Nov 21 17:26:52 rh0dhdb00l125 sbd[2152779]: cluster: debug: find_pacemaker_remote: Found sbd at 2152772
Nov 21 17:26:52 rh0dhdb00l125 sbd[2152779]: cluster: debug: find_pacemaker_remote: Found sbd at 2152774
Nov 21 17:26:52 rh0dhdb00l125 sbd[2152779]: cluster: debug: find_pacemaker_remote: Found sbd at 2152775
Nov 21 17:26:52 rh0dhdb00l125 sbd[2152779]: cluster: debug: find_pacemaker_remote: Found sbd at 2152776
Nov 21 17:26:52 rh0dhdb00l125 sbd[2152779]: cluster: debug: find_pacemaker_remote: Found sbd at 2152777
Nov 21 17:26:52 rh0dhdb00l125 sbd[2152779]: cluster: debug: find_pacemaker_remote: Found sbd at 2152778
Nov 21 17:26:52 rh0dhdb00l125 sbd[2152779]: cluster: debug: find_pacemaker_remote: Found sbd at 2152779
Nov 21 17:26:52 rh0dhdb00l125 sbd[2152779]: cluster: debug: find_pacemaker_remote: Found pmdahacluster at 2330860
Nov 21 17:26:52 rh0dhdb00l125 sbd[2152779]: cluster: debug: find_pacemaker_remote: Found bash at 2927300
Nov 21 17:26:52 rh0dhdb00l125 sbd[2152779]: cluster: debug: find_pacemaker_remote: Found gc_linux_servic at 2927301
Nov 21 17:26:52 rh0dhdb00l125 sbd[2152779]: cluster: debug: find_pacemaker_remote: Found mdsdmgr at 2928589
Nov 21 17:26:52 rh0dhdb00l125 sbd[2152779]: cluster: debug: find_pacemaker_remote: Found amacoreagent at 2928725
Nov 21 17:26:52 rh0dhdb00l125 sbd[2152779]: cluster: debug: find_pacemaker_remote: Found rsyslogd at 2937297
Nov 21 17:26:52 rh0dhdb00l125 sbd[2152779]: cluster: debug: find_pacemaker_remote: Found mdsd at 2939106
Nov 21 17:26:52 rh0dhdb00l125 sbd[2152779]: cluster: debug: find_pacemaker_remote: Found azsecmond at 2941896
Nov 21 17:26:52 rh0dhdb00l125 sbd[2152779]: cluster: debug: find_pacemaker_remote: Found azsecd at 2942716
Nov 21 17:26:52 rh0dhdb00l125 sbd[2152779]: cluster: debug: find_pacemaker_remote: Found sudo at 2942746
Nov 21 17:26:52 rh0dhdb00l125 sbd[2152779]: cluster: debug: find_pacemaker_remote: Found systemd at 2942752
Nov 21 17:26:52 rh0dhdb00l125 sbd[2152779]: cluster: debug: find_pacemaker_remote: Found azsecd at 2942763
Nov 21 17:26:52 rh0dhdb00l125 sbd[2152779]: cluster: debug: find_pacemaker_remote: Found azsecagenttampe at 2942773
Nov 21 17:26:52 rh0dhdb00l125 sbd[2152779]: cluster: info: sbd_membership_connect: Failed, retrying in 1s
Nov 21 17:26:52 rh0dhdb00l125 sbd[2152775]: /dev/disk/by-id/scsi-3600140568f22b8820e6462d8ed2d256e: info: servant_md: Device /dev/disk/by-id/scsi-3600140568f22b8820e6462d8ed2d256e uuid: 3fc1f9d7-3af2-4592-8e45-c98897e67d51
Nov 21 17:26:52 rh0dhdb00l125 sbd[2152775]: /dev/disk/by-id/scsi-3600140568f22b8820e6462d8ed2d256e: info: slot_lookup: rh0dhdb00l125 owns slot 0
Nov 21 17:26:52 rh0dhdb00l125 sbd[2152775]: /dev/disk/by-id/scsi-3600140568f22b8820e6462d8ed2d256e: notice: servant_md: Monitoring slot 0 on disk /dev/disk/by-id/scsi-3600140568f22b8820e6462d8ed2d256e
Nov 21 17:26:52 rh0dhdb00l125 sbd[2152775]: /dev/disk/by-id/scsi-3600140568f22b8820e6462d8ed2d256e: info: servant_md: First servant start - zeroing inbox
Nov 21 17:26:53 rh0dhdb00l125 sbd[2152778]: pcmk: debug: pcmk__connect_ipc: Attempting connection to launcher (up to 2 times)
Nov 21 17:26:53 rh0dhdb00l125 sbd[2152778]: pcmk: debug: pcmk__add_mainloop_ipc: Connection to pacemakerd failed: Connection refused
Nov 21 17:26:53 rh0dhdb00l125 sbd[2152778]: pcmk: error: pcmk_connect_ipc: Connection to launcher failed: Connection refused
Nov 21 17:26:53 rh0dhdb00l125 sbd[2152778]: pcmk: debug: servant_pcmk: Could not connect to pacemakerd: Connection refused
Nov 21 17:26:53 rh0dhdb00l125 sbd[2152776]: /dev/disk/by-id/scsi-36001405aed93b0201c940629159f2230: debug: servant_md: Latency: 1s on disk /dev/disk/by-id/scsi-36001405aed93b0201c940629159f2230
Nov 21 17:26:53 rh0dhdb00l125 sbd[2152777]: /dev/disk/by-id/scsi-3600140544c9ccfd0f134917b0d547ed6: debug: servant_md: Latency: 1s on disk /dev/disk/by-id/scsi-3600140544c9ccfd0f134917b0d547ed6
Nov 21 17:26:53 rh0dhdb00l125 sbd[2152774]: debug: inquisitor_child: Decoupling
Nov 21 17:26:53 rh0dhdb00l125 sbd[2152774]: notice: watchdog_init: Using watchdog device '/dev/watchdog'
Nov 21 17:26:53 rh0dhdb00l125 sbd[2152774]: info: watchdog_init: Set watchdog timeout to 60 seconds.
Nov 21 17:26:53 rh0dhdb00l125 systemd[1]: Started sbd.service - Shared-storage based fencing daemon.
Nov 21 17:26:53 rh0dhdb00l125 sbd[2152779]: cluster: debug: pcmk_get_cluster_layer: Testing with Corosync
Nov 21 17:26:53 rh0dhdb00l125 sbd[2152779]: cluster: debug: qb_rb_open_2: shm size:1048589; real_size:1052672; rb->word_size:263168
Nov 21 17:26:53 rh0dhdb00l125 sbd[2152779]: cluster: debug: qb_rb_open_2: shm size:1048589; real_size:1052672; rb->word_size:263168
Nov 21 17:26:53 rh0dhdb00l125 sbd[2152779]: cluster: debug: qb_rb_open_2: shm size:1048589; real_size:1052672; rb->word_size:263168
Nov 21 17:26:53 rh0dhdb00l125 sbd[2152779]: cluster: debug: qb_ipcc_disconnect: qb_ipcc_disconnect()
Nov 21 17:26:53 rh0dhdb00l125 sbd[2152779]: cluster: debug: qb_rb_close_helper: Closing ringbuffer: /dev/shm/qb-2152771-2152779-30-AowO4v/qb-request-cmap-header
Nov 21 17:26:53 rh0dhdb00l125 sbd[2152779]: cluster: debug: qb_rb_close_helper: Closing ringbuffer: /dev/shm/qb-2152771-2152779-30-AowO4v/qb-response-cmap-header
Nov 21 17:26:53 rh0dhdb00l125 sbd[2152779]: cluster: debug: qb_rb_close_helper: Closing ringbuffer: /dev/shm/qb-2152771-2152779-30-AowO4v/qb-event-cmap-header
Nov 21 17:26:53 rh0dhdb00l125 sbd[2152779]: cluster: info: pcmk_get_cluster_layer: Detected an active 'corosync' cluster
Nov 21 17:26:53 rh0dhdb00l125 sbd[2152779]: cluster: info: sbd_membership_connect: Attempting connection to corosync
Nov 21 17:26:53 rh0dhdb00l125 sbd[2152779]: cluster: debug: qb_rb_open_2: shm size:1048589; real_size:1052672; rb->word_size:263168
Nov 21 17:26:53 rh0dhdb00l125 sbd[2152779]: cluster: debug: qb_rb_open_2: shm size:1048589; real_size:1052672; rb->word_size:263168
Nov 21 17:26:53 rh0dhdb00l125 sbd[2152779]: cluster: debug: qb_rb_open_2: shm size:1048589; real_size:1052672; rb->word_size:263168
Nov 21 17:26:53 rh0dhdb00l125 sbd[2152779]: cluster: notice: verify_against_cmap_config: Corosync is in 2Node-mode
Nov 21 17:26:53 rh0dhdb00l125 sbd[2152779]: cluster: info: verify_against_cmap_config: quorum.device.model not present in cmap
Nov 21 17:26:53 rh0dhdb00l125 sbd[2152779]: cluster: info: verify_against_cmap_config: quorum.device.sync_timeout not present in cmap
Nov 21 17:26:53 rh0dhdb00l125 sbd[2152779]: cluster: notice: pcmk_cluster_connect: Connecting to corosync cluster layer
Nov 21 17:26:53 rh0dhdb00l125 sbd[2152779]: cluster: debug: crm_update_callsites: Enabling callsites based on priority=6, files=(null), functions=(null), formats=(null), tags=(null)
Nov 21 17:26:53 rh0dhdb00l125 sbd[2152779]: cluster: error: log_assertion_as: pcmk__server_message_type: Triggered fatal assertion at servers.c:164 : (server > 0) && (server < PCMK__NELEM(server_info))
Nov 21 17:26:53 rh0dhdb00l125 sbd[2152775]: /dev/disk/by-id/scsi-3600140568f22b8820e6462d8ed2d256e: debug: servant_md: Latency: 1s on disk /dev/disk/by-id/scsi-3600140568f22b8820e6462d8ed2d256e
Nov 21 17:26:53 rh0dhdb00l125 sbd[2152779]: cluster: notice: update_peer_state_iter: Node rh0dhdb00l125 state is now member | nodeid=2 previous=unknown source=crm_update_peer_proc
Nov 21 17:26:53 rh0dhdb00l125 sbd[2152774]: notice: inquisitor_child: Servant cluster is healthy (age: 0)
Nov 21 17:26:54 rh0dhdb00l125 sbd[2152778]: pcmk: debug: pcmk__connect_ipc: Attempting connection to launcher (up to 2 times)
Nov 21 17:26:54 rh0dhdb00l125 sbd[2152778]: pcmk: debug: qb_rb_open_2: shm size:131085; real_size:135168; rb->word_size:33792
Nov 21 17:26:54 rh0dhdb00l125 sbd[2152778]: pcmk: debug: qb_rb_open_2: shm size:131085; real_size:135168; rb->word_size:33792
Nov 21 17:26:54 rh0dhdb00l125 sbd[2152778]: pcmk: debug: qb_rb_open_2: shm size:131085; real_size:135168; rb->word_size:33792
Nov 21 17:26:54 rh0dhdb00l125 sbd[2152778]: pcmk: debug: connect_with_main_loop: Connected to launcher IPC (attached to main loop)
Nov 21 17:26:54 rh0dhdb00l125 sbd[2152778]: pcmk: warning: notify_parent: Notifying parent: UNHEALTHY (0)
Nov 21 17:26:54 rh0dhdb00l125 sbd[2152778]: pcmk: warning: pcmk__load_schemas_from_dir: Could not load schemas from /var/lib/pacemaker/schemas: No such file or directory
Nov 21 17:26:54 rh0dhdb00l125 sbd[2152778]: pcmk: debug: pcmk__schema_init: Loaded schema 0: pacemaker-1.0
Nov 21 17:26:54 rh0dhdb00l125 sbd[2152778]: pcmk: debug: pcmk__schema_init: Loaded schema 1: pacemaker-1.2
Nov 21 17:26:54 rh0dhdb00l125 sbd[2152778]: pcmk: debug: pcmk__schema_init: Loaded schema 2: pacemaker-1.3
Nov 21 17:26:54 rh0dhdb00l125 sbd[2152778]: pcmk: debug: pcmk__schema_init: Loaded schema 3: pacemaker-2.0
Nov 21 17:26:54 rh0dhdb00l125 sbd[2152778]: pcmk: debug: pcmk__schema_init: Loaded schema 4: pacemaker-2.1
Nov 21 17:26:54 rh0dhdb00l125 sbd[2152778]: pcmk: debug: pcmk__schema_init: Loaded schema 5: pacemaker-2.2
Nov 21 17:26:54 rh0dhdb00l125 sbd[2152778]: pcmk: debug: pcmk__schema_init: Loaded schema 6: pacemaker-2.3
Nov 21 17:26:54 rh0dhdb00l125 sbd[2152778]: pcmk: debug: pcmk__schema_init: Loaded schema 7: pacemaker-2.4
Nov 21 17:26:54 rh0dhdb00l125 sbd[2152778]: pcmk: debug: pcmk__schema_init: Loaded schema 8: pacemaker-2.5
Nov 21 17:26:54 rh0dhdb00l125 sbd[2152778]: pcmk: debug: pcmk__schema_init: Loaded schema 9: pacemaker-2.6
Nov 21 17:26:54 rh0dhdb00l125 sbd[2152778]: pcmk: debug: pcmk__schema_init: Loaded schema 10: pacemaker-2.7
Nov 21 17:26:54 rh0dhdb00l125 sbd[2152778]: pcmk: debug: pcmk__schema_init: Loaded schema 11: pacemaker-2.8
Nov 21 17:26:54 rh0dhdb00l125 sbd[2152778]: pcmk: debug: pcmk__schema_init: Loaded schema 12: pacemaker-2.9
Nov 21 17:26:54 rh0dhdb00l125 sbd[2152778]: pcmk: debug: pcmk__schema_init: Loaded schema 13: pacemaker-2.10
Nov 21 17:26:54 rh0dhdb00l125 sbd[2152778]: pcmk: debug: pcmk__schema_init: Loaded schema 14: pacemaker-3.0
Nov 21 17:26:54 rh0dhdb00l125 sbd[2152778]: pcmk: debug: pcmk__schema_init: Loaded schema 15: pacemaker-3.1
Nov 21 17:26:54 rh0dhdb00l125 sbd[2152778]: pcmk: debug: pcmk__schema_init: Loaded schema 16: pacemaker-3.2
Nov 21 17:26:54 rh0dhdb00l125 sbd[2152778]: pcmk: debug: pcmk__schema_init: Loaded schema 17: pacemaker-3.3
Nov 21 17:26:54 rh0dhdb00l125 sbd[2152778]: pcmk: debug: pcmk__schema_init: Loaded schema 18: pacemaker-3.4
Nov 21 17:26:54 rh0dhdb00l125 sbd[2152778]: pcmk: debug: pcmk__schema_init: Loaded schema 19: pacemaker-3.5
Nov 21 17:26:54 rh0dhdb00l125 sbd[2152778]: pcmk: debug: pcmk__schema_init: Loaded schema 20: pacemaker-3.6
Nov 21 17:26:54 rh0dhdb00l125 sbd[2152778]: pcmk: debug: pcmk__schema_init: Loaded schema 21: pacemaker-3.7
Nov 21 17:26:54 rh0dhdb00l125 sbd[2152778]: pcmk: debug: pcmk__schema_init: Loaded schema 22: pacemaker-3.8
Nov 21 17:26:54 rh0dhdb00l125 sbd[2152778]: pcmk: debug: pcmk__schema_init: Loaded schema 23: pacemaker-3.9
Nov 21 17:26:54 rh0dhdb00l125 sbd[2152778]: pcmk: debug: pcmk__schema_init: Loaded schema 24: pacemaker-3.10
Nov 21 17:26:54 rh0dhdb00l125 sbd[2152778]: pcmk: debug: pcmk__schema_init: Loaded schema 25: pacemaker-4.0
Nov 21 17:26:54 rh0dhdb00l125 sbd[2152778]: pcmk: debug: pcmk__schema_init: Loaded schema 26: none
Nov 21 17:26:54 rh0dhdb00l125 sbd[2152778]: pcmk: debug: pcmk__add_mainloop_ipc: Connection to cib_ro failed: Connection refused
Nov 21 17:26:54 rh0dhdb00l125 sbd[2152778]: pcmk: info: cib_native_signon: Could not connect to CIB manager for sbd:pcmk
Nov 21 17:26:54 rh0dhdb00l125 sbd[2152778]: pcmk: info: cib_native_signon: Connection to CIB manager for sbd:pcmk failed: Transport endpoint is not connected
Nov 21 17:26:54 rh0dhdb00l125 sbd[2152778]: pcmk: debug: cib_native_signoff: Disconnecting from the CIB manager
Nov 21 17:26:54 rh0dhdb00l125 sbd[2152776]: /dev/disk/by-id/scsi-36001405aed93b0201c940629159f2230: debug: servant_md: Latency: 1s on disk /dev/disk/by-id/scsi-36001405aed93b0201c940629159f2230
Nov 21 17:26:54 rh0dhdb00l125 sbd[2152777]: /dev/disk/by-id/scsi-3600140544c9ccfd0f134917b0d547ed6: debug: servant_md: Latency: 1s on disk /dev/disk/by-id/scsi-3600140544c9ccfd0f134917b0d547ed6
Nov 21 17:26:54 rh0dhdb00l125 sbd[2152775]: /dev/disk/by-id/scsi-3600140568f22b8820e6462d8ed2d256e: debug: servant_md: Latency: 1s on disk /dev/disk/by-id/scsi-3600140568f22b8820e6462d8ed2d256e
Nov 21 17:26:55 rh0dhdb00l125 sbd[2152778]: pcmk: debug: qb_rb_open_2: shm size:524301; real_size:528384; rb->word_size:132096
Nov 21 17:26:55 rh0dhdb00l125 sbd[2152778]: pcmk: debug: qb_rb_open_2: shm size:524301; real_size:528384; rb->word_size:132096
Nov 21 17:26:55 rh0dhdb00l125 sbd[2152778]: pcmk: debug: qb_rb_open_2: shm size:524301; real_size:528384; rb->word_size:132096
Nov 21 17:26:55 rh0dhdb00l125 sbd[2152778]: pcmk: info: cib_native_signon: Successfully connected to CIB manager for sbd:pcmk
Nov 21 17:26:55 rh0dhdb00l125 sbd[2152778]: pcmk: info: unpack_config: Watchdog-based self-fencing will be performed via SBD if fencing is required and stonith-watchdog-timeout is nonzero
Nov 21 17:26:55 rh0dhdb00l125 sbd[2152778]: pcmk: debug: unpack_config: Default fencing action timeout: 3m30s
Nov 21 17:26:55 rh0dhdb00l125 sbd[2152778]: pcmk: debug: unpack_config: STONITH of failed nodes is enabled
Nov 21 17:26:55 rh0dhdb00l125 sbd[2152778]: pcmk: debug: unpack_config: Concurrent fencing is enabled
Nov 21 17:26:55 rh0dhdb00l125 sbd[2152778]: pcmk: debug: unpack_config: Stop all active resources: false
Nov 21 17:26:55 rh0dhdb00l125 sbd[2152778]: pcmk: debug: unpack_config: Cluster is symmetric - resources can run anywhere by default
Nov 21 17:26:55 rh0dhdb00l125 sbd[2152777]: /dev/disk/by-id/scsi-3600140544c9ccfd0f134917b0d547ed6: debug: servant_md: Latency: 1s on disk /dev/disk/by-id/scsi-3600140544c9ccfd0f134917b0d547ed6
Nov 21 17:26:55 rh0dhdb00l125 sbd[2152776]: /dev/disk/by-id/scsi-36001405aed93b0201c940629159f2230: debug: servant_md: Latency: 1s on disk /dev/disk/by-id/scsi-36001405aed93b0201c940629159f2230
Nov 21 17:26:55 rh0dhdb00l125 sbd[2152778]: pcmk: debug: unpack_config: On loss of quorum: Stop ALL resources
Nov 21 17:26:55 rh0dhdb00l125 sbd[2152778]: pcmk: debug: pe__unpack_node_health_scores: Values of node health scores: red=-1000000 yellow=0 green=0
Nov 21 17:26:55 rh0dhdb00l125 sbd[2152778]: pcmk: info: set_servant_health: We don't have a DC right now.
Nov 21 17:26:55 rh0dhdb00l125 sbd[2152778]: pcmk: debug: notify_parent: Not notifying parent: state transient (2)
Nov 21 17:26:55 rh0dhdb00l125 sbd[2152778]: pcmk: debug: cib_client_del_notify_callback: The callback of the event does not exist(cib_diff_notify)
Nov 21 17:26:55 rh0dhdb00l125 sbd[2152775]: /dev/disk/by-id/scsi-3600140568f22b8820e6462d8ed2d256e: debug: servant_md: Latency: 1s on disk /dev/disk/by-id/scsi-3600140568f22b8820e6462d8ed2d256e
Nov 21 17:26:56 rh0dhdb00l125 sbd[2152777]: /dev/disk/by-id/scsi-3600140544c9ccfd0f134917b0d547ed6: debug: servant_md: Latency: 1s on disk /dev/disk/by-id/scsi-3600140544c9ccfd0f134917b0d547ed6
Nov 21 17:26:56 rh0dhdb00l125 sbd[2152776]: /dev/disk/by-id/scsi-36001405aed93b0201c940629159f2230: debug: servant_md: Latency: 1s on disk /dev/disk/by-id/scsi-36001405aed93b0201c940629159f2230
Nov 21 17:26:56 rh0dhdb00l125 sbd[2152775]: /dev/disk/by-id/scsi-3600140568f22b8820e6462d8ed2d256e: debug: servant_md: Latency: 1s on disk /dev/disk/by-id/scsi-3600140568f22b8820e6462d8ed2d256e
Nov 21 17:26:57 rh0dhdb00l125 sbd[2152778]: pcmk: debug: notify_parent: Not notifying parent: state transient (2)
Nov 21 17:26:57 rh0dhdb00l125 sbd[2152777]: /dev/disk/by-id/scsi-3600140544c9ccfd0f134917b0d547ed6: debug: servant_md: Latency: 1s on disk /dev/disk/by-id/scsi-3600140544c9ccfd0f134917b0d547ed6
Nov 21 17:26:57 rh0dhdb00l125 sbd[2152776]: /dev/disk/by-id/scsi-36001405aed93b0201c940629159f2230: debug: servant_md: Latency: 1s on disk /dev/disk/by-id/scsi-36001405aed93b0201c940629159f2230
Nov 21 17:26:57 rh0dhdb00l125 sbd[2152775]: /dev/disk/by-id/scsi-3600140568f22b8820e6462d8ed2d256e: debug: servant_md: Latency: 1s on disk /dev/disk/by-id/scsi-3600140568f22b8820e6462d8ed2d256e
Nov 21 17:26:58 rh0dhdb00l125 sbd[2152778]: pcmk: debug: notify_parent: Not notifying parent: state transient (2)
Nov 21 17:26:58 rh0dhdb00l125 sbd[2152777]: /dev/disk/by-id/scsi-3600140544c9ccfd0f134917b0d547ed6: debug: servant_md: Latency: 1s on disk /dev/disk/by-id/scsi-3600140544c9ccfd0f134917b0d547ed6
Nov 21 17:26:58 rh0dhdb00l125 sbd[2152776]: /dev/disk/by-id/scsi-36001405aed93b0201c940629159f2230: debug: servant_md: Latency: 1s on disk /dev/disk/by-id/scsi-36001405aed93b0201c940629159f2230
Nov 21 17:26:58 rh0dhdb00l125 sbd[2152775]: /dev/disk/by-id/scsi-3600140568f22b8820e6462d8ed2d256e: debug: servant_md: Latency: 1s on disk /dev/disk/by-id/scsi-3600140568f22b8820e6462d8ed2d256e
Nov 21 17:26:59 rh0dhdb00l125 sbd[2152778]: pcmk: debug: notify_parent: Not notifying parent: state transient (2)
Nov 21 17:26:59 rh0dhdb00l125 sbd[2152777]: /dev/disk/by-id/scsi-3600140544c9ccfd0f134917b0d547ed6: debug: servant_md: Latency: 1s on disk /dev/disk/by-id/scsi-3600140544c9ccfd0f134917b0d547ed6
Nov 21 17:26:59 rh0dhdb00l125 sbd[2152776]: /dev/disk/by-id/scsi-36001405aed93b0201c940629159f2230: debug: servant_md: Latency: 1s on disk /dev/disk/by-id/scsi-36001405aed93b0201c940629159f2230
Nov 21 17:26:59 rh0dhdb00l125 sbd[2152775]: /dev/disk/by-id/scsi-3600140568f22b8820e6462d8ed2d256e: debug: servant_md: Latency: 1s on disk /dev/disk/by-id/scsi-3600140568f22b8820e6462d8ed2d256e
Nov 21 17:27:00 rh0dhdb00l125 sbd[2152778]: pcmk: debug: notify_parent: Not notifying parent: state transient (2)
Nov 21 17:27:00 rh0dhdb00l125 sbd[2152777]: /dev/disk/by-id/scsi-3600140544c9ccfd0f134917b0d547ed6: debug: servant_md: Latency: 1s on disk /dev/disk/by-id/scsi-3600140544c9ccfd0f134917b0d547ed6
Nov 21 17:27:00 rh0dhdb00l125 sbd[2152776]: /dev/disk/by-id/scsi-36001405aed93b0201c940629159f2230: debug: servant_md: Latency: 1s on disk /dev/disk/by-id/scsi-36001405aed93b0201c940629159f2230
Nov 21 17:27:00 rh0dhdb00l125 sbd[2152775]: /dev/disk/by-id/scsi-3600140568f22b8820e6462d8ed2d256e: debug: servant_md: Latency: 1s on disk /dev/disk/by-id/scsi-3600140568f22b8820e6462d8ed2d256e
Nov 21 17:27:01 rh0dhdb00l125 sbd[2152778]: pcmk: debug: notify_parent: Not notifying parent: state transient (2)
Nov 21 17:27:01 rh0dhdb00l125 sbd[2152777]: /dev/disk/by-id/scsi-3600140544c9ccfd0f134917b0d547ed6: debug: servant_md: Latency: 1s on disk /dev/disk/by-id/scsi-3600140544c9ccfd0f134917b0d547ed6
Nov 21 17:27:01 rh0dhdb00l125 sbd[2152776]: /dev/disk/by-id/scsi-36001405aed93b0201c940629159f2230: debug: servant_md: Latency: 1s on disk /dev/disk/by-id/scsi-36001405aed93b0201c940629159f2230
Nov 21 17:27:01 rh0dhdb00l125 sbd[2152775]: /dev/disk/by-id/scsi-3600140568f22b8820e6462d8ed2d256e: debug: servant_md: Latency: 1s on disk /dev/disk/by-id/scsi-3600140568f22b8820e6462d8ed2d256e
Nov 21 17:27:02 rh0dhdb00l125 sbd[2152778]: pcmk: debug: notify_parent: Not notifying parent: state transient (2)
Nov 21 17:27:02 rh0dhdb00l125 sbd[2152777]: /dev/disk/by-id/scsi-3600140544c9ccfd0f134917b0d547ed6: debug: servant_md: Latency: 1s on disk /dev/disk/by-id/scsi-3600140544c9ccfd0f134917b0d547ed6
Nov 21 17:27:02 rh0dhdb00l125 sbd[2152776]: /dev/disk/by-id/scsi-36001405aed93b0201c940629159f2230: debug: servant_md: Latency: 1s on disk /dev/disk/by-id/scsi-36001405aed93b0201c940629159f2230
Nov 21 17:27:02 rh0dhdb00l125 sbd[2152775]: /dev/disk/by-id/scsi-3600140568f22b8820e6462d8ed2d256e: debug: servant_md: Latency: 1s on disk /dev/disk/by-id/scsi-3600140568f22b8820e6462d8ed2d256e