Nov 21 17:14:02 rh0dhdb00l125 systemd[1]: Starting sbd.service - Shared-storage based fencing daemon...
Nov 21 17:14:02 rh0dhdb00l125 sbd[2134645]: info: main: Verbose mode enabled.
Nov 21 17:14:02 rh0dhdb00l125 sbd[2134645]: info: main: Debug mode enabled.
Nov 21 17:14:02 rh0dhdb00l125 sbd[2134645]: info: main: Debug library mode enabled.
Nov 21 17:14:02 rh0dhdb00l125 sbd[2134645]: info: main: pidfile set to /run/sbd.pid
Nov 21 17:14:02 rh0dhdb00l125 sbd[2134645]: debug: parse_device_line: Processing 164 bytes: [/dev/disk/by-id/scsi-3600140568f22b8820e6462d8ed2d256e;/dev/disk/by-id/scsi-36001405aed93b0201c940629159f2230;/dev/disk/by-id/scsi->
Nov 21 17:14:02 rh0dhdb00l125 sbd[2134645]: debug: parse_device_line: Adding '/dev/disk/by-id/scsi-3600140568f22b8820e6462d8ed2d256e'
Nov 21 17:14:02 rh0dhdb00l125 sbd[2134645]: info: recruit_servant: Monitoring /dev/disk/by-id/scsi-3600140568f22b8820e6462d8ed2d256e
Nov 21 17:14:02 rh0dhdb00l125 sbd[2134645]: debug: parse_device_line: Adding '/dev/disk/by-id/scsi-36001405aed93b0201c940629159f2230'
Nov 21 17:14:02 rh0dhdb00l125 sbd[2134645]: info: recruit_servant: Monitoring /dev/disk/by-id/scsi-36001405aed93b0201c940629159f2230
Nov 21 17:14:02 rh0dhdb00l125 sbd[2134645]: debug: parse_device_line: Adding '/dev/disk/by-id/scsi-3600140544c9ccfd0f134917b0d547ed6'
Nov 21 17:14:02 rh0dhdb00l125 sbd[2134645]: info: recruit_servant: Monitoring /dev/disk/by-id/scsi-3600140544c9ccfd0f134917b0d547ed6
Nov 21 17:14:02 rh0dhdb00l125 sbd[2134645]: info: main: Watchdog enabled.
Nov 21 17:14:02 rh0dhdb00l125 sbd[2134645]: debug: main: Delay start (yes), (delay: 186), (delay source: SBD_DELAY_START)
Nov 21 17:17:08 rh0dhdb00l125 sbd[2134645]: info: main: Turning on pacemaker checks: 1
Nov 21 17:17:08 rh0dhdb00l125 sbd[2134645]: info: main: Turning on cluster checks: 1
Nov 21 17:17:08 rh0dhdb00l125 sbd[2134645]: notice: main: Do flush + write 'b' to sysrq in case of timeout
Nov 21 17:17:08 rh0dhdb00l125 sbd[2135693]: debug: sbd_move_to_root_cgroup: cpu.rt_runtime_us doesn't exist -> system without cgroup or with disabled CONFIG_RT_GROUP_SCHED
Nov 21 17:17:08 rh0dhdb00l125 sbd[2135693]: info: sbd_make_realtime: Scheduler policy is now SCHED_RR priority 99
Nov 21 17:17:08 rh0dhdb00l125 sbd[2135693]: info: sbd_memlock: Locked ourselves in memory
Nov 21 17:17:08 rh0dhdb00l125 sbd[2135693]: info: servant_start: Starting servant for device /dev/disk/by-id/scsi-3600140568f22b8820e6462d8ed2d256e
Nov 21 17:17:08 rh0dhdb00l125 sbd[2135693]: info: servant_start: Starting servant for device /dev/disk/by-id/scsi-36001405aed93b0201c940629159f2230
Nov 21 17:17:08 rh0dhdb00l125 sbd[2135694]: debug: sbd_move_to_root_cgroup: cpu.rt_runtime_us doesn't exist -> system without cgroup or with disabled CONFIG_RT_GROUP_SCHED
Nov 21 17:17:08 rh0dhdb00l125 sbd[2135694]: info: sbd_make_realtime: Stay with priority (99) for policy SCHED_RR
Nov 21 17:17:08 rh0dhdb00l125 sbd[2135693]: info: servant_start: Starting servant for device /dev/disk/by-id/scsi-3600140544c9ccfd0f134917b0d547ed6
Nov 21 17:17:08 rh0dhdb00l125 sbd[2135695]: debug: sbd_move_to_root_cgroup: cpu.rt_runtime_us doesn't exist -> system without cgroup or with disabled CONFIG_RT_GROUP_SCHED
Nov 21 17:17:08 rh0dhdb00l125 sbd[2135695]: info: sbd_make_realtime: Stay with priority (99) for policy SCHED_RR
Nov 21 17:17:08 rh0dhdb00l125 sbd[2135693]: info: servant_start: Starting Pacemaker servant
Nov 21 17:17:08 rh0dhdb00l125 sbd[2135696]: debug: sbd_move_to_root_cgroup: cpu.rt_runtime_us doesn't exist -> system without cgroup or with disabled CONFIG_RT_GROUP_SCHED
Nov 21 17:17:08 rh0dhdb00l125 sbd[2135696]: info: sbd_make_realtime: Stay with priority (99) for policy SCHED_RR
Nov 21 17:17:08 rh0dhdb00l125 sbd[2135693]: info: servant_start: Starting Cluster servant
Nov 21 17:17:08 rh0dhdb00l125 sbd[2135697]: debug: sbd_move_to_root_cgroup: cpu.rt_runtime_us doesn't exist -> system without cgroup or with disabled CONFIG_RT_GROUP_SCHED
Nov 21 17:17:08 rh0dhdb00l125 sbd[2135697]: info: sbd_make_realtime: Stay with priority (99) for policy SCHED_RR
Nov 21 17:17:08 rh0dhdb00l125 sbd[2135698]: debug: sbd_move_to_root_cgroup: cpu.rt_runtime_us doesn't exist -> system without cgroup or with disabled CONFIG_RT_GROUP_SCHED
Nov 21 17:17:08 rh0dhdb00l125 sbd[2135698]: info: sbd_make_realtime: Stay with priority (99) for policy SCHED_RR
Nov 21 17:17:08 rh0dhdb00l125 sbd[2135694]: info: sbd_memlock: Locked ourselves in memory
Nov 21 17:17:08 rh0dhdb00l125 sbd[2135694]: /dev/disk/by-id/scsi-3600140568f22b8820e6462d8ed2d256e: info: servant_md: Servant starting for device /dev/disk/by-id/scsi-3600140568f22b8820e6462d8ed2d256e
Nov 21 17:17:08 rh0dhdb00l125 sbd[2135695]: info: sbd_memlock: Locked ourselves in memory
Nov 21 17:17:08 rh0dhdb00l125 sbd[2135695]: /dev/disk/by-id/scsi-36001405aed93b0201c940629159f2230: info: servant_md: Servant starting for device /dev/disk/by-id/scsi-36001405aed93b0201c940629159f2230
Nov 21 17:17:08 rh0dhdb00l125 sbd[2135696]: info: sbd_memlock: Locked ourselves in memory
Nov 21 17:17:08 rh0dhdb00l125 sbd[2135696]: /dev/disk/by-id/scsi-3600140544c9ccfd0f134917b0d547ed6: info: servant_md: Servant starting for device /dev/disk/by-id/scsi-3600140544c9ccfd0f134917b0d547ed6
Nov 21 17:17:08 rh0dhdb00l125 sbd[2135694]: /dev/disk/by-id/scsi-3600140568f22b8820e6462d8ed2d256e: info: servant_md: Device /dev/disk/by-id/scsi-3600140568f22b8820e6462d8ed2d256e uuid: 3fc1f9d7-3af2-4592-8e45-c98897e67d51
Nov 21 17:17:08 rh0dhdb00l125 sbd[2135695]: /dev/disk/by-id/scsi-36001405aed93b0201c940629159f2230: info: servant_md: Device /dev/disk/by-id/scsi-36001405aed93b0201c940629159f2230 uuid: 606c9cf0-900b-4eb8-95d9-9a2e933a7250
Nov 21 17:17:08 rh0dhdb00l125 sbd[2135697]: info: sbd_memlock: Locked ourselves in memory
Nov 21 17:17:08 rh0dhdb00l125 sbd[2135696]: /dev/disk/by-id/scsi-3600140544c9ccfd0f134917b0d547ed6: info: servant_md: Device /dev/disk/by-id/scsi-3600140544c9ccfd0f134917b0d547ed6 uuid: 6003d801-8249-4361-acd1-ccd04cd51624
Nov 21 17:17:08 rh0dhdb00l125 sbd[2135697]: pcmk: notice: servant_pcmk: Monitoring Pacemaker health
Nov 21 17:17:08 rh0dhdb00l125 sbd[2135697]: pcmk: debug: pcmk__ipc_buffer_size: Using IPC buffer size 131072 from default (not 0)
Nov 21 17:17:08 rh0dhdb00l125 sbd[2135694]: /dev/disk/by-id/scsi-3600140568f22b8820e6462d8ed2d256e: info: slot_lookup: rh0dhdb00l125 owns slot 0
Nov 21 17:17:08 rh0dhdb00l125 sbd[2135697]: pcmk: debug: pcmk__connect_ipc: Attempting connection to launcher (up to 2 times)
Nov 21 17:17:08 rh0dhdb00l125 sbd[2135697]: pcmk: debug: pcmk__add_mainloop_ipc: Connection to pacemakerd failed: Connection refused
Nov 21 17:17:08 rh0dhdb00l125 sbd[2135697]: pcmk: error: pcmk_connect_ipc: Connection to launcher failed: Connection refused
Nov 21 17:17:08 rh0dhdb00l125 sbd[2135697]: pcmk: debug: servant_pcmk: Could not connect to pacemakerd: Connection refused
Nov 21 17:17:08 rh0dhdb00l125 sbd[2135695]: /dev/disk/by-id/scsi-36001405aed93b0201c940629159f2230: info: slot_lookup: rh0dhdb00l125 owns slot 0
Nov 21 17:17:08 rh0dhdb00l125 sbd[2135698]: info: sbd_memlock: Locked ourselves in memory
Nov 21 17:17:08 rh0dhdb00l125 sbd[2135698]: cluster: debug: pcmk_get_cluster_layer: Testing with Corosync
Nov 21 17:17:08 rh0dhdb00l125 sbd[2135694]: /dev/disk/by-id/scsi-3600140568f22b8820e6462d8ed2d256e: notice: servant_md: Monitoring slot 0 on disk /dev/disk/by-id/scsi-3600140568f22b8820e6462d8ed2d256e
Nov 21 17:17:08 rh0dhdb00l125 sbd[2135694]: /dev/disk/by-id/scsi-3600140568f22b8820e6462d8ed2d256e: info: servant_md: First servant start - zeroing inbox
Nov 21 17:17:08 rh0dhdb00l125 sbd[2135695]: /dev/disk/by-id/scsi-36001405aed93b0201c940629159f2230: notice: servant_md: Monitoring slot 0 on disk /dev/disk/by-id/scsi-36001405aed93b0201c940629159f2230
Nov 21 17:17:08 rh0dhdb00l125 sbd[2135695]: /dev/disk/by-id/scsi-36001405aed93b0201c940629159f2230: info: servant_md: First servant start - zeroing inbox
Nov 21 17:17:08 rh0dhdb00l125 sbd[2135696]: /dev/disk/by-id/scsi-3600140544c9ccfd0f134917b0d547ed6: info: slot_lookup: rh0dhdb00l125 owns slot 0
Nov 21 17:17:08 rh0dhdb00l125 sbd[2135696]: /dev/disk/by-id/scsi-3600140544c9ccfd0f134917b0d547ed6: notice: servant_md: Monitoring slot 0 on disk /dev/disk/by-id/scsi-3600140544c9ccfd0f134917b0d547ed6
Nov 21 17:17:08 rh0dhdb00l125 sbd[2135696]: /dev/disk/by-id/scsi-3600140544c9ccfd0f134917b0d547ed6: info: servant_md: First servant start - zeroing inbox
Nov 21 17:17:08 rh0dhdb00l125 sbd[2135698]: cluster: debug: qb_rb_open_2: shm size:1048589; real_size:1052672; rb->word_size:263168
Nov 21 17:17:08 rh0dhdb00l125 sbd[2135698]: cluster: debug: qb_rb_open_2: shm size:1048589; real_size:1052672; rb->word_size:263168
Nov 21 17:17:08 rh0dhdb00l125 sbd[2135698]: cluster: debug: qb_rb_open_2: shm size:1048589; real_size:1052672; rb->word_size:263168
Nov 21 17:17:08 rh0dhdb00l125 sbd[2135698]: cluster: debug: qb_ipcc_disconnect: qb_ipcc_disconnect()
Nov 21 17:17:08 rh0dhdb00l125 sbd[2135698]: cluster: debug: qb_rb_close_helper: Closing ringbuffer: /dev/shm/qb-2134644-2135698-30-dxeLT9/qb-request-cmap-header
Nov 21 17:17:08 rh0dhdb00l125 sbd[2135698]: cluster: debug: qb_rb_close_helper: Closing ringbuffer: /dev/shm/qb-2134644-2135698-30-dxeLT9/qb-response-cmap-header
Nov 21 17:17:08 rh0dhdb00l125 sbd[2135698]: cluster: debug: qb_rb_close_helper: Closing ringbuffer: /dev/shm/qb-2134644-2135698-30-dxeLT9/qb-event-cmap-header
Nov 21 17:17:08 rh0dhdb00l125 sbd[2135698]: cluster: info: pcmk_get_cluster_layer: Detected an active 'corosync' cluster
Nov 21 17:17:08 rh0dhdb00l125 sbd[2135698]: cluster: notice: servant_cluster: Monitoring corosync cluster health
Nov 21 17:17:08 rh0dhdb00l125 sbd[2135698]: cluster: info: sbd_membership_connect: Attempting cluster connection
Nov 21 17:17:08 rh0dhdb00l125 sbd[2135698]: cluster: info: sbd_membership_connect: Attempting connection to corosync
Nov 21 17:17:08 rh0dhdb00l125 sbd[2135698]: cluster: debug: qb_rb_open_2: shm size:1048589; real_size:1052672; rb->word_size:263168
Nov 21 17:17:08 rh0dhdb00l125 sbd[2135698]: cluster: debug: qb_rb_open_2: shm size:1048589; real_size:1052672; rb->word_size:263168
Nov 21 17:17:08 rh0dhdb00l125 sbd[2135698]: cluster: debug: qb_rb_open_2: shm size:1048589; real_size:1052672; rb->word_size:263168
Nov 21 17:17:08 rh0dhdb00l125 sbd[2135698]: cluster: notice: verify_against_cmap_config: Corosync is in 2Node-mode
Nov 21 17:17:08 rh0dhdb00l125 sbd[2135698]: cluster: info: verify_against_cmap_config: quorum.device.model not present in cmap
Nov 21 17:17:08 rh0dhdb00l125 sbd[2135698]: cluster: info: verify_against_cmap_config: quorum.device.sync_timeout not present in cmap
Nov 21 17:17:08 rh0dhdb00l125 sbd[2135698]: cluster: notice: pcmk_cluster_connect: Connecting to corosync cluster layer
Nov 21 17:17:08 rh0dhdb00l125 sbd[2135698]: cluster: debug: crm_update_callsites: Enabling callsites based on priority=6, files=(null), functions=(null), formats=(null), tags=(null)
Nov 21 17:17:08 rh0dhdb00l125 sbd[2135698]: cluster: error: log_assertion_as: pcmk__server_message_type: Triggered fatal assertion at servers.c:164 : (server > 0) && (server < PCMK__NELEM(server_info))
Nov 21 17:17:08 rh0dhdb00l125 sbd[2135698]: cluster: notice: update_peer_state_iter: Node rh0dhdb00l125 state is now member | nodeid=2 previous=unknown source=crm_update_peer_proc
Nov 21 17:17:08 rh0dhdb00l125 sbd[2135693]: notice: inquisitor_child: Servant cluster is healthy (age: 0)
Nov 21 17:17:09 rh0dhdb00l125 sbd[2135697]: pcmk: debug: pcmk__connect_ipc: Attempting connection to launcher (up to 2 times)
Nov 21 17:17:09 rh0dhdb00l125 sbd[2135697]: pcmk: debug: pcmk__add_mainloop_ipc: Connection to pacemakerd failed: Connection refused
Nov 21 17:17:09 rh0dhdb00l125 sbd[2135697]: pcmk: error: pcmk_connect_ipc: Connection to launcher failed: Connection refused
Nov 21 17:17:09 rh0dhdb00l125 sbd[2135697]: pcmk: debug: servant_pcmk: Could not connect to pacemakerd: Connection refused
Nov 21 17:17:09 rh0dhdb00l125 sbd[2135694]: /dev/disk/by-id/scsi-3600140568f22b8820e6462d8ed2d256e: debug: servant_md: Latency: 1s on disk /dev/disk/by-id/scsi-3600140568f22b8820e6462d8ed2d256e
Nov 21 17:17:09 rh0dhdb00l125 sbd[2135696]: /dev/disk/by-id/scsi-3600140544c9ccfd0f134917b0d547ed6: debug: servant_md: Latency: 1s on disk /dev/disk/by-id/scsi-3600140544c9ccfd0f134917b0d547ed6
Nov 21 17:17:09 rh0dhdb00l125 sbd[2135693]: debug: inquisitor_child: Decoupling
Nov 21 17:17:09 rh0dhdb00l125 sbd[2135693]: notice: watchdog_init: Using watchdog device '/dev/watchdog'
Nov 21 17:17:09 rh0dhdb00l125 sbd[2135693]: info: watchdog_init: Set watchdog timeout to 60 seconds.
Nov 21 17:17:09 rh0dhdb00l125 sbd[2135695]: /dev/disk/by-id/scsi-36001405aed93b0201c940629159f2230: debug: servant_md: Latency: 1s on disk /dev/disk/by-id/scsi-36001405aed93b0201c940629159f2230
Nov 21 17:17:09 rh0dhdb00l125 systemd[1]: Started sbd.service - Shared-storage based fencing daemon.
Nov 21 17:17:10 rh0dhdb00l125 sbd[2135697]: pcmk: debug: pcmk__connect_ipc: Attempting connection to launcher (up to 2 times)
Nov 21 17:17:10 rh0dhdb00l125 sbd[2135697]: pcmk: debug: qb_rb_open_2: shm size:131085; real_size:135168; rb->word_size:33792
Nov 21 17:17:10 rh0dhdb00l125 sbd[2135697]: pcmk: debug: qb_rb_open_2: shm size:131085; real_size:135168; rb->word_size:33792
Nov 21 17:17:10 rh0dhdb00l125 sbd[2135697]: pcmk: debug: qb_rb_open_2: shm size:131085; real_size:135168; rb->word_size:33792
Nov 21 17:17:10 rh0dhdb00l125 sbd[2135697]: pcmk: debug: connect_with_main_loop: Connected to launcher IPC (attached to main loop)
Nov 21 17:17:10 rh0dhdb00l125 sbd[2135697]: pcmk: warning: notify_parent: Notifying parent: UNHEALTHY (0)
Nov 21 17:17:10 rh0dhdb00l125 sbd[2135697]: pcmk: warning: pcmk__load_schemas_from_dir: Could not load schemas from /var/lib/pacemaker/schemas: No such file or directory
Nov 21 17:17:10 rh0dhdb00l125 sbd[2135697]: pcmk: debug: pcmk__schema_init: Loaded schema 0: pacemaker-1.0
Nov 21 17:17:10 rh0dhdb00l125 sbd[2135697]: pcmk: debug: pcmk__schema_init: Loaded schema 1: pacemaker-1.2
Nov 21 17:17:10 rh0dhdb00l125 sbd[2135697]: pcmk: debug: pcmk__schema_init: Loaded schema 2: pacemaker-1.3
Nov 21 17:17:10 rh0dhdb00l125 sbd[2135697]: pcmk: debug: pcmk__schema_init: Loaded schema 3: pacemaker-2.0
Nov 21 17:17:10 rh0dhdb00l125 sbd[2135697]: pcmk: debug: pcmk__schema_init: Loaded schema 4: pacemaker-2.1
Nov 21 17:17:10 rh0dhdb00l125 sbd[2135697]: pcmk: debug: pcmk__schema_init: Loaded schema 5: pacemaker-2.2
Nov 21 17:17:10 rh0dhdb00l125 sbd[2135697]: pcmk: debug: pcmk__schema_init: Loaded schema 6: pacemaker-2.3
Nov 21 17:17:10 rh0dhdb00l125 sbd[2135697]: pcmk: debug: pcmk__schema_init: Loaded schema 7: pacemaker-2.4
Nov 21 17:17:10 rh0dhdb00l125 sbd[2135697]: pcmk: debug: pcmk__schema_init: Loaded schema 8: pacemaker-2.5
Nov 21 17:17:10 rh0dhdb00l125 sbd[2135697]: pcmk: debug: pcmk__schema_init: Loaded schema 9: pacemaker-2.6
Nov 21 17:17:10 rh0dhdb00l125 sbd[2135697]: pcmk: debug: pcmk__schema_init: Loaded schema 10: pacemaker-2.7
Nov 21 17:17:10 rh0dhdb00l125 sbd[2135697]: pcmk: debug: pcmk__schema_init: Loaded schema 11: pacemaker-2.8
Nov 21 17:17:10 rh0dhdb00l125 sbd[2135697]: pcmk: debug: pcmk__schema_init: Loaded schema 12: pacemaker-2.9
Nov 21 17:17:10 rh0dhdb00l125 sbd[2135697]: pcmk: debug: pcmk__schema_init: Loaded schema 13: pacemaker-2.10
Nov 21 17:17:10 rh0dhdb00l125 sbd[2135697]: pcmk: debug: pcmk__schema_init: Loaded schema 14: pacemaker-3.0
Nov 21 17:17:10 rh0dhdb00l125 sbd[2135697]: pcmk: debug: pcmk__schema_init: Loaded schema 15: pacemaker-3.1
Nov 21 17:17:10 rh0dhdb00l125 sbd[2135697]: pcmk: debug: pcmk__schema_init: Loaded schema 16: pacemaker-3.2
Nov 21 17:17:10 rh0dhdb00l125 sbd[2135697]: pcmk: debug: pcmk__schema_init: Loaded schema 17: pacemaker-3.3
Nov 21 17:17:10 rh0dhdb00l125 sbd[2135697]: pcmk: debug: pcmk__schema_init: Loaded schema 18: pacemaker-3.4
Nov 21 17:17:10 rh0dhdb00l125 sbd[2135697]: pcmk: debug: pcmk__schema_init: Loaded schema 19: pacemaker-3.5
Nov 21 17:17:10 rh0dhdb00l125 sbd[2135697]: pcmk: debug: pcmk__schema_init: Loaded schema 20: pacemaker-3.6
Nov 21 17:17:10 rh0dhdb00l125 sbd[2135697]: pcmk: debug: pcmk__schema_init: Loaded schema 21: pacemaker-3.7
Nov 21 17:17:10 rh0dhdb00l125 sbd[2135697]: pcmk: debug: pcmk__schema_init: Loaded schema 22: pacemaker-3.8
Nov 21 17:17:10 rh0dhdb00l125 sbd[2135697]: pcmk: debug: pcmk__schema_init: Loaded schema 23: pacemaker-3.9
Nov 21 17:17:10 rh0dhdb00l125 sbd[2135697]: pcmk: debug: pcmk__schema_init: Loaded schema 24: pacemaker-3.10
Nov 21 17:17:10 rh0dhdb00l125 sbd[2135697]: pcmk: debug: pcmk__schema_init: Loaded schema 25: pacemaker-4.0
Nov 21 17:17:10 rh0dhdb00l125 sbd[2135697]: pcmk: debug: pcmk__schema_init: Loaded schema 26: none
Nov 21 17:17:10 rh0dhdb00l125 sbd[2135697]: pcmk: debug: pcmk__add_mainloop_ipc: Connection to cib_ro failed: Connection refused
Nov 21 17:17:10 rh0dhdb00l125 sbd[2135697]: pcmk: info: cib_native_signon: Could not connect to CIB manager for sbd:pcmk
Nov 21 17:17:10 rh0dhdb00l125 sbd[2135697]: pcmk: info: cib_native_signon: Connection to CIB manager for sbd:pcmk failed: Transport endpoint is not connected
Nov 21 17:17:10 rh0dhdb00l125 sbd[2135697]: pcmk: debug: cib_native_signoff: Disconnecting from the CIB manager
Nov 21 17:17:10 rh0dhdb00l125 sbd[2135694]: /dev/disk/by-id/scsi-3600140568f22b8820e6462d8ed2d256e: debug: servant_md: Latency: 1s on disk /dev/disk/by-id/scsi-3600140568f22b8820e6462d8ed2d256e
Nov 21 17:17:10 rh0dhdb00l125 sbd[2135696]: /dev/disk/by-id/scsi-3600140544c9ccfd0f134917b0d547ed6: debug: servant_md: Latency: 1s on disk /dev/disk/by-id/scsi-3600140544c9ccfd0f134917b0d547ed6
Nov 21 17:17:10 rh0dhdb00l125 sbd[2135695]: /dev/disk/by-id/scsi-36001405aed93b0201c940629159f2230: debug: servant_md: Latency: 1s on disk /dev/disk/by-id/scsi-36001405aed93b0201c940629159f2230
Nov 21 17:17:11 rh0dhdb00l125 sbd[2135694]: /dev/disk/by-id/scsi-3600140568f22b8820e6462d8ed2d256e: debug: servant_md: Latency: 1s on disk /dev/disk/by-id/scsi-3600140568f22b8820e6462d8ed2d256e
Nov 21 17:17:11 rh0dhdb00l125 sbd[2135696]: /dev/disk/by-id/scsi-3600140544c9ccfd0f134917b0d547ed6: debug: servant_md: Latency: 1s on disk /dev/disk/by-id/scsi-3600140544c9ccfd0f134917b0d547ed6
Nov 21 17:17:11 rh0dhdb00l125 sbd[2135695]: /dev/disk/by-id/scsi-36001405aed93b0201c940629159f2230: debug: servant_md: Latency: 1s on disk /dev/disk/by-id/scsi-36001405aed93b0201c940629159f2230
Nov 21 17:17:11 rh0dhdb00l125 sbd[2135697]: pcmk: debug: qb_rb_open_2: shm size:524301; real_size:528384; rb->word_size:132096
Nov 21 17:17:11 rh0dhdb00l125 sbd[2135697]: pcmk: debug: qb_rb_open_2: shm size:524301; real_size:528384; rb->word_size:132096
Nov 21 17:17:11 rh0dhdb00l125 sbd[2135697]: pcmk: debug: qb_rb_open_2: shm size:524301; real_size:528384; rb->word_size:132096
Nov 21 17:17:11 rh0dhdb00l125 sbd[2135697]: pcmk: info: cib_native_signon: Successfully connected to CIB manager for sbd:pcmk
Nov 21 17:17:11 rh0dhdb00l125 sbd[2135697]: pcmk: info: unpack_config: Watchdog-based self-fencing will be performed via SBD if fencing is required and stonith-watchdog-timeout is nonzero
Nov 21 17:17:11 rh0dhdb00l125 sbd[2135697]: pcmk: debug: unpack_config: Default fencing action timeout: 3m30s
Nov 21 17:17:11 rh0dhdb00l125 sbd[2135697]: pcmk: debug: unpack_config: STONITH of failed nodes is enabled
Nov 21 17:17:11 rh0dhdb00l125 sbd[2135697]: pcmk: debug: unpack_config: Concurrent fencing is enabled
Nov 21 17:17:11 rh0dhdb00l125 sbd[2135697]: pcmk: debug: unpack_config: Stop all active resources: false
Nov 21 17:17:11 rh0dhdb00l125 sbd[2135697]: pcmk: debug: unpack_config: Cluster is symmetric - resources can run anywhere by default
Nov 21 17:17:11 rh0dhdb00l125 sbd[2135697]: pcmk: debug: unpack_config: On loss of quorum: Stop ALL resources
Nov 21 17:17:11 rh0dhdb00l125 sbd[2135697]: pcmk: debug: pe__unpack_node_health_scores: Values of node health scores: red=-1000000 yellow=0 green=0
Nov 21 17:17:11 rh0dhdb00l125 sbd[2135697]: pcmk: info: set_servant_health: We don't have a DC right now.
Nov 21 17:17:11 rh0dhdb00l125 sbd[2135697]: pcmk: debug: notify_parent: Not notifying parent: state transient (2)
Nov 21 17:17:11 rh0dhdb00l125 sbd[2135697]: pcmk: debug: cib_client_del_notify_callback: The callback of the event does not exist(cib_diff_notify)
Nov 21 17:17:12 rh0dhdb00l125 sbd[2135694]: /dev/disk/by-id/scsi-3600140568f22b8820e6462d8ed2d256e: debug: servant_md: Latency: 1s on disk /dev/disk/by-id/scsi-3600140568f22b8820e6462d8ed2d256e
Nov 21 17:17:12 rh0dhdb00l125 sbd[2135696]: /dev/disk/by-id/scsi-3600140544c9ccfd0f134917b0d547ed6: debug: servant_md: Latency: 1s on disk /dev/disk/by-id/scsi-3600140544c9ccfd0f134917b0d547ed6
Nov 21 17:17:12 rh0dhdb00l125 sbd[2135695]: /dev/disk/by-id/scsi-36001405aed93b0201c940629159f2230: debug: servant_md: Latency: 1s on disk /dev/disk/by-id/scsi-36001405aed93b0201c940629159f2230
Nov 21 17:17:13 rh0dhdb00l125 sbd[2135694]: /dev/disk/by-id/scsi-3600140568f22b8820e6462d8ed2d256e: debug: servant_md: Latency: 1s on disk /dev/disk/by-id/scsi-3600140568f22b8820e6462d8ed2d256e
Nov 21 17:17:13 rh0dhdb00l125 sbd[2135696]: /dev/disk/by-id/scsi-3600140544c9ccfd0f134917b0d547ed6: debug: servant_md: Latency: 1s on disk /dev/disk/by-id/scsi-3600140544c9ccfd0f134917b0d547ed6
Nov 21 17:17:13 rh0dhdb00l125 sbd[2135695]: /dev/disk/by-id/scsi-36001405aed93b0201c940629159f2230: debug: servant_md: Latency: 1s on disk /dev/disk/by-id/scsi-36001405aed93b0201c940629159f2230
Nov 21 17:17:13 rh0dhdb00l125 sbd[2135697]: pcmk: debug: notify_parent: Not notifying parent: state transient (2)
Nov 21 17:17:14 rh0dhdb00l125 sbd[2135694]: /dev/disk/by-id/scsi-3600140568f22b8820e6462d8ed2d256e: debug: servant_md: Latency: 1s on disk /dev/disk/by-id/scsi-3600140568f22b8820e6462d8ed2d256e
Nov 21 17:17:14 rh0dhdb00l125 sbd[2135696]: /dev/disk/by-id/scsi-3600140544c9ccfd0f134917b0d547ed6: debug: servant_md: Latency: 1s on disk /dev/disk/by-id/scsi-3600140544c9ccfd0f134917b0d547ed6
Nov 21 17:17:14 rh0dhdb00l125 sbd[2135695]: /dev/disk/by-id/scsi-36001405aed93b0201c940629159f2230: debug: servant_md: Latency: 1s on disk /dev/disk/by-id/scsi-36001405aed93b0201c940629159f2230
Nov 21 17:17:14 rh0dhdb00l125 sbd[2135697]: pcmk: debug: notify_parent: Not notifying parent: state transient (2)
Nov 21 17:17:15 rh0dhdb00l125 sbd[2135696]: /dev/disk/by-id/scsi-3600140544c9ccfd0f134917b0d547ed6: debug: servant_md: Latency: 1s on disk /dev/disk/by-id/scsi-3600140544c9ccfd0f134917b0d547ed6
Nov 21 17:17:15 rh0dhdb00l125 sbd[2135694]: /dev/disk/by-id/scsi-3600140568f22b8820e6462d8ed2d256e: debug: servant_md: Latency: 1s on disk /dev/disk/by-id/scsi-3600140568f22b8820e6462d8ed2d256e
Nov 21 17:17:15 rh0dhdb00l125 sbd[2135695]: /dev/disk/by-id/scsi-36001405aed93b0201c940629159f2230: debug: servant_md: Latency: 1s on disk /dev/disk/by-id/scsi-36001405aed93b0201c940629159f2230
Nov 21 17:17:15 rh0dhdb00l125 sbd[2135697]: pcmk: debug: notify_parent: Not notifying parent: state transient (2)
Nov 21 17:17:16 rh0dhdb00l125 sbd[2135696]: /dev/disk/by-id/scsi-3600140544c9ccfd0f134917b0d547ed6: debug: servant_md: Latency: 1s on disk /dev/disk/by-id/scsi-3600140544c9ccfd0f134917b0d547ed6
Nov 21 17:17:16 rh0dhdb00l125 sbd[2135694]: /dev/disk/by-id/scsi-3600140568f22b8820e6462d8ed2d256e: debug: servant_md: Latency: 1s on disk /dev/disk/by-id/scsi-3600140568f22b8820e6462d8ed2d256e
Nov 21 17:17:16 rh0dhdb00l125 sbd[2135695]: /dev/disk/by-id/scsi-36001405aed93b0201c940629159f2230: debug: servant_md: Latency: 1s on disk /dev/disk/by-id/scsi-36001405aed93b0201c940629159f2230
Nov 21 17:17:16 rh0dhdb00l125 sbd[2135697]: pcmk: debug: notify_parent: Not notifying parent: state transient (2)
Nov 21 17:17:17 rh0dhdb00l125 sbd[2135696]: /dev/disk/by-id/scsi-3600140544c9ccfd0f134917b0d547ed6: debug: servant_md: Latency: 1s on disk /dev/disk/by-id/scsi-3600140544c9ccfd0f134917b0d547ed6
Nov 21 17:17:17 rh0dhdb00l125 sbd[2135694]: /dev/disk/by-id/scsi-3600140568f22b8820e6462d8ed2d256e: debug: servant_md: Latency: 1s on disk /dev/disk/by-id/scsi-3600140568f22b8820e6462d8ed2d256e
Nov 21 17:17:17 rh0dhdb00l125 sbd[2135695]: /dev/disk/by-id/scsi-36001405aed93b0201c940629159f2230: debug: servant_md: Latency: 1s on disk /dev/disk/by-id/scsi-36001405aed93b0201c940629159f2230
Nov 21 17:17:17 rh0dhdb00l125 sbd[2135697]: pcmk: debug: notify_parent: Not notifying parent: state transient (2)
Nov 21 17:17:18 rh0dhdb00l125 sbd[2135696]: /dev/disk/by-id/scsi-3600140544c9ccfd0f134917b0d547ed6: debug: servant_md: Latency: 1s on disk /dev/disk/by-id/scsi-3600140544c9ccfd0f134917b0d547ed6
Nov 21 17:17:18 rh0dhdb00l125 sbd[2135694]: /dev/disk/by-id/scsi-3600140568f22b8820e6462d8ed2d256e: debug: servant_md: Latency: 1s on disk /dev/disk/by-id/scsi-3600140568f22b8820e6462d8ed2d256e
Nov 21 17:17:18 rh0dhdb00l125 sbd[2135695]: /dev/disk/by-id/scsi-36001405aed93b0201c940629159f2230: debug: servant_md: Latency: 1s on disk /dev/disk/by-id/scsi-36001405aed93b0201c940629159f2230
Nov 21 17:17:18 rh0dhdb00l125 sbd[2135697]: pcmk: debug: notify_parent: Not notifying parent: state transient (2)
Nov 21 17:17:19 rh0dhdb00l125 sbd[2135696]: /dev/disk/by-id/scsi-3600140544c9ccfd0f134917b0d547ed6: debug: servant_md: Latency: 1s on disk /dev/disk/by-id/scsi-3600140544c9ccfd0f134917b0d547ed6
Nov 21 17:17:19 rh0dhdb00l125 sbd[2135694]: /dev/disk/by-id/scsi-3600140568f22b8820e6462d8ed2d256e: debug: servant_md: Latency: 1s on disk /dev/disk/by-id/scsi-3600140568f22b8820e6462d8ed2d256e
Nov 21 17:17:19 rh0dhdb00l125 sbd[2135695]: /dev/disk/by-id/scsi-36001405aed93b0201c940629159f2230: debug: servant_md: Latency: 1s on disk /dev/disk/by-id/scsi-36001405aed93b0201c940629159f2230