Nov 16 13:00:14.245697 ropatil1611az-gs6zj-worker-westus-j4ngg crio[1530]: time="2022-11-16 13:00:14.245597399Z" level=info msg="Got pod network &{Name:qe-app-registry-gwwph Namespace:openshift-marketplace ID:b9ed2f46fa624d16ae8bfe4d62621ba90117aaf9d2470b5d3cc8ed42daba9874 UID:5d8b226e-0a01-4c17-a02b-bc7cf29173ea NetNS:/var/run/netns/d0b03e11-6b39-410d-bf29-f560447ab631 Networks:[] RuntimeConfig:map[multus-cni-network:{IP: MAC: PortMappings:[] Bandwidth: IpRanges:[]}] Aliases:map[]}"
Nov 16 13:00:14.245854 ropatil1611az-gs6zj-worker-westus-j4ngg crio[1530]: time="2022-11-16 13:00:14.245825101Z" level=info msg="Checking pod openshift-marketplace_qe-app-registry-gwwph for CNI network multus-cni-network (type=multus)"
Nov 16 13:00:14.248466 ropatil1611az-gs6zj-worker-westus-j4ngg hyperkube[1563]: W1116 13:00:14.248428 1563 manager.go:1176] Failed to process watch event {EventType:0 Name:/kubepods.slice/kubepods-burstable.slice/kubepods-burstable-pod5d8b226e_0a01_4c17_a02b_bc7cf29173ea.slice/crio-b9ed2f46fa624d16ae8bfe4d62621ba90117aaf9d2470b5d3cc8ed42daba9874.scope WatchSource:0}: Error finding container b9ed2f46fa624d16ae8bfe4d62621ba90117aaf9d2470b5d3cc8ed42daba9874: Status 404 returned error &{%!s(*http.body=&{0xc0028b3098 false false {0 0} false false false }) {%!s(int32=0) %!s(uint32=0)} %!s(bool=false) %!s(func(error) error=0x85b280) %!s(func() error=0x85b380)}
Nov 16 13:00:14.257532 ropatil1611az-gs6zj-worker-westus-j4ngg crio[1530]: time="2022-11-16 13:00:14.257457985Z" level=info msg="Ran pod sandbox b9ed2f46fa624d16ae8bfe4d62621ba90117aaf9d2470b5d3cc8ed42daba9874 with infra container: openshift-marketplace/qe-app-registry-gwwph/POD" id=bd6abca6-6ef7-4d76-9afe-8ba56418bcf9 name=/runtime.v1.RuntimeService/RunPodSandbox
Nov 16 13:00:14.258591 ropatil1611az-gs6zj-worker-westus-j4ngg crio[1530]: time="2022-11-16 13:00:14.258517693Z" level=info msg="Checking image status: quay.io/openshift-qe-optional-operators/aosqe-index:v4.10" id=9eaf70f8-63c8-413e-8143-6ded7ac54f02 name=/runtime.v1.ImageService/ImageStatus
Nov 16 13:00:14.258780 ropatil1611az-gs6zj-worker-westus-j4ngg crio[1530]: time="2022-11-16 13:00:14.258743394Z" level=info msg="Image status: &ImageStatusResponse{Image:&Image{Id:955b8c7a3931b968b0bd346474f64f679068be76fe317e18ac368da1adf57f20,RepoTags:[quay.io/openshift-qe-optional-operators/aosqe-index:v4.10],RepoDigests:[quay.io/openshift-qe-optional-operators/aosqe-index@sha256:37469b633c0f08ccead9fc8d560172b118ed4ede7797e8b75d5262bbf93e15e7 quay.io/openshift-qe-optional-operators/aosqe-index@sha256:5c8d127c45a9965860bd01677437fb9ac2ed820b9d54b086ccd040bf6508910b],Size_:340239472,Uid:nil,Username:,Spec:nil,},Info:map[string]string{},}" id=9eaf70f8-63c8-413e-8143-6ded7ac54f02 name=/runtime.v1.ImageService/ImageStatus
Nov 16 13:00:14.259275 ropatil1611az-gs6zj-worker-westus-j4ngg hyperkube[1563]: I1116 13:00:14.259247 1563 provider.go:102] Refreshing cache for provider: *credentialprovider.defaultDockerConfigProvider
Nov 16 13:00:14.259940 ropatil1611az-gs6zj-worker-westus-j4ngg crio[1530]: time="2022-11-16 13:00:14.259825102Z" level=info msg="Pulling image: quay.io/openshift-qe-optional-operators/aosqe-index:v4.10" id=52cb9ecf-c6fc-40b2-bc4f-1a88b9a6c3bf name=/runtime.v1.ImageService/PullImage
Nov 16 13:00:14.263212 ropatil1611az-gs6zj-worker-westus-j4ngg crio[1530]: time="2022-11-16 13:00:14.263176326Z" level=info msg="Trying to access \"quay.io/openshift-qe-optional-operators/aosqe-index:v4.10\""
Nov 16 13:00:15.097140 ropatil1611az-gs6zj-worker-westus-j4ngg hyperkube[1563]: I1116 13:00:15.097086 1563 kubelet.go:2175] "SyncLoop (PLEG): event for pod" pod="openshift-marketplace/qe-app-registry-gwwph" event=&{ID:5d8b226e-0a01-4c17-a02b-bc7cf29173ea Type:ContainerStarted Data:b9ed2f46fa624d16ae8bfe4d62621ba90117aaf9d2470b5d3cc8ed42daba9874}
Nov 16 13:00:15.799665 ropatil1611az-gs6zj-worker-westus-j4ngg crio[1530]: time="2022-11-16 13:00:15.799518608Z" level=info msg="Pulled image: quay.io/openshift-qe-optional-operators/aosqe-index@sha256:37469b633c0f08ccead9fc8d560172b118ed4ede7797e8b75d5262bbf93e15e7" id=52cb9ecf-c6fc-40b2-bc4f-1a88b9a6c3bf name=/runtime.v1.ImageService/PullImage
Nov 16 13:00:15.800731 ropatil1611az-gs6zj-worker-westus-j4ngg crio[1530]: time="2022-11-16 13:00:15.800687517Z" level=info msg="Checking image status: quay.io/openshift-qe-optional-operators/aosqe-index:v4.10" id=032c95a4-5358-4046-a4d6-2c180294b03b name=/runtime.v1.ImageService/ImageStatus
Nov 16 13:00:15.800966 ropatil1611az-gs6zj-worker-westus-j4ngg crio[1530]: time="2022-11-16 13:00:15.800926419Z" level=info msg="Image status: &ImageStatusResponse{Image:&Image{Id:955b8c7a3931b968b0bd346474f64f679068be76fe317e18ac368da1adf57f20,RepoTags:[quay.io/openshift-qe-optional-operators/aosqe-index:v4.10],RepoDigests:[quay.io/openshift-qe-optional-operators/aosqe-index@sha256:37469b633c0f08ccead9fc8d560172b118ed4ede7797e8b75d5262bbf93e15e7 quay.io/openshift-qe-optional-operators/aosqe-index@sha256:5c8d127c45a9965860bd01677437fb9ac2ed820b9d54b086ccd040bf6508910b],Size_:340239472,Uid:nil,Username:,Spec:nil,},Info:map[string]string{},}" id=032c95a4-5358-4046-a4d6-2c180294b03b name=/runtime.v1.ImageService/ImageStatus
Nov 16 13:00:15.802196 ropatil1611az-gs6zj-worker-westus-j4ngg crio[1530]: time="2022-11-16 13:00:15.802155727Z" level=info msg="Creating container: openshift-marketplace/qe-app-registry-gwwph/registry-server" id=5c60c9b7-de23-47ee-affc-be891c62515b name=/runtime.v1.RuntimeService/CreateContainer
Nov 16 13:00:15.802295 ropatil1611az-gs6zj-worker-westus-j4ngg crio[1530]: time="2022-11-16 13:00:15.802266728Z" level=warning msg="Allowed annotations are specified for workload [io.containers.trace-syscall]"
Nov 16 13:00:15.947870 ropatil1611az-gs6zj-worker-westus-j4ngg systemd[1]: Started crio-conmon-be5d343ca9ebc7c06441487f8cfc41093aefffbee1da6e88fe9ddbc7edf5395f.scope.
Nov 16 13:00:15.974684 ropatil1611az-gs6zj-worker-westus-j4ngg systemd[1]: Started libcontainer container be5d343ca9ebc7c06441487f8cfc41093aefffbee1da6e88fe9ddbc7edf5395f.
Nov 16 13:00:16.010145 ropatil1611az-gs6zj-worker-westus-j4ngg systemd[1]: Couldn't stat device /dev/char/10:200: No such file or directory
Nov 16 13:00:16.156891 ropatil1611az-gs6zj-worker-westus-j4ngg crio[1530]: time="2022-11-16 13:00:16.156779186Z" level=info msg="Created container be5d343ca9ebc7c06441487f8cfc41093aefffbee1da6e88fe9ddbc7edf5395f: openshift-marketplace/qe-app-registry-gwwph/registry-server" id=5c60c9b7-de23-47ee-affc-be891c62515b name=/runtime.v1.RuntimeService/CreateContainer
Nov 16 13:00:16.157677 ropatil1611az-gs6zj-worker-westus-j4ngg crio[1530]: time="2022-11-16 13:00:16.157633192Z" level=info msg="Starting container: be5d343ca9ebc7c06441487f8cfc41093aefffbee1da6e88fe9ddbc7edf5395f" id=fa432cb6-cba9-4832-bb7b-98174cf80ea8 name=/runtime.v1.RuntimeService/StartContainer
Nov 16 13:00:16.169594 ropatil1611az-gs6zj-worker-westus-j4ngg crio[1530]: time="2022-11-16 13:00:16.169480777Z" level=info msg="Started container" PID=64792 containerID=be5d343ca9ebc7c06441487f8cfc41093aefffbee1da6e88fe9ddbc7edf5395f description=openshift-marketplace/qe-app-registry-gwwph/registry-server id=fa432cb6-cba9-4832-bb7b-98174cf80ea8 name=/runtime.v1.RuntimeService/StartContainer sandboxID=b9ed2f46fa624d16ae8bfe4d62621ba90117aaf9d2470b5d3cc8ed42daba9874
Nov 16 13:00:17.105445 ropatil1611az-gs6zj-worker-westus-j4ngg hyperkube[1563]: I1116 13:00:17.105398 1563 kubelet.go:2175] "SyncLoop (PLEG): event for pod" pod="openshift-marketplace/qe-app-registry-gwwph" event=&{ID:5d8b226e-0a01-4c17-a02b-bc7cf29173ea Type:ContainerStarted Data:be5d343ca9ebc7c06441487f8cfc41093aefffbee1da6e88fe9ddbc7edf5395f}
Nov 16 13:00:22.009536 ropatil1611az-gs6zj-worker-westus-j4ngg hyperkube[1563]: I1116 13:00:22.009403 1563 kubelet.go:2247] "SyncLoop (probe)" probe="readiness" status="" pod="openshift-marketplace/qe-app-registry-gwwph"
Nov 16 13:00:22.009536 ropatil1611az-gs6zj-worker-westus-j4ngg hyperkube[1563]: I1116 13:00:22.009481 1563 kubelet.go:2247] "SyncLoop (probe)" probe="startup" status="unhealthy" pod="openshift-marketplace/qe-app-registry-gwwph"
Nov 16 13:00:22.078937 ropatil1611az-gs6zj-worker-westus-j4ngg hyperkube[1563]: I1116 13:00:22.078888 1563 kubelet.go:2247] "SyncLoop (probe)" probe="startup" status="started" pod="openshift-marketplace/qe-app-registry-gwwph"
Nov 16 13:00:22.177839 ropatil1611az-gs6zj-worker-westus-j4ngg hyperkube[1563]: I1116 13:00:22.177789 1563 kubelet.go:2247] "SyncLoop (probe)" probe="readiness" status="ready" pod="openshift-marketplace/qe-app-registry-gwwph"
Nov 16 13:00:22.223175 ropatil1611az-gs6zj-worker-westus-j4ngg hyperkube[1563]: I1116 13:00:22.223071 1563 kubelet.go:2153] "SyncLoop DELETE" source="api" pods=[openshift-marketplace/qe-app-registry-gwwph]
Nov 16 13:00:24.127574 ropatil1611az-gs6zj-worker-westus-j4ngg hyperkube[1563]: I1116 13:00:24.127467 1563 kuberuntime_container.go:729] "Killing container with a grace period" pod="openshift-marketplace/qe-app-registry-gwwph" podUID=5d8b226e-0a01-4c17-a02b-bc7cf29173ea containerName="registry-server" containerID="cri-o://be5d343ca9ebc7c06441487f8cfc41093aefffbee1da6e88fe9ddbc7edf5395f" gracePeriod=1
Nov 16 13:00:24.128065 ropatil1611az-gs6zj-worker-westus-j4ngg crio[1530]: time="2022-11-16 13:00:24.127770428Z" level=info msg="Stopping container: be5d343ca9ebc7c06441487f8cfc41093aefffbee1da6e88fe9ddbc7edf5395f (timeout: 1s)" id=014631f1-ec8e-41a9-95db-e1d55f3ba185 name=/runtime.v1.RuntimeService/StopContainer
Nov 16 13:00:24.156250 ropatil1611az-gs6zj-worker-westus-j4ngg systemd[1]: crio-be5d343ca9ebc7c06441487f8cfc41093aefffbee1da6e88fe9ddbc7edf5395f.scope: Succeeded.
Nov 16 13:00:24.157035 ropatil1611az-gs6zj-worker-westus-j4ngg systemd[1]: crio-be5d343ca9ebc7c06441487f8cfc41093aefffbee1da6e88fe9ddbc7edf5395f.scope: Consumed 658ms CPU time
Nov 16 13:00:24.168730 ropatil1611az-gs6zj-worker-westus-j4ngg systemd[1]: crio-conmon-be5d343ca9ebc7c06441487f8cfc41093aefffbee1da6e88fe9ddbc7edf5395f.scope: Succeeded.
Nov 16 13:00:24.169367 ropatil1611az-gs6zj-worker-westus-j4ngg systemd[1]: crio-conmon-be5d343ca9ebc7c06441487f8cfc41093aefffbee1da6e88fe9ddbc7edf5395f.scope: Consumed 38ms CPU time
Nov 16 13:00:24.284823 ropatil1611az-gs6zj-worker-westus-j4ngg systemd[1]: var-lib-containers-storage-overlay-de6cef58839dabe236ccceb4cc9d98210ace06575ae33fc2c65e8924c0d0d20f-merged.mount: Succeeded.
Nov 16 13:00:24.621846 ropatil1611az-gs6zj-worker-westus-j4ngg crio[1530]: time="2022-11-16 13:00:24.621785274Z" level=info msg="Stopped container be5d343ca9ebc7c06441487f8cfc41093aefffbee1da6e88fe9ddbc7edf5395f: openshift-marketplace/qe-app-registry-gwwph/registry-server" id=014631f1-ec8e-41a9-95db-e1d55f3ba185 name=/runtime.v1.RuntimeService/StopContainer
Nov 16 13:00:24.622233 ropatil1611az-gs6zj-worker-westus-j4ngg crio[1530]: time="2022-11-16 13:00:24.622195777Z" level=info msg="Stopping pod sandbox: b9ed2f46fa624d16ae8bfe4d62621ba90117aaf9d2470b5d3cc8ed42daba9874" id=853d831c-171c-444b-924f-bfa91c58a6a6 name=/runtime.v1.RuntimeService/StopPodSandbox
Nov 16 13:00:24.622475 ropatil1611az-gs6zj-worker-westus-j4ngg crio[1530]: time="2022-11-16 13:00:24.622433579Z" level=info msg="Got pod network &{Name:qe-app-registry-gwwph Namespace:openshift-marketplace ID:b9ed2f46fa624d16ae8bfe4d62621ba90117aaf9d2470b5d3cc8ed42daba9874 UID:5d8b226e-0a01-4c17-a02b-bc7cf29173ea NetNS:/var/run/netns/d0b03e11-6b39-410d-bf29-f560447ab631 Networks:[{Name:multus-cni-network Ifname:eth0}] RuntimeConfig:map[multus-cni-network:{IP: MAC: PortMappings:[] Bandwidth: IpRanges:[]}] Aliases:map[]}"
Nov 16 13:00:24.622661 ropatil1611az-gs6zj-worker-westus-j4ngg crio[1530]: time="2022-11-16 13:00:24.622636781Z" level=info msg="Deleting pod openshift-marketplace_qe-app-registry-gwwph from CNI network \"multus-cni-network\" (type=multus)"
Nov 16 13:00:24.692736 ropatil1611az-gs6zj-worker-westus-j4ngg ovs-vswitchd[1367]: ovs|00113|connmgr|INFO|br0<->unix#206: 2 flow_mods in the last 0 s (2 deletes)
Nov 16 13:00:24.723099 ropatil1611az-gs6zj-worker-westus-j4ngg ovs-vswitchd[1367]: ovs|00114|connmgr|INFO|br0<->unix#209: 4 flow_mods in the last 0 s (4 deletes)
Nov 16 13:00:24.750922 ropatil1611az-gs6zj-worker-westus-j4ngg ovs-vswitchd[1367]: ovs|00115|bridge|INFO|bridge br0: deleted interface veth701efe26 on port 16
Nov 16 13:00:24.757189 ropatil1611az-gs6zj-worker-westus-j4ngg kernel: device veth701efe26 left promiscuous mode
Nov 16 13:00:24.764737 ropatil1611az-gs6zj-worker-westus-j4ngg crio[1530]: 2022-11-16T13:00:24Z [verbose] Del: openshift-marketplace:qe-app-registry-gwwph:5d8b226e-0a01-4c17-a02b-bc7cf29173ea:openshift-sdn:eth0 {"cniVersion":"0.3.1","name":"openshift-sdn","type":"openshift-sdn"}
Nov 16 13:00:24.771550 ropatil1611az-gs6zj-worker-westus-j4ngg systemd[1]: run-utsns-d0b03e11\x2d6b39\x2d410d\x2dbf29\x2df560447ab631.mount: Succeeded.
Nov 16 13:00:24.777458 ropatil1611az-gs6zj-worker-westus-j4ngg systemd[1]: run-ipcns-d0b03e11\x2d6b39\x2d410d\x2dbf29\x2df560447ab631.mount: Succeeded.
Nov 16 13:00:24.798566 ropatil1611az-gs6zj-worker-westus-j4ngg systemd[1]: run-netns-d0b03e11\x2d6b39\x2d410d\x2dbf29\x2df560447ab631.mount: Succeeded.
Nov 16 13:00:24.805266 ropatil1611az-gs6zj-worker-westus-j4ngg systemd[1]: run-containers-storage-overlay\x2dcontainers-b9ed2f46fa624d16ae8bfe4d62621ba90117aaf9d2470b5d3cc8ed42daba9874-userdata-shm.mount: Succeeded.
Nov 16 13:00:25.132185 ropatil1611az-gs6zj-worker-westus-j4ngg hyperkube[1563]: I1116 13:00:25.132141 1563 generic.go:296] "Generic (PLEG): container finished" podID=5d8b226e-0a01-4c17-a02b-bc7cf29173ea containerID="be5d343ca9ebc7c06441487f8cfc41093aefffbee1da6e88fe9ddbc7edf5395f" exitCode=0
Nov 16 13:00:25.132185 ropatil1611az-gs6zj-worker-westus-j4ngg hyperkube[1563]: I1116 13:00:25.132198 1563 kubelet.go:2175] "SyncLoop (PLEG): event for pod" pod="openshift-marketplace/qe-app-registry-gwwph" event=&{ID:5d8b226e-0a01-4c17-a02b-bc7cf29173ea Type:ContainerDied Data:be5d343ca9ebc7c06441487f8cfc41093aefffbee1da6e88fe9ddbc7edf5395f}
Nov 16 13:00:25.282113 ropatil1611az-gs6zj-worker-westus-j4ngg crio[1530]: time="2022-11-16 13:00:25.282001781Z" level=info msg="Stopped pod sandbox: b9ed2f46fa624d16ae8bfe4d62621ba90117aaf9d2470b5d3cc8ed42daba9874" id=853d831c-171c-444b-924f-bfa91c58a6a6 name=/runtime.v1.RuntimeService/StopPodSandbox
Nov 16 13:00:25.285263 ropatil1611az-gs6zj-worker-westus-j4ngg systemd[1]: var-lib-containers-storage-overlay-dd147fda05cbd17a80bc18810ae9ff7f39b7cf63c8f9e5d6678de09953627ab5-merged.mount: Succeeded.
Nov 16 13:00:25.427541 ropatil1611az-gs6zj-worker-westus-j4ngg hyperkube[1563]: I1116 13:00:25.427350 1563 reconciler.go:192] "operationExecutor.UnmountVolume started for volume \"kube-api-access-rt7bn\" (UniqueName: \"kubernetes.io/projected/5d8b226e-0a01-4c17-a02b-bc7cf29173ea-kube-api-access-rt7bn\") pod \"5d8b226e-0a01-4c17-a02b-bc7cf29173ea\" (UID: \"5d8b226e-0a01-4c17-a02b-bc7cf29173ea\") "
Nov 16 13:00:25.436436 ropatil1611az-gs6zj-worker-westus-j4ngg systemd[1]: var-lib-kubelet-pods-5d8b226e\x2d0a01\x2d4c17\x2da02b\x2dbc7cf29173ea-volumes-kubernetes.io\x7eprojected-kube\x2dapi\x2daccess\x2drt7bn.mount: Succeeded.
Nov 16 13:00:25.437678 ropatil1611az-gs6zj-worker-westus-j4ngg hyperkube[1563]: I1116 13:00:25.437590 1563 operation_generator.go:910] UnmountVolume.TearDown succeeded for volume "kubernetes.io/projected/5d8b226e-0a01-4c17-a02b-bc7cf29173ea-kube-api-access-rt7bn" (OuterVolumeSpecName: "kube-api-access-rt7bn") pod "5d8b226e-0a01-4c17-a02b-bc7cf29173ea" (UID: "5d8b226e-0a01-4c17-a02b-bc7cf29173ea"). InnerVolumeSpecName "kube-api-access-rt7bn". PluginName "kubernetes.io/projected", VolumeGidValue ""
Nov 16 13:00:25.528824 ropatil1611az-gs6zj-worker-westus-j4ngg hyperkube[1563]: I1116 13:00:25.528716 1563 reconciler.go:300] "Volume detached for volume \"kube-api-access-rt7bn\" (UniqueName: \"kubernetes.io/projected/5d8b226e-0a01-4c17-a02b-bc7cf29173ea-kube-api-access-rt7bn\") on node \"ropatil1611az-gs6zj-worker-westus-j4ngg\" DevicePath \"\""
Nov 16 13:00:26.137203 ropatil1611az-gs6zj-worker-westus-j4ngg hyperkube[1563]: I1116 13:00:26.137153 1563 kubelet.go:2175] "SyncLoop (PLEG): event for pod" pod="openshift-marketplace/qe-app-registry-gwwph" event=&{ID:5d8b226e-0a01-4c17-a02b-bc7cf29173ea Type:ContainerDied Data:b9ed2f46fa624d16ae8bfe4d62621ba90117aaf9d2470b5d3cc8ed42daba9874}
Nov 16 13:00:26.137203 ropatil1611az-gs6zj-worker-westus-j4ngg hyperkube[1563]: I1116 13:00:26.137231 1563 scope.go:110] "RemoveContainer" containerID="be5d343ca9ebc7c06441487f8cfc41093aefffbee1da6e88fe9ddbc7edf5395f"
Nov 16 13:00:26.138376 ropatil1611az-gs6zj-worker-westus-j4ngg crio[1530]: time="2022-11-16 13:00:26.138320575Z" level=info msg="Removing container: be5d343ca9ebc7c06441487f8cfc41093aefffbee1da6e88fe9ddbc7edf5395f" id=42bcfc06-2d8f-4d78-acf0-3724474a42c5 name=/runtime.v1.RuntimeService/RemoveContainer
Nov 16 13:00:26.144896 ropatil1611az-gs6zj-worker-westus-j4ngg systemd[1]: Removed slice libcontainer container kubepods-burstable-pod5d8b226e_0a01_4c17_a02b_bc7cf29173ea.slice.
Nov 16 13:00:26.144956 ropatil1611az-gs6zj-worker-westus-j4ngg systemd[1]: kubepods-burstable-pod5d8b226e_0a01_4c17_a02b_bc7cf29173ea.slice: Consumed 696ms CPU time
Nov 16 13:00:26.168295 ropatil1611az-gs6zj-worker-westus-j4ngg hyperkube[1563]: I1116 13:00:26.168260 1563 kubelet.go:2153] "SyncLoop DELETE" source="api" pods=[openshift-marketplace/qe-app-registry-gwwph]
Nov 16 13:00:26.172439 ropatil1611az-gs6zj-worker-westus-j4ngg hyperkube[1563]: I1116 13:00:26.172407 1563 kubelet.go:2147] "SyncLoop REMOVE" source="api" pods=[openshift-marketplace/qe-app-registry-gwwph]
Nov 16 13:00:26.465634 ropatil1611az-gs6zj-worker-westus-j4ngg crio[1530]: time="2022-11-16 13:00:26.465431756Z" level=info msg="Removed container be5d343ca9ebc7c06441487f8cfc41093aefffbee1da6e88fe9ddbc7edf5395f: openshift-marketplace/qe-app-registry-gwwph/registry-server" id=42bcfc06-2d8f-4d78-acf0-3724474a42c5 name=/runtime.v1.RuntimeService/RemoveContainer
Nov 16 13:00:26.595902 ropatil1611az-gs6zj-worker-westus-j4ngg hyperkube[1563]: I1116 13:00:26.595828 1563 kubelet_volumes.go:160] "Cleaned up orphaned pod volumes dir" podUID=5d8b226e-0a01-4c17-a02b-bc7cf29173ea path="/var/lib/kubelet/pods/5d8b226e-0a01-4c17-a02b-bc7cf29173ea/volumes"
Nov 16 13:01:21.132206 ropatil1611az-gs6zj-worker-westus-j4ngg crio[1530]: time="2022-11-16 13:01:21.132149432Z" level=info msg="Stopping pod sandbox: b9ed2f46fa624d16ae8bfe4d62621ba90117aaf9d2470b5d3cc8ed42daba9874" id=dc3cc3d7-d07c-4b5d-b9d1-00901ec47a8a name=/runtime.v1.RuntimeService/StopPodSandbox
Nov 16 13:01:21.132206 ropatil1611az-gs6zj-worker-westus-j4ngg crio[1530]: time="2022-11-16 13:01:21.132205432Z" level=info msg="Stopped pod sandbox (already stopped): b9ed2f46fa624d16ae8bfe4d62621ba90117aaf9d2470b5d3cc8ed42daba9874" id=dc3cc3d7-d07c-4b5d-b9d1-00901ec47a8a name=/runtime.v1.RuntimeService/StopPodSandbox
Nov 16 13:01:21.132824 ropatil1611az-gs6zj-worker-westus-j4ngg crio[1530]: time="2022-11-16 13:01:21.132475534Z" level=info msg="Removing pod sandbox: b9ed2f46fa624d16ae8bfe4d62621ba90117aaf9d2470b5d3cc8ed42daba9874" id=fc8befea-a073-4a23-a576-d76ddc7aec10 name=/runtime.v1.RuntimeService/RemovePodSandbox
Nov 16 13:01:21.149100 ropatil1611az-gs6zj-worker-westus-j4ngg crio[1530]: time="2022-11-16 13:01:21.149063357Z" level=info msg="Removed pod sandbox: b9ed2f46fa624d16ae8bfe4d62621ba90117aaf9d2470b5d3cc8ed42daba9874" id=fc8befea-a073-4a23-a576-d76ddc7aec10 name=/runtime.v1.RuntimeService/RemovePodSandbox
Nov 16 13:03:20.384330 ropatil1611az-gs6zj-worker-westus-j4ngg crio[1530]: time="2022-11-16 13:03:20.384157590Z" level=info msg="Checking image status: quay.io/openshift-release-dev/ocp-v4.0-art-dev@sha256:c39aa024d407b037fc426c5e55a3613f5111ba787cfba1abccc44cf2db1e4a40" id=29929ec4-1f8e-488d-86d7-c257494e23bf name=/runtime.v1.ImageService/ImageStatus
Nov 16 13:03:20.402290 ropatil1611az-gs6zj-worker-westus-j4ngg crio[1530]: time="2022-11-16 13:03:20.384434092Z" level=info msg="Image status: &ImageStatusResponse{Image:&Image{Id:9e44923d83df71e11fd4837b57daa843fc8a5c5f8e9eedba0e1a1eaf90f98ca3,RepoTags:[],RepoDigests:[quay.io/openshift-release-dev/ocp-v4.0-art-dev@sha256:c39aa024d407b037fc426c5e55a3613f5111ba787cfba1abccc44cf2db1e4a40],Size_:286791011,Uid:nil,Username:,Spec:nil,},Info:map[string]string{},}" id=29929ec4-1f8e-488d-86d7-c257494e23bf name=/runtime.v1.ImageService/ImageStatus
Nov 16 13:04:06.980308 ropatil1611az-gs6zj-worker-westus-j4ngg systemd[1]: run-runc-c3b62f10575c17e7dfdacdc07240163cc41df1264d4648ab19dc0ef5c5cfa259-runc.5NLeWu.mount: Succeeded.
Nov 16 13:06:16.978738 ropatil1611az-gs6zj-worker-westus-j4ngg systemd[1]: run-runc-c3b62f10575c17e7dfdacdc07240163cc41df1264d4648ab19dc0ef5c5cfa259-runc.p05I7P.mount: Succeeded.
Nov 16 13:08:20.389539 ropatil1611az-gs6zj-worker-westus-j4ngg crio[1530]: time="2022-11-16 13:08:20.389209546Z" level=info msg="Checking image status: quay.io/openshift-release-dev/ocp-v4.0-art-dev@sha256:c39aa024d407b037fc426c5e55a3613f5111ba787cfba1abccc44cf2db1e4a40" id=78efc2c1-77ab-4f30-81b1-e3d2e65ebf08 name=/runtime.v1.ImageService/ImageStatus
Nov 16 13:08:20.407348 ropatil1611az-gs6zj-worker-westus-j4ngg crio[1530]: time="2022-11-16 13:08:20.389627849Z" level=info msg="Image status: &ImageStatusResponse{Image:&Image{Id:9e44923d83df71e11fd4837b57daa843fc8a5c5f8e9eedba0e1a1eaf90f98ca3,RepoTags:[],RepoDigests:[quay.io/openshift-release-dev/ocp-v4.0-art-dev@sha256:c39aa024d407b037fc426c5e55a3613f5111ba787cfba1abccc44cf2db1e4a40],Size_:286791011,Uid:nil,Username:,Spec:nil,},Info:map[string]string{},}" id=78efc2c1-77ab-4f30-81b1-e3d2e65ebf08 name=/runtime.v1.ImageService/ImageStatus
Nov 16 13:13:18.348344 ropatil1611az-gs6zj-worker-westus-j4ngg ovs-vswitchd[1367]: ovs|00116|connmgr|INFO|br0<->unix#218: 2 flow_mods in the last 0 s (2 deletes)
Nov 16 13:13:20.394498 ropatil1611az-gs6zj-worker-westus-j4ngg crio[1530]: time="2022-11-16 13:13:20.394258927Z" level=info msg="Checking image status: quay.io/openshift-release-dev/ocp-v4.0-art-dev@sha256:c39aa024d407b037fc426c5e55a3613f5111ba787cfba1abccc44cf2db1e4a40" id=9a43ae92-bde9-4e7a-93ed-9931191a10a0 name=/runtime.v1.ImageService/ImageStatus
Nov 16 13:13:20.421749 ropatil1611az-gs6zj-worker-westus-j4ngg crio[1530]: time="2022-11-16 13:13:20.394604030Z" level=info msg="Image status: &ImageStatusResponse{Image:&Image{Id:9e44923d83df71e11fd4837b57daa843fc8a5c5f8e9eedba0e1a1eaf90f98ca3,RepoTags:[],RepoDigests:[quay.io/openshift-release-dev/ocp-v4.0-art-dev@sha256:c39aa024d407b037fc426c5e55a3613f5111ba787cfba1abccc44cf2db1e4a40],Size_:286791011,Uid:nil,Username:,Spec:nil,},Info:map[string]string{},}" id=9a43ae92-bde9-4e7a-93ed-9931191a10a0 name=/runtime.v1.ImageService/ImageStatus
Nov 16 13:15:49.334281 ropatil1611az-gs6zj-worker-westus-j4ngg hyperkube[1563]: I1116 13:15:49.334151 1563 kubelet.go:2137] "SyncLoop ADD" source="api" pods=[openshift-marketplace/qe-app-registry-2pdbh]
Nov 16 13:15:49.334281 ropatil1611az-gs6zj-worker-westus-j4ngg hyperkube[1563]: I1116 13:15:49.334223 1563 topology_manager.go:200] "Topology Admit Handler"
Nov 16 13:15:49.334923 ropatil1611az-gs6zj-worker-westus-j4ngg hyperkube[1563]: E1116 13:15:49.334301 1563 cpu_manager.go:395] "RemoveStaleState: removing container" podUID="5d8b226e-0a01-4c17-a02b-bc7cf29173ea" containerName="registry-server"
Nov 16 13:15:49.334923 ropatil1611az-gs6zj-worker-westus-j4ngg hyperkube[1563]: I1116 13:15:49.334315 1563 state_mem.go:107] "Deleted CPUSet assignment" podUID="5d8b226e-0a01-4c17-a02b-bc7cf29173ea" containerName="registry-server"
Nov 16 13:15:49.334923 ropatil1611az-gs6zj-worker-westus-j4ngg hyperkube[1563]: I1116 13:15:49.334368 1563 memory_manager.go:345] "RemoveStaleState removing state" podUID="5d8b226e-0a01-4c17-a02b-bc7cf29173ea" containerName="registry-server"
Nov 16 13:15:49.355093 ropatil1611az-gs6zj-worker-westus-j4ngg systemd[1]: Created slice libcontainer container kubepods-burstable-pod847e27ee_d034_4a3d_89dd_da8f1ebb90b1.slice.
Nov 16 13:15:49.436231 ropatil1611az-gs6zj-worker-westus-j4ngg hyperkube[1563]: I1116 13:15:49.436101 1563 reconciler.go:221] "operationExecutor.VerifyControllerAttachedVolume started for volume \"kube-api-access-lzglk\" (UniqueName: \"kubernetes.io/projected/847e27ee-d034-4a3d-89dd-da8f1ebb90b1-kube-api-access-lzglk\") pod \"qe-app-registry-2pdbh\" (UID: \"847e27ee-d034-4a3d-89dd-da8f1ebb90b1\") " pod="openshift-marketplace/qe-app-registry-2pdbh"
Nov 16 13:15:49.537300 ropatil1611az-gs6zj-worker-westus-j4ngg hyperkube[1563]: I1116 13:15:49.537194 1563 reconciler.go:258] "operationExecutor.MountVolume started for volume \"kube-api-access-lzglk\" (UniqueName: \"kubernetes.io/projected/847e27ee-d034-4a3d-89dd-da8f1ebb90b1-kube-api-access-lzglk\") pod \"qe-app-registry-2pdbh\" (UID: \"847e27ee-d034-4a3d-89dd-da8f1ebb90b1\") " pod="openshift-marketplace/qe-app-registry-2pdbh"
Nov 16 13:15:49.571729 ropatil1611az-gs6zj-worker-westus-j4ngg hyperkube[1563]: I1116 13:15:49.571668 1563 operation_generator.go:756] "MountVolume.SetUp succeeded for volume \"kube-api-access-lzglk\" (UniqueName: \"kubernetes.io/projected/847e27ee-d034-4a3d-89dd-da8f1ebb90b1-kube-api-access-lzglk\") pod \"qe-app-registry-2pdbh\" (UID: \"847e27ee-d034-4a3d-89dd-da8f1ebb90b1\") " pod="openshift-marketplace/qe-app-registry-2pdbh"
Nov 16 13:15:49.678039 ropatil1611az-gs6zj-worker-westus-j4ngg hyperkube[1563]: I1116 13:15:49.677992 1563 kuberuntime_manager.go:487] "No sandbox for pod can be found. Need to start a new one" pod="openshift-marketplace/qe-app-registry-2pdbh"
Nov 16 13:15:49.679072 ropatil1611az-gs6zj-worker-westus-j4ngg crio[1530]: time="2022-11-16 13:15:49.678937195Z" level=info msg="Running pod sandbox: openshift-marketplace/qe-app-registry-2pdbh/POD" id=da1a9a04-e9a7-49e2-bd92-720c31630edb name=/runtime.v1.RuntimeService/RunPodSandbox
Nov 16 13:15:49.679552 ropatil1611az-gs6zj-worker-westus-j4ngg crio[1530]: time="2022-11-16 13:15:49.679088296Z" level=warning msg="Allowed annotations are specified for workload [io.containers.trace-syscall]"
Nov 16 13:15:49.728292 ropatil1611az-gs6zj-worker-westus-j4ngg crio[1530]: time="2022-11-16 13:15:49.728173880Z" level=info msg="Got pod network &{Name:qe-app-registry-2pdbh Namespace:openshift-marketplace ID:7c067ed067cdea69c8e7068b01d9ce926cc31a3ab357e8522ce33812d8db9c26 UID:847e27ee-d034-4a3d-89dd-da8f1ebb90b1 NetNS:/var/run/netns/fe304235-e28f-433b-a10c-deb886ff92a3 Networks:[] RuntimeConfig:map[multus-cni-network:{IP: MAC: PortMappings:[] Bandwidth: IpRanges:[]}] Aliases:map[]}"
Nov 16 13:15:49.728292 ropatil1611az-gs6zj-worker-westus-j4ngg crio[1530]: time="2022-11-16 13:15:49.728226880Z" level=info msg="Adding pod openshift-marketplace_qe-app-registry-2pdbh to CNI network \"multus-cni-network\" (type=multus)"
Nov 16 13:15:49.771175 ropatil1611az-gs6zj-worker-westus-j4ngg kernel: IPv6: ADDRCONF(NETDEV_UP): eth0: link is not ready
Nov 16 13:15:49.796190 ropatil1611az-gs6zj-worker-westus-j4ngg kernel: IPv6: ADDRCONF(NETDEV_UP): veth92fac283: link is not ready
Nov 16 13:15:49.796279 ropatil1611az-gs6zj-worker-westus-j4ngg kernel: IPv6: ADDRCONF(NETDEV_CHANGE): veth92fac283: link becomes ready
Nov 16 13:15:49.796312 ropatil1611az-gs6zj-worker-westus-j4ngg kernel: IPv6: ADDRCONF(NETDEV_CHANGE): eth0: link becomes ready
Nov 16 13:15:49.802463 ropatil1611az-gs6zj-worker-westus-j4ngg systemd-udevd[79819]: link_config: autonegotiation is unset or enabled, the speed and duplex are not writable.
Nov 16 13:15:49.802687 ropatil1611az-gs6zj-worker-westus-j4ngg systemd-udevd[79819]: Could not generate persistent MAC address for veth92fac283: No such file or directory
Nov 16 13:15:49.802894 ropatil1611az-gs6zj-worker-westus-j4ngg NetworkManager[1379]: [1668604549.8028] device (veth92fac283): carrier: link connected
Nov 16 13:15:49.803286 ropatil1611az-gs6zj-worker-westus-j4ngg NetworkManager[1379]: [1668604549.8032] manager: (veth92fac283): new Veth device (/org/freedesktop/NetworkManager/Devices/38)
Nov 16 13:15:49.814016 ropatil1611az-gs6zj-worker-westus-j4ngg NetworkManager[1379]: [1668604549.8139] manager: (veth92fac283): new Open vSwitch Port device (/org/freedesktop/NetworkManager/Devices/39)
Nov 16 13:15:49.819195 ropatil1611az-gs6zj-worker-westus-j4ngg kernel: device veth92fac283 entered promiscuous mode
Nov 16 13:15:49.819177 ropatil1611az-gs6zj-worker-westus-j4ngg ovs-vswitchd[1367]: ovs|00117|bridge|INFO|bridge br0: added interface veth92fac283 on port 17
Nov 16 13:15:49.851563 ropatil1611az-gs6zj-worker-westus-j4ngg ovs-vswitchd[1367]: ovs|00118|connmgr|INFO|br0<->unix#223: 5 flow_mods in the last 0 s (5 adds)
Nov 16 13:15:49.894976 ropatil1611az-gs6zj-worker-westus-j4ngg ovs-vswitchd[1367]: ovs|00119|connmgr|INFO|br0<->unix#226: 2 flow_mods in the last 0 s (2 deletes)
Nov 16 13:15:51.938358 ropatil1611az-gs6zj-worker-westus-j4ngg hyperkube[1563]: I1116 13:15:51.938316 1563 kubelet.go:2144] "SyncLoop UPDATE" source="api" pods=[openshift-marketplace/qe-app-registry-2pdbh]
Nov 16 13:15:51.938837 ropatil1611az-gs6zj-worker-westus-j4ngg crio[1530]: 2022-11-16T13:15:51Z [verbose] Add: openshift-marketplace:qe-app-registry-2pdbh:847e27ee-d034-4a3d-89dd-da8f1ebb90b1:openshift-sdn(openshift-sdn):eth0 {"cniVersion":"0.3.1","interfaces":[{"name":"eth0","sandbox":"/var/run/netns/fe304235-e28f-433b-a10c-deb886ff92a3"}],"ips":[{"version":"4","interface":0,"address":"10.129.2.16/23","gateway":"10.129.2.1"}],"dns":{}}
Nov 16 13:15:51.938837 ropatil1611az-gs6zj-worker-westus-j4ngg crio[1530]: I1116 13:15:51.915487 79802 event.go:282] Event(v1.ObjectReference{Kind:"Pod", Namespace:"openshift-marketplace", Name:"qe-app-registry-2pdbh", UID:"847e27ee-d034-4a3d-89dd-da8f1ebb90b1", APIVersion:"v1", ResourceVersion:"55356", FieldPath:""}): type: 'Normal' reason: 'AddedInterface' Add eth0 [10.129.2.16/23] from openshift-sdn
Nov 16 13:15:51.939521 ropatil1611az-gs6zj-worker-westus-j4ngg crio[1530]: time="2022-11-16 13:15:51.939471371Z" level=info msg="Got pod network &{Name:qe-app-registry-2pdbh Namespace:openshift-marketplace ID:7c067ed067cdea69c8e7068b01d9ce926cc31a3ab357e8522ce33812d8db9c26 UID:847e27ee-d034-4a3d-89dd-da8f1ebb90b1 NetNS:/var/run/netns/fe304235-e28f-433b-a10c-deb886ff92a3 Networks:[] RuntimeConfig:map[multus-cni-network:{IP: MAC: PortMappings:[] Bandwidth: IpRanges:[]}] Aliases:map[]}"
Nov 16 13:15:51.939650 ropatil1611az-gs6zj-worker-westus-j4ngg crio[1530]: time="2022-11-16 13:15:51.939623271Z" level=info msg="Checking pod openshift-marketplace_qe-app-registry-2pdbh for CNI network multus-cni-network (type=multus)"
Nov 16 13:15:51.956403 ropatil1611az-gs6zj-worker-westus-j4ngg hyperkube[1563]: W1116 13:15:51.956346 1563 manager.go:1176] Failed to process watch event {EventType:0 Name:/kubepods.slice/kubepods-burstable.slice/kubepods-burstable-pod847e27ee_d034_4a3d_89dd_da8f1ebb90b1.slice/crio-7c067ed067cdea69c8e7068b01d9ce926cc31a3ab357e8522ce33812d8db9c26.scope WatchSource:0}: Error finding container 7c067ed067cdea69c8e7068b01d9ce926cc31a3ab357e8522ce33812d8db9c26: Status 404 returned error &{%!s(*http.body=&{0xc0041677d0 false false {0 0} false false false }) {%!s(int32=0) %!s(uint32=0)} %!s(bool=false) %!s(func(error) error=0x85b280) %!s(func() error=0x85b380)}
Nov 16 13:15:51.958294 ropatil1611az-gs6zj-worker-westus-j4ngg crio[1530]: time="2022-11-16 13:15:51.958257164Z" level=info msg="Ran pod sandbox 7c067ed067cdea69c8e7068b01d9ce926cc31a3ab357e8522ce33812d8db9c26 with infra container: openshift-marketplace/qe-app-registry-2pdbh/POD" id=da1a9a04-e9a7-49e2-bd92-720c31630edb name=/runtime.v1.RuntimeService/RunPodSandbox
Nov 16 13:15:51.959358 ropatil1611az-gs6zj-worker-westus-j4ngg crio[1530]: time="2022-11-16 13:15:51.959316870Z" level=info msg="Checking image status: quay.io/openshift-qe-optional-operators/aosqe-index:v4.10" id=5771b87b-63c6-4bea-bbdd-aa18c320e7a7 name=/runtime.v1.ImageService/ImageStatus
Nov 16 13:15:51.959697 ropatil1611az-gs6zj-worker-westus-j4ngg crio[1530]: time="2022-11-16 13:15:51.959644171Z" level=info msg="Image status: &ImageStatusResponse{Image:&Image{Id:955b8c7a3931b968b0bd346474f64f679068be76fe317e18ac368da1adf57f20,RepoTags:[quay.io/openshift-qe-optional-operators/aosqe-index:v4.10],RepoDigests:[quay.io/openshift-qe-optional-operators/aosqe-index@sha256:37469b633c0f08ccead9fc8d560172b118ed4ede7797e8b75d5262bbf93e15e7 quay.io/openshift-qe-optional-operators/aosqe-index@sha256:5c8d127c45a9965860bd01677437fb9ac2ed820b9d54b086ccd040bf6508910b],Size_:340239472,Uid:nil,Username:,Spec:nil,},Info:map[string]string{},}" id=5771b87b-63c6-4bea-bbdd-aa18c320e7a7 name=/runtime.v1.ImageService/ImageStatus
Nov 16 13:15:51.960478 ropatil1611az-gs6zj-worker-westus-j4ngg hyperkube[1563]: I1116 13:15:51.960381 1563 provider.go:102] Refreshing cache for provider: *credentialprovider.defaultDockerConfigProvider
Nov 16 13:15:51.961076 ropatil1611az-gs6zj-worker-westus-j4ngg crio[1530]: time="2022-11-16 13:15:51.961021378Z" level=info msg="Pulling image: quay.io/openshift-qe-optional-operators/aosqe-index:v4.10" id=59cb457d-b74b-4c10-9948-d37dac96e866 name=/runtime.v1.ImageService/PullImage
Nov 16 13:15:51.964243 ropatil1611az-gs6zj-worker-westus-j4ngg crio[1530]: time="2022-11-16 13:15:51.964208094Z" level=info msg="Trying to access \"quay.io/openshift-qe-optional-operators/aosqe-index:v4.10\""
Nov 16 13:15:52.710334 ropatil1611az-gs6zj-worker-westus-j4ngg hyperkube[1563]: I1116 13:15:52.710264 1563 kubelet.go:2175] "SyncLoop (PLEG): event for pod" pod="openshift-marketplace/qe-app-registry-2pdbh" event=&{ID:847e27ee-d034-4a3d-89dd-da8f1ebb90b1 Type:ContainerStarted Data:7c067ed067cdea69c8e7068b01d9ce926cc31a3ab357e8522ce33812d8db9c26}
Nov 16 13:15:53.566917 ropatil1611az-gs6zj-worker-westus-j4ngg crio[1530]: time="2022-11-16 13:15:53.566789694Z" level=info msg="Pulled image: quay.io/openshift-qe-optional-operators/aosqe-index@sha256:37469b633c0f08ccead9fc8d560172b118ed4ede7797e8b75d5262bbf93e15e7" id=59cb457d-b74b-4c10-9948-d37dac96e866 name=/runtime.v1.ImageService/PullImage
Nov 16 13:15:53.568309 ropatil1611az-gs6zj-worker-westus-j4ngg crio[1530]: time="2022-11-16 13:15:53.568226601Z" level=info msg="Checking image status: quay.io/openshift-qe-optional-operators/aosqe-index:v4.10" id=c02a8fd3-15bb-41bf-907e-e43ef15b773e name=/runtime.v1.ImageService/ImageStatus
Nov 16 13:15:53.568530 ropatil1611az-gs6zj-worker-westus-j4ngg crio[1530]: time="2022-11-16 13:15:53.568480103Z" level=info msg="Image status: &ImageStatusResponse{Image:&Image{Id:955b8c7a3931b968b0bd346474f64f679068be76fe317e18ac368da1adf57f20,RepoTags:[quay.io/openshift-qe-optional-operators/aosqe-index:v4.10],RepoDigests:[quay.io/openshift-qe-optional-operators/aosqe-index@sha256:37469b633c0f08ccead9fc8d560172b118ed4ede7797e8b75d5262bbf93e15e7 quay.io/openshift-qe-optional-operators/aosqe-index@sha256:5c8d127c45a9965860bd01677437fb9ac2ed820b9d54b086ccd040bf6508910b],Size_:340239472,Uid:nil,Username:,Spec:nil,},Info:map[string]string{},}" id=c02a8fd3-15bb-41bf-907e-e43ef15b773e name=/runtime.v1.ImageService/ImageStatus
Nov 16 13:15:53.569771 ropatil1611az-gs6zj-worker-westus-j4ngg crio[1530]: time="2022-11-16 13:15:53.569728809Z" level=info msg="Creating container: openshift-marketplace/qe-app-registry-2pdbh/registry-server" id=b6d2ceb6-4e5a-4eaa-b22d-d5e2f782fb33 name=/runtime.v1.RuntimeService/CreateContainer
Nov 16 13:15:53.569863 ropatil1611az-gs6zj-worker-westus-j4ngg crio[1530]: time="2022-11-16 13:15:53.569831009Z" level=warning msg="Allowed annotations are specified for workload [io.containers.trace-syscall]"
Nov 16 13:15:53.648396 ropatil1611az-gs6zj-worker-westus-j4ngg systemd[1]: Started crio-conmon-ec0fae3c68c34513605b70eede5b459199834898bd4ee8e3acc44b48c6f9683a.scope.
Nov 16 13:15:53.675436 ropatil1611az-gs6zj-worker-westus-j4ngg systemd[1]: Started libcontainer container ec0fae3c68c34513605b70eede5b459199834898bd4ee8e3acc44b48c6f9683a.
Nov 16 13:15:53.713058 ropatil1611az-gs6zj-worker-westus-j4ngg systemd[1]: Couldn't stat device /dev/char/10:200: No such file or directory
Nov 16 13:15:53.773571 ropatil1611az-gs6zj-worker-westus-j4ngg crio[1530]: time="2022-11-16 13:15:53.773492126Z" level=info msg="Created container ec0fae3c68c34513605b70eede5b459199834898bd4ee8e3acc44b48c6f9683a: openshift-marketplace/qe-app-registry-2pdbh/registry-server" id=b6d2ceb6-4e5a-4eaa-b22d-d5e2f782fb33 name=/runtime.v1.RuntimeService/CreateContainer
Nov 16 13:15:53.773984 ropatil1611az-gs6zj-worker-westus-j4ngg crio[1530]: time="2022-11-16 13:15:53.773950328Z" level=info msg="Starting container: ec0fae3c68c34513605b70eede5b459199834898bd4ee8e3acc44b48c6f9683a" id=cbf90dcf-7390-4972-89ae-6a75f24a0d19 name=/runtime.v1.RuntimeService/StartContainer
Nov 16 13:15:53.783591 ropatil1611az-gs6zj-worker-westus-j4ngg crio[1530]: time="2022-11-16 13:15:53.783550276Z" level=info msg="Started container" PID=79906 containerID=ec0fae3c68c34513605b70eede5b459199834898bd4ee8e3acc44b48c6f9683a description=openshift-marketplace/qe-app-registry-2pdbh/registry-server id=cbf90dcf-7390-4972-89ae-6a75f24a0d19 name=/runtime.v1.RuntimeService/StartContainer sandboxID=7c067ed067cdea69c8e7068b01d9ce926cc31a3ab357e8522ce33812d8db9c26
Nov 16 13:15:54.716045 ropatil1611az-gs6zj-worker-westus-j4ngg hyperkube[1563]: I1116 13:15:54.716007 1563 kubelet.go:2175] "SyncLoop (PLEG): event for pod" pod="openshift-marketplace/qe-app-registry-2pdbh" event=&{ID:847e27ee-d034-4a3d-89dd-da8f1ebb90b1 Type:ContainerStarted Data:ec0fae3c68c34513605b70eede5b459199834898bd4ee8e3acc44b48c6f9683a}
Nov 16 13:15:59.679053 ropatil1611az-gs6zj-worker-westus-j4ngg hyperkube[1563]: I1116 13:15:59.678933 1563 kubelet.go:2247] "SyncLoop (probe)" probe="startup" status="unhealthy" pod="openshift-marketplace/qe-app-registry-2pdbh"
Nov 16 13:15:59.679053 ropatil1611az-gs6zj-worker-westus-j4ngg hyperkube[1563]: I1116 13:15:59.679015 1563 kubelet.go:2247] "SyncLoop (probe)" probe="readiness" status="" pod="openshift-marketplace/qe-app-registry-2pdbh"
Nov 16 13:15:59.730780 ropatil1611az-gs6zj-worker-westus-j4ngg hyperkube[1563]: I1116 13:15:59.730745 1563 kubelet.go:2247] "SyncLoop (probe)" probe="startup" status="started" pod="openshift-marketplace/qe-app-registry-2pdbh"
Nov 16 13:16:00.789817 ropatil1611az-gs6zj-worker-westus-j4ngg hyperkube[1563]: I1116 13:16:00.789742 1563 kubelet.go:2247] "SyncLoop (probe)" probe="readiness" status="ready" pod="openshift-marketplace/qe-app-registry-2pdbh"
Nov 16 13:16:00.830790 ropatil1611az-gs6zj-worker-westus-j4ngg hyperkube[1563]: I1116 13:16:00.830695 1563 kubelet.go:2153] "SyncLoop DELETE" source="api" pods=[openshift-marketplace/qe-app-registry-2pdbh]
Nov 16 13:16:02.736537 ropatil1611az-gs6zj-worker-westus-j4ngg hyperkube[1563]: I1116 13:16:02.736394 1563 kuberuntime_container.go:729] "Killing container with a grace period" pod="openshift-marketplace/qe-app-registry-2pdbh" podUID=847e27ee-d034-4a3d-89dd-da8f1ebb90b1 containerName="registry-server" containerID="cri-o://ec0fae3c68c34513605b70eede5b459199834898bd4ee8e3acc44b48c6f9683a" gracePeriod=1
Nov 16 13:16:02.737177 ropatil1611az-gs6zj-worker-westus-j4ngg crio[1530]: time="2022-11-16 13:16:02.736792004Z" level=info msg="Stopping container: ec0fae3c68c34513605b70eede5b459199834898bd4ee8e3acc44b48c6f9683a (timeout: 1s)" id=73682fc7-7183-4ece-b92a-f27fbe44a629 name=/runtime.v1.RuntimeService/StopContainer
Nov 16 13:16:02.765609 ropatil1611az-gs6zj-worker-westus-j4ngg systemd[1]: crio-ec0fae3c68c34513605b70eede5b459199834898bd4ee8e3acc44b48c6f9683a.scope: Succeeded.
Nov 16 13:16:02.766407 ropatil1611az-gs6zj-worker-westus-j4ngg systemd[1]: crio-ec0fae3c68c34513605b70eede5b459199834898bd4ee8e3acc44b48c6f9683a.scope: Consumed 643ms CPU time
Nov 16 13:16:02.774917 ropatil1611az-gs6zj-worker-westus-j4ngg systemd[1]: crio-conmon-ec0fae3c68c34513605b70eede5b459199834898bd4ee8e3acc44b48c6f9683a.scope: Succeeded.
Nov 16 13:16:02.775509 ropatil1611az-gs6zj-worker-westus-j4ngg systemd[1]: crio-conmon-ec0fae3c68c34513605b70eede5b459199834898bd4ee8e3acc44b48c6f9683a.scope: Consumed 38ms CPU time
Nov 16 13:16:02.892330 ropatil1611az-gs6zj-worker-westus-j4ngg systemd[1]: var-lib-containers-storage-overlay-e886d9598c50cbe7a9fbe4a21cbe31770a3e49d0110622d067b7dfa64b30856e-merged.mount: Succeeded.
Nov 16 13:16:03.243717 ropatil1611az-gs6zj-worker-westus-j4ngg crio[1530]: time="2022-11-16 13:16:03.243600240Z" level=info msg="Stopped container ec0fae3c68c34513605b70eede5b459199834898bd4ee8e3acc44b48c6f9683a: openshift-marketplace/qe-app-registry-2pdbh/registry-server" id=73682fc7-7183-4ece-b92a-f27fbe44a629 name=/runtime.v1.RuntimeService/StopContainer
Nov 16 13:16:03.244383 ropatil1611az-gs6zj-worker-westus-j4ngg crio[1530]: time="2022-11-16 13:16:03.244349945Z" level=info msg="Stopping pod sandbox: 7c067ed067cdea69c8e7068b01d9ce926cc31a3ab357e8522ce33812d8db9c26" id=4dcba57b-a733-42ce-989d-b451cf6a278c name=/runtime.v1.RuntimeService/StopPodSandbox
Nov 16 13:16:03.244648 ropatil1611az-gs6zj-worker-westus-j4ngg crio[1530]: time="2022-11-16 13:16:03.244599947Z" level=info msg="Got pod network &{Name:qe-app-registry-2pdbh Namespace:openshift-marketplace ID:7c067ed067cdea69c8e7068b01d9ce926cc31a3ab357e8522ce33812d8db9c26 UID:847e27ee-d034-4a3d-89dd-da8f1ebb90b1 NetNS:/var/run/netns/fe304235-e28f-433b-a10c-deb886ff92a3 Networks:[{Name:multus-cni-network Ifname:eth0}] RuntimeConfig:map[multus-cni-network:{IP: MAC: PortMappings:[] Bandwidth: IpRanges:[]}] Aliases:map[]}"
Nov 16 13:16:03.244827 ropatil1611az-gs6zj-worker-westus-j4ngg crio[1530]: time="2022-11-16 13:16:03.244799648Z" level=info msg="Deleting pod openshift-marketplace_qe-app-registry-2pdbh from CNI network \"multus-cni-network\" (type=multus)"
Nov 16 13:16:03.312320 ropatil1611az-gs6zj-worker-westus-j4ngg ovs-vswitchd[1367]: ovs|00120|connmgr|INFO|br0<->unix#229: 2 flow_mods in the last 0 s (2 deletes)
Nov 16 13:16:03.340921 ropatil1611az-gs6zj-worker-westus-j4ngg ovs-vswitchd[1367]: ovs|00121|connmgr|INFO|br0<->unix#232: 4 flow_mods in the last 0 s (4 deletes)
Nov 16 13:16:03.368107 ropatil1611az-gs6zj-worker-westus-j4ngg ovs-vswitchd[1367]: ovs|00122|bridge|INFO|bridge br0: deleted interface veth92fac283 on port 17
Nov 16 13:16:03.375157 ropatil1611az-gs6zj-worker-westus-j4ngg kernel: device veth92fac283 left promiscuous mode
Nov 16 13:16:03.381900 ropatil1611az-gs6zj-worker-westus-j4ngg crio[1530]: 2022-11-16T13:16:03Z [verbose] Del: openshift-marketplace:qe-app-registry-2pdbh:847e27ee-d034-4a3d-89dd-da8f1ebb90b1:openshift-sdn:eth0 {"cniVersion":"0.3.1","name":"openshift-sdn","type":"openshift-sdn"}
Nov 16 13:16:03.388639 ropatil1611az-gs6zj-worker-westus-j4ngg systemd[1]: run-utsns-fe304235\x2de28f\x2d433b\x2da10c\x2ddeb886ff92a3.mount: Succeeded.
Nov 16 13:16:03.400214 ropatil1611az-gs6zj-worker-westus-j4ngg systemd[1]: run-ipcns-fe304235\x2de28f\x2d433b\x2da10c\x2ddeb886ff92a3.mount: Succeeded.
Nov 16 13:16:03.419531 ropatil1611az-gs6zj-worker-westus-j4ngg systemd[1]: run-netns-fe304235\x2de28f\x2d433b\x2da10c\x2ddeb886ff92a3.mount: Succeeded.
Nov 16 13:16:03.427548 ropatil1611az-gs6zj-worker-westus-j4ngg systemd[1]: run-containers-storage-overlay\x2dcontainers-7c067ed067cdea69c8e7068b01d9ce926cc31a3ab357e8522ce33812d8db9c26-userdata-shm.mount: Succeeded.
Nov 16 13:16:03.599595 ropatil1611az-gs6zj-worker-westus-j4ngg crio[1530]: time="2022-11-16 13:16:03.599552954Z" level=info msg="Stopped pod sandbox: 7c067ed067cdea69c8e7068b01d9ce926cc31a3ab357e8522ce33812d8db9c26" id=4dcba57b-a733-42ce-989d-b451cf6a278c name=/runtime.v1.RuntimeService/StopPodSandbox
Nov 16 13:16:03.740563 ropatil1611az-gs6zj-worker-westus-j4ngg hyperkube[1563]: I1116 13:16:03.740521 1563 generic.go:296] "Generic (PLEG): container finished" podID=847e27ee-d034-4a3d-89dd-da8f1ebb90b1 containerID="ec0fae3c68c34513605b70eede5b459199834898bd4ee8e3acc44b48c6f9683a" exitCode=0
Nov 16 13:16:03.740563 ropatil1611az-gs6zj-worker-westus-j4ngg hyperkube[1563]: I1116 13:16:03.740570 1563 kubelet.go:2175] "SyncLoop (PLEG): event for pod" pod="openshift-marketplace/qe-app-registry-2pdbh" event=&{ID:847e27ee-d034-4a3d-89dd-da8f1ebb90b1 Type:ContainerDied Data:ec0fae3c68c34513605b70eede5b459199834898bd4ee8e3acc44b48c6f9683a}
Nov 16 13:16:03.741112 ropatil1611az-gs6zj-worker-westus-j4ngg hyperkube[1563]: I1116 13:16:03.740613 1563 kubelet.go:2175] "SyncLoop (PLEG): event for pod" pod="openshift-marketplace/qe-app-registry-2pdbh" event=&{ID:847e27ee-d034-4a3d-89dd-da8f1ebb90b1 Type:ContainerDied Data:7c067ed067cdea69c8e7068b01d9ce926cc31a3ab357e8522ce33812d8db9c26}
Nov 16 13:16:03.741112 ropatil1611az-gs6zj-worker-westus-j4ngg hyperkube[1563]: I1116 13:16:03.740636 1563 scope.go:110] "RemoveContainer" containerID="ec0fae3c68c34513605b70eede5b459199834898bd4ee8e3acc44b48c6f9683a"
Nov 16 13:16:03.741908 ropatil1611az-gs6zj-worker-westus-j4ngg crio[1530]: time="2022-11-16 13:16:03.741788418Z" level=info msg="Removing container: ec0fae3c68c34513605b70eede5b459199834898bd4ee8e3acc44b48c6f9683a" id=6937e79e-be9a-4776-b29c-52f6c920499b name=/runtime.v1.RuntimeService/RemoveContainer
Nov 16 13:16:03.751598 ropatil1611az-gs6zj-worker-westus-j4ngg hyperkube[1563]: I1116 13:16:03.751560 1563 reconciler.go:192] "operationExecutor.UnmountVolume started for volume \"kube-api-access-lzglk\" (UniqueName: \"kubernetes.io/projected/847e27ee-d034-4a3d-89dd-da8f1ebb90b1-kube-api-access-lzglk\") pod \"847e27ee-d034-4a3d-89dd-da8f1ebb90b1\" (UID: \"847e27ee-d034-4a3d-89dd-da8f1ebb90b1\") "
Nov 16 13:16:03.758731 ropatil1611az-gs6zj-worker-westus-j4ngg hyperkube[1563]: I1116 13:16:03.758644 1563 operation_generator.go:910] UnmountVolume.TearDown succeeded for volume "kubernetes.io/projected/847e27ee-d034-4a3d-89dd-da8f1ebb90b1-kube-api-access-lzglk" (OuterVolumeSpecName: "kube-api-access-lzglk") pod "847e27ee-d034-4a3d-89dd-da8f1ebb90b1" (UID: "847e27ee-d034-4a3d-89dd-da8f1ebb90b1"). InnerVolumeSpecName "kube-api-access-lzglk". PluginName "kubernetes.io/projected", VolumeGidValue ""
Nov 16 13:16:03.772314 ropatil1611az-gs6zj-worker-westus-j4ngg crio[1530]: time="2022-11-16 13:16:03.772154824Z" level=info msg="Removed container ec0fae3c68c34513605b70eede5b459199834898bd4ee8e3acc44b48c6f9683a: openshift-marketplace/qe-app-registry-2pdbh/registry-server" id=6937e79e-be9a-4776-b29c-52f6c920499b name=/runtime.v1.RuntimeService/RemoveContainer
Nov 16 13:16:03.772528 ropatil1611az-gs6zj-worker-westus-j4ngg hyperkube[1563]: I1116 13:16:03.772500 1563 scope.go:110] "RemoveContainer" containerID="ec0fae3c68c34513605b70eede5b459199834898bd4ee8e3acc44b48c6f9683a"
Nov 16 13:16:03.772953 ropatil1611az-gs6zj-worker-westus-j4ngg hyperkube[1563]: E1116 13:16:03.772892 1563 remote_runtime.go:597] "ContainerStatus from runtime service failed" err="rpc error: code = NotFound desc = could not find container \"ec0fae3c68c34513605b70eede5b459199834898bd4ee8e3acc44b48c6f9683a\": container with ID starting with ec0fae3c68c34513605b70eede5b459199834898bd4ee8e3acc44b48c6f9683a not found: ID does not exist" containerID="ec0fae3c68c34513605b70eede5b459199834898bd4ee8e3acc44b48c6f9683a"
Nov 16 13:16:03.772953 ropatil1611az-gs6zj-worker-westus-j4ngg hyperkube[1563]: I1116 13:16:03.772935 1563 pod_container_deletor.go:52] "DeleteContainer returned error" containerID={Type:cri-o ID:ec0fae3c68c34513605b70eede5b459199834898bd4ee8e3acc44b48c6f9683a} err="failed to get container status \"ec0fae3c68c34513605b70eede5b459199834898bd4ee8e3acc44b48c6f9683a\": rpc error: code = NotFound desc = could not find container \"ec0fae3c68c34513605b70eede5b459199834898bd4ee8e3acc44b48c6f9683a\": container with ID starting with ec0fae3c68c34513605b70eede5b459199834898bd4ee8e3acc44b48c6f9683a not found: ID does not exist"
Nov 16 13:16:03.852567 ropatil1611az-gs6zj-worker-westus-j4ngg hyperkube[1563]: I1116 13:16:03.852322 1563 reconciler.go:300] "Volume detached for volume \"kube-api-access-lzglk\" (UniqueName: \"kubernetes.io/projected/847e27ee-d034-4a3d-89dd-da8f1ebb90b1-kube-api-access-lzglk\") on node \"ropatil1611az-gs6zj-worker-westus-j4ngg\" DevicePath \"\""
Nov 16 13:16:03.891932 ropatil1611az-gs6zj-worker-westus-j4ngg systemd[1]: var-lib-containers-storage-overlay-1e59ed1c241c882e19d56c3c9a80bae66d74d3757c3c8748cddd0c0d8b98fb42-merged.mount: Succeeded.
Nov 16 13:16:03.892000 ropatil1611az-gs6zj-worker-westus-j4ngg systemd[1]: var-lib-kubelet-pods-847e27ee\x2dd034\x2d4a3d\x2d89dd\x2dda8f1ebb90b1-volumes-kubernetes.io\x7eprojected-kube\x2dapi\x2daccess\x2dlzglk.mount: Succeeded.
Nov 16 13:16:04.047764 ropatil1611az-gs6zj-worker-westus-j4ngg systemd[1]: Removed slice libcontainer container kubepods-burstable-pod847e27ee_d034_4a3d_89dd_da8f1ebb90b1.slice.
Nov 16 13:16:04.047836 ropatil1611az-gs6zj-worker-westus-j4ngg systemd[1]: kubepods-burstable-pod847e27ee_d034_4a3d_89dd_da8f1ebb90b1.slice: Consumed 682ms CPU time
Nov 16 13:16:04.067891 ropatil1611az-gs6zj-worker-westus-j4ngg hyperkube[1563]: I1116 13:16:04.067809 1563 kubelet.go:2153] "SyncLoop DELETE" source="api" pods=[openshift-marketplace/qe-app-registry-2pdbh]
Nov 16 13:16:04.071657 ropatil1611az-gs6zj-worker-westus-j4ngg hyperkube[1563]: I1116 13:16:04.071598 1563 kubelet.go:2147] "SyncLoop REMOVE" source="api" pods=[openshift-marketplace/qe-app-registry-2pdbh]
Nov 16 13:16:04.595184 ropatil1611az-gs6zj-worker-westus-j4ngg hyperkube[1563]: I1116 13:16:04.595087 1563 kubelet_volumes.go:160] "Cleaned up orphaned pod volumes dir" podUID=847e27ee-d034-4a3d-89dd-da8f1ebb90b1 path="/var/lib/kubelet/pods/847e27ee-d034-4a3d-89dd-da8f1ebb90b1/volumes"
Nov 16 13:16:21.205111 ropatil1611az-gs6zj-worker-westus-j4ngg crio[1530]: time="2022-11-16 13:16:21.205011140Z" level=info msg="Stopping pod sandbox: 7c067ed067cdea69c8e7068b01d9ce926cc31a3ab357e8522ce33812d8db9c26" id=4d9455c4-3cb8-42c5-b53e-2c97efce149f name=/runtime.v1.RuntimeService/StopPodSandbox
