Nov 16 13:16:21.205111 ropatil1611az-gs6zj-worker-westus-j4ngg crio[1530]: time="2022-11-16 13:16:21.205070740Z" level=info msg="Stopped pod sandbox (already stopped): 7c067ed067cdea69c8e7068b01d9ce926cc31a3ab357e8522ce33812d8db9c26" id=4d9455c4-3cb8-42c5-b53e-2c97efce149f name=/runtime.v1.RuntimeService/StopPodSandbox
Nov 16 13:16:21.205626 ropatil1611az-gs6zj-worker-westus-j4ngg crio[1530]: time="2022-11-16 13:16:21.205411843Z" level=info msg="Removing pod sandbox: 7c067ed067cdea69c8e7068b01d9ce926cc31a3ab357e8522ce33812d8db9c26" id=7bc10b10-14a6-4a99-b306-781db280b0a8 name=/runtime.v1.RuntimeService/RemovePodSandbox
Nov 16 13:16:21.224296 ropatil1611az-gs6zj-worker-westus-j4ngg crio[1530]: time="2022-11-16 13:16:21.224249689Z" level=info msg="Removed pod sandbox: 7c067ed067cdea69c8e7068b01d9ce926cc31a3ab357e8522ce33812d8db9c26" id=7bc10b10-14a6-4a99-b306-781db280b0a8 name=/runtime.v1.RuntimeService/RemovePodSandbox
Nov 16 13:18:20.399424 ropatil1611az-gs6zj-worker-westus-j4ngg crio[1530]: time="2022-11-16 13:18:20.399275703Z" level=info msg="Checking image status: quay.io/openshift-release-dev/ocp-v4.0-art-dev@sha256:c39aa024d407b037fc426c5e55a3613f5111ba787cfba1abccc44cf2db1e4a40" id=caa43557-faf6-4085-9364-56ae4d07b849 name=/runtime.v1.ImageService/ImageStatus
Nov 16 13:18:20.420086 ropatil1611az-gs6zj-worker-westus-j4ngg crio[1530]: time="2022-11-16 13:18:20.399500605Z" level=info msg="Image status: &ImageStatusResponse{Image:&Image{Id:9e44923d83df71e11fd4837b57daa843fc8a5c5f8e9eedba0e1a1eaf90f98ca3,RepoTags:[],RepoDigests:[quay.io/openshift-release-dev/ocp-v4.0-art-dev@sha256:c39aa024d407b037fc426c5e55a3613f5111ba787cfba1abccc44cf2db1e4a40],Size_:286791011,Uid:nil,Username:,Spec:nil,},Info:map[string]string{},}" id=caa43557-faf6-4085-9364-56ae4d07b849 name=/runtime.v1.ImageService/ImageStatus
Nov 16 13:18:56.978513 ropatil1611az-gs6zj-worker-westus-j4ngg systemd[1]: run-runc-c3b62f10575c17e7dfdacdc07240163cc41df1264d4648ab19dc0ef5c5cfa259-runc.gmoAUO.mount: Succeeded.
Nov 16 13:22:56.981413 ropatil1611az-gs6zj-worker-westus-j4ngg systemd[1]: run-runc-c3b62f10575c17e7dfdacdc07240163cc41df1264d4648ab19dc0ef5c5cfa259-runc.7Ak3Nw.mount: Succeeded.
Nov 16 13:23:06.978449 ropatil1611az-gs6zj-worker-westus-j4ngg systemd[1]: run-runc-c3b62f10575c17e7dfdacdc07240163cc41df1264d4648ab19dc0ef5c5cfa259-runc.cJDkat.mount: Succeeded.
Nov 16 13:23:20.404400 ropatil1611az-gs6zj-worker-westus-j4ngg crio[1530]: time="2022-11-16 13:23:20.404213313Z" level=info msg="Checking image status: quay.io/openshift-release-dev/ocp-v4.0-art-dev@sha256:c39aa024d407b037fc426c5e55a3613f5111ba787cfba1abccc44cf2db1e4a40" id=2769e217-5f87-4bd6-b46c-cf6aa0812635 name=/runtime.v1.ImageService/ImageStatus
Nov 16 13:23:20.459591 ropatil1611az-gs6zj-worker-westus-j4ngg crio[1530]: time="2022-11-16 13:23:20.404527215Z" level=info msg="Image status: &ImageStatusResponse{Image:&Image{Id:9e44923d83df71e11fd4837b57daa843fc8a5c5f8e9eedba0e1a1eaf90f98ca3,RepoTags:[],RepoDigests:[quay.io/openshift-release-dev/ocp-v4.0-art-dev@sha256:c39aa024d407b037fc426c5e55a3613f5111ba787cfba1abccc44cf2db1e4a40],Size_:286791011,Uid:nil,Username:,Spec:nil,},Info:map[string]string{},}" id=2769e217-5f87-4bd6-b46c-cf6aa0812635 name=/runtime.v1.ImageService/ImageStatus
Nov 16 13:28:20.409913 ropatil1611az-gs6zj-worker-westus-j4ngg crio[1530]: time="2022-11-16 13:28:20.409684721Z" level=info msg="Checking image status: quay.io/openshift-release-dev/ocp-v4.0-art-dev@sha256:c39aa024d407b037fc426c5e55a3613f5111ba787cfba1abccc44cf2db1e4a40" id=7811b32b-f3b9-4962-ba36-1580628af23b name=/runtime.v1.ImageService/ImageStatus
Nov 16 13:28:20.427552 ropatil1611az-gs6zj-worker-westus-j4ngg crio[1530]: time="2022-11-16 13:28:20.410025424Z" level=info msg="Image status: &ImageStatusResponse{Image:&Image{Id:9e44923d83df71e11fd4837b57daa843fc8a5c5f8e9eedba0e1a1eaf90f98ca3,RepoTags:[],RepoDigests:[quay.io/openshift-release-dev/ocp-v4.0-art-dev@sha256:c39aa024d407b037fc426c5e55a3613f5111ba787cfba1abccc44cf2db1e4a40],Size_:286791011,Uid:nil,Username:,Spec:nil,},Info:map[string]string{},}" id=7811b32b-f3b9-4962-ba36-1580628af23b name=/runtime.v1.ImageService/ImageStatus
Nov 16 13:29:26.980371 ropatil1611az-gs6zj-worker-westus-j4ngg systemd[1]: run-runc-c3b62f10575c17e7dfdacdc07240163cc41df1264d4648ab19dc0ef5c5cfa259-runc.bzM9FT.mount: Succeeded.
Nov 16 13:29:56.979287 ropatil1611az-gs6zj-worker-westus-j4ngg systemd[1]: run-runc-c3b62f10575c17e7dfdacdc07240163cc41df1264d4648ab19dc0ef5c5cfa259-runc.uIoNI3.mount: Succeeded.
Nov 16 13:31:27.026597 ropatil1611az-gs6zj-worker-westus-j4ngg hyperkube[1563]: I1116 13:31:27.026509 1563 kubelet.go:2137] "SyncLoop ADD" source="api" pods=[openshift-marketplace/qe-app-registry-m24cr]
Nov 16 13:31:27.026597 ropatil1611az-gs6zj-worker-westus-j4ngg hyperkube[1563]: I1116 13:31:27.026587 1563 topology_manager.go:200] "Topology Admit Handler"
Nov 16 13:31:27.027223 ropatil1611az-gs6zj-worker-westus-j4ngg hyperkube[1563]: E1116 13:31:27.026658 1563 cpu_manager.go:395] "RemoveStaleState: removing container" podUID="847e27ee-d034-4a3d-89dd-da8f1ebb90b1" containerName="registry-server"
Nov 16 13:31:27.027223 ropatil1611az-gs6zj-worker-westus-j4ngg hyperkube[1563]: I1116 13:31:27.026673 1563 state_mem.go:107] "Deleted CPUSet assignment" podUID="847e27ee-d034-4a3d-89dd-da8f1ebb90b1" containerName="registry-server"
Nov 16 13:31:27.027223 ropatil1611az-gs6zj-worker-westus-j4ngg hyperkube[1563]: I1116 13:31:27.026733 1563 memory_manager.go:345] "RemoveStaleState removing state" podUID="847e27ee-d034-4a3d-89dd-da8f1ebb90b1" containerName="registry-server"
Nov 16 13:31:27.036409 ropatil1611az-gs6zj-worker-westus-j4ngg systemd[1]: Created slice libcontainer container kubepods-burstable-podf4a98b32_1c98_4039_9bb6_6cf0748e3c43.slice.
Nov 16 13:31:27.166504 ropatil1611az-gs6zj-worker-westus-j4ngg hyperkube[1563]: I1116 13:31:27.166390 1563 reconciler.go:221] "operationExecutor.VerifyControllerAttachedVolume started for volume \"kube-api-access-7fgth\" (UniqueName: \"kubernetes.io/projected/f4a98b32-1c98-4039-9bb6-6cf0748e3c43-kube-api-access-7fgth\") pod \"qe-app-registry-m24cr\" (UID: \"f4a98b32-1c98-4039-9bb6-6cf0748e3c43\") " pod="openshift-marketplace/qe-app-registry-m24cr"
Nov 16 13:31:27.267830 ropatil1611az-gs6zj-worker-westus-j4ngg hyperkube[1563]: I1116 13:31:27.267674 1563 reconciler.go:258] "operationExecutor.MountVolume started for volume \"kube-api-access-7fgth\" (UniqueName: \"kubernetes.io/projected/f4a98b32-1c98-4039-9bb6-6cf0748e3c43-kube-api-access-7fgth\") pod \"qe-app-registry-m24cr\" (UID: \"f4a98b32-1c98-4039-9bb6-6cf0748e3c43\") " pod="openshift-marketplace/qe-app-registry-m24cr"
Nov 16 13:31:27.297033 ropatil1611az-gs6zj-worker-westus-j4ngg hyperkube[1563]: I1116 13:31:27.296786 1563 operation_generator.go:756] "MountVolume.SetUp succeeded for volume \"kube-api-access-7fgth\" (UniqueName: \"kubernetes.io/projected/f4a98b32-1c98-4039-9bb6-6cf0748e3c43-kube-api-access-7fgth\") pod \"qe-app-registry-m24cr\" (UID: \"f4a98b32-1c98-4039-9bb6-6cf0748e3c43\") " pod="openshift-marketplace/qe-app-registry-m24cr"
Nov 16 13:31:27.349440 ropatil1611az-gs6zj-worker-westus-j4ngg hyperkube[1563]: I1116 13:31:27.349407 1563 kuberuntime_manager.go:487] "No sandbox for pod can be found. Need to start a new one" pod="openshift-marketplace/qe-app-registry-m24cr"
Nov 16 13:31:27.350265 ropatil1611az-gs6zj-worker-westus-j4ngg crio[1530]: time="2022-11-16 13:31:27.350112846Z" level=info msg="Running pod sandbox: openshift-marketplace/qe-app-registry-m24cr/POD" id=16a36577-f291-4df1-809a-91f6c68cb66e name=/runtime.v1.RuntimeService/RunPodSandbox
Nov 16 13:31:27.350713 ropatil1611az-gs6zj-worker-westus-j4ngg crio[1530]: time="2022-11-16 13:31:27.350282247Z" level=warning msg="Allowed annotations are specified for workload [io.containers.trace-syscall]"
Nov 16 13:31:27.418829 ropatil1611az-gs6zj-worker-westus-j4ngg crio[1530]: time="2022-11-16 13:31:27.418710983Z" level=info msg="Got pod network &{Name:qe-app-registry-m24cr Namespace:openshift-marketplace ID:f774f9eba0a34be5d95c8eca9cb0a2a2853958ba299469b49f7ab03ba333cca4 UID:f4a98b32-1c98-4039-9bb6-6cf0748e3c43 NetNS:/var/run/netns/583a3160-a337-4c01-915b-b4291262cbc6 Networks:[] RuntimeConfig:map[multus-cni-network:{IP: MAC: PortMappings:[] Bandwidth: IpRanges:[]}] Aliases:map[]}"
Nov 16 13:31:27.418829 ropatil1611az-gs6zj-worker-westus-j4ngg crio[1530]: time="2022-11-16 13:31:27.418765583Z" level=info msg="Adding pod openshift-marketplace_qe-app-registry-m24cr to CNI network \"multus-cni-network\" (type=multus)"
Nov 16 13:31:27.470164 ropatil1611az-gs6zj-worker-westus-j4ngg kernel: IPv6: ADDRCONF(NETDEV_UP): eth0: link is not ready
Nov 16 13:31:27.495273 ropatil1611az-gs6zj-worker-westus-j4ngg kernel: IPv6: ADDRCONF(NETDEV_UP): vetheb728b2e: link is not ready
Nov 16 13:31:27.495374 ropatil1611az-gs6zj-worker-westus-j4ngg kernel: IPv6: ADDRCONF(NETDEV_CHANGE): vetheb728b2e: link becomes ready
Nov 16 13:31:27.495406 ropatil1611az-gs6zj-worker-westus-j4ngg kernel: IPv6: ADDRCONF(NETDEV_CHANGE): eth0: link becomes ready
Nov 16 13:31:27.500674 ropatil1611az-gs6zj-worker-westus-j4ngg systemd-udevd[95019]: link_config: autonegotiation is unset or enabled, the speed and duplex are not writable.
Nov 16 13:31:27.501081 ropatil1611az-gs6zj-worker-westus-j4ngg NetworkManager[1379]: [1668605487.5010] manager: (vetheb728b2e): new Veth device (/org/freedesktop/NetworkManager/Devices/40)
Nov 16 13:31:27.501191 ropatil1611az-gs6zj-worker-westus-j4ngg systemd-udevd[95019]: Could not generate persistent MAC address for vetheb728b2e: No such file or directory
Nov 16 13:31:27.501992 ropatil1611az-gs6zj-worker-westus-j4ngg NetworkManager[1379]: [1668605487.5019] device (vetheb728b2e): carrier: link connected
Nov 16 13:31:27.521895 ropatil1611az-gs6zj-worker-westus-j4ngg NetworkManager[1379]: [1668605487.5218] manager: (vetheb728b2e): new Open vSwitch Port device (/org/freedesktop/NetworkManager/Devices/41)
Nov 16 13:31:27.529954 ropatil1611az-gs6zj-worker-westus-j4ngg ovs-vswitchd[1367]: ovs|00123|bridge|INFO|bridge br0: added interface vetheb728b2e on port 18
Nov 16 13:31:27.530406 ropatil1611az-gs6zj-worker-westus-j4ngg kernel: device vetheb728b2e entered promiscuous mode
Nov 16 13:31:27.562180 ropatil1611az-gs6zj-worker-westus-j4ngg ovs-vswitchd[1367]: ovs|00124|connmgr|INFO|br0<->unix#242: 5 flow_mods in the last 0 s (5 adds)
Nov 16 13:31:27.606855 ropatil1611az-gs6zj-worker-westus-j4ngg ovs-vswitchd[1367]: ovs|00125|connmgr|INFO|br0<->unix#245: 2 flow_mods in the last 0 s (2 deletes)
Nov 16 13:31:29.269171 ropatil1611az-gs6zj-worker-westus-j4ngg crio[1530]: 2022-11-16T13:31:29Z [verbose] Add: openshift-marketplace:qe-app-registry-m24cr:f4a98b32-1c98-4039-9bb6-6cf0748e3c43:openshift-sdn(openshift-sdn):eth0 {"cniVersion":"0.3.1","interfaces":[{"name":"eth0","sandbox":"/var/run/netns/583a3160-a337-4c01-915b-b4291262cbc6"}],"ips":[{"version":"4","interface":0,"address":"10.129.2.17/23","gateway":"10.129.2.1"}],"dns":{}}
Nov 16 13:31:29.269171 ropatil1611az-gs6zj-worker-westus-j4ngg crio[1530]: I1116 13:31:29.246851 95002 event.go:282] Event(v1.ObjectReference{Kind:"Pod", Namespace:"openshift-marketplace", Name:"qe-app-registry-m24cr", UID:"f4a98b32-1c98-4039-9bb6-6cf0748e3c43", APIVersion:"v1", ResourceVersion:"60603", FieldPath:""}): type: 'Normal' reason: 'AddedInterface' Add eth0 [10.129.2.17/23] from openshift-sdn
Nov 16 13:31:29.269660 ropatil1611az-gs6zj-worker-westus-j4ngg hyperkube[1563]: I1116 13:31:29.269338 1563 kubelet.go:2144] "SyncLoop UPDATE" source="api" pods=[openshift-marketplace/qe-app-registry-m24cr]
Nov 16 13:31:29.269908 ropatil1611az-gs6zj-worker-westus-j4ngg crio[1530]: time="2022-11-16 13:31:29.269731561Z" level=info msg="Got pod network &{Name:qe-app-registry-m24cr Namespace:openshift-marketplace ID:f774f9eba0a34be5d95c8eca9cb0a2a2853958ba299469b49f7ab03ba333cca4 UID:f4a98b32-1c98-4039-9bb6-6cf0748e3c43 NetNS:/var/run/netns/583a3160-a337-4c01-915b-b4291262cbc6 Networks:[] RuntimeConfig:map[multus-cni-network:{IP: MAC: PortMappings:[] Bandwidth: IpRanges:[]}] Aliases:map[]}"
Nov 16 13:31:29.269908 ropatil1611az-gs6zj-worker-westus-j4ngg crio[1530]: time="2022-11-16 13:31:29.269879662Z" level=info msg="Checking pod openshift-marketplace_qe-app-registry-m24cr for CNI network multus-cni-network (type=multus)"
Nov 16 13:31:29.272396 ropatil1611az-gs6zj-worker-westus-j4ngg hyperkube[1563]: W1116 13:31:29.272358 1563 manager.go:1176] Failed to process watch event {EventType:0 Name:/kubepods.slice/kubepods-burstable.slice/kubepods-burstable-podf4a98b32_1c98_4039_9bb6_6cf0748e3c43.slice/crio-f774f9eba0a34be5d95c8eca9cb0a2a2853958ba299469b49f7ab03ba333cca4.scope WatchSource:0}: Error finding container f774f9eba0a34be5d95c8eca9cb0a2a2853958ba299469b49f7ab03ba333cca4: Status 404 returned error &{%!s(*http.body=&{0xc002f2e0a8 false false {0 0} false false false }) {%!s(int32=0) %!s(uint32=0)} %!s(bool=false) %!s(func(error) error=0x85b280) %!s(func() error=0x85b380)}
Nov 16 13:31:29.280816 ropatil1611az-gs6zj-worker-westus-j4ngg crio[1530]: time="2022-11-16 13:31:29.280749366Z" level=info msg="Ran pod sandbox f774f9eba0a34be5d95c8eca9cb0a2a2853958ba299469b49f7ab03ba333cca4 with infra container: openshift-marketplace/qe-app-registry-m24cr/POD" id=16a36577-f291-4df1-809a-91f6c68cb66e name=/runtime.v1.RuntimeService/RunPodSandbox
Nov 16 13:31:29.281952 ropatil1611az-gs6zj-worker-westus-j4ngg crio[1530]: time="2022-11-16 13:31:29.281905377Z" level=info msg="Checking image status: quay.io/openshift-qe-optional-operators/aosqe-index:v4.10" id=e13cb71a-f734-491c-8080-9dbd26060a99 name=/runtime.v1.ImageService/ImageStatus
Nov 16 13:31:29.282225 ropatil1611az-gs6zj-worker-westus-j4ngg crio[1530]: time="2022-11-16 13:31:29.282183179Z" level=info msg="Image status: &ImageStatusResponse{Image:&Image{Id:955b8c7a3931b968b0bd346474f64f679068be76fe317e18ac368da1adf57f20,RepoTags:[quay.io/openshift-qe-optional-operators/aosqe-index:v4.10],RepoDigests:[quay.io/openshift-qe-optional-operators/aosqe-index@sha256:37469b633c0f08ccead9fc8d560172b118ed4ede7797e8b75d5262bbf93e15e7 quay.io/openshift-qe-optional-operators/aosqe-index@sha256:5c8d127c45a9965860bd01677437fb9ac2ed820b9d54b086ccd040bf6508910b],Size_:340239472,Uid:nil,Username:,Spec:nil,},Info:map[string]string{},}" id=e13cb71a-f734-491c-8080-9dbd26060a99 name=/runtime.v1.ImageService/ImageStatus
Nov 16 13:31:29.282708 ropatil1611az-gs6zj-worker-westus-j4ngg hyperkube[1563]: I1116 13:31:29.282684 1563 provider.go:102] Refreshing cache for provider: *credentialprovider.defaultDockerConfigProvider
Nov 16 13:31:29.283318 ropatil1611az-gs6zj-worker-westus-j4ngg crio[1530]: time="2022-11-16 13:31:29.283276590Z" level=info msg="Pulling image: quay.io/openshift-qe-optional-operators/aosqe-index:v4.10" id=89e88d0d-f5e8-47be-ab18-bdc59155ff72 name=/runtime.v1.ImageService/PullImage
Nov 16 13:31:29.286516 ropatil1611az-gs6zj-worker-westus-j4ngg crio[1530]: time="2022-11-16 13:31:29.286483820Z" level=info msg="Trying to access \"quay.io/openshift-qe-optional-operators/aosqe-index:v4.10\""
Nov 16 13:31:29.357433 ropatil1611az-gs6zj-worker-westus-j4ngg hyperkube[1563]: I1116 13:31:29.357387 1563 kubelet.go:2175] "SyncLoop (PLEG): event for pod" pod="openshift-marketplace/qe-app-registry-m24cr" event=&{ID:f4a98b32-1c98-4039-9bb6-6cf0748e3c43 Type:ContainerStarted Data:f774f9eba0a34be5d95c8eca9cb0a2a2853958ba299469b49f7ab03ba333cca4}
Nov 16 13:31:30.940800 ropatil1611az-gs6zj-worker-westus-j4ngg crio[1530]: time="2022-11-16 13:31:30.940708257Z" level=info msg="Pulled image: quay.io/openshift-qe-optional-operators/aosqe-index@sha256:37469b633c0f08ccead9fc8d560172b118ed4ede7797e8b75d5262bbf93e15e7" id=89e88d0d-f5e8-47be-ab18-bdc59155ff72 name=/runtime.v1.ImageService/PullImage
Nov 16 13:31:30.941993 ropatil1611az-gs6zj-worker-westus-j4ngg crio[1530]: time="2022-11-16 13:31:30.941912469Z" level=info msg="Checking image status: quay.io/openshift-qe-optional-operators/aosqe-index:v4.10" id=2c61c17d-47b0-4af5-ad7d-39d631dbd75b name=/runtime.v1.ImageService/ImageStatus
Nov 16 13:31:30.942305 ropatil1611az-gs6zj-worker-westus-j4ngg crio[1530]: time="2022-11-16 13:31:30.942260472Z" level=info msg="Image status: &ImageStatusResponse{Image:&Image{Id:955b8c7a3931b968b0bd346474f64f679068be76fe317e18ac368da1adf57f20,RepoTags:[quay.io/openshift-qe-optional-operators/aosqe-index:v4.10],RepoDigests:[quay.io/openshift-qe-optional-operators/aosqe-index@sha256:37469b633c0f08ccead9fc8d560172b118ed4ede7797e8b75d5262bbf93e15e7 quay.io/openshift-qe-optional-operators/aosqe-index@sha256:5c8d127c45a9965860bd01677437fb9ac2ed820b9d54b086ccd040bf6508910b],Size_:340239472,Uid:nil,Username:,Spec:nil,},Info:map[string]string{},}" id=2c61c17d-47b0-4af5-ad7d-39d631dbd75b name=/runtime.v1.ImageService/ImageStatus
Nov 16 13:31:30.943398 ropatil1611az-gs6zj-worker-westus-j4ngg crio[1530]: time="2022-11-16 13:31:30.943356683Z" level=info msg="Creating container: openshift-marketplace/qe-app-registry-m24cr/registry-server" id=33973b57-91ce-4f8d-bc01-58b354526eba name=/runtime.v1.RuntimeService/CreateContainer
Nov 16 13:31:30.943508 ropatil1611az-gs6zj-worker-westus-j4ngg crio[1530]: time="2022-11-16 13:31:30.943480784Z" level=warning msg="Allowed annotations are specified for workload [io.containers.trace-syscall]"
Nov 16 13:31:31.002681 ropatil1611az-gs6zj-worker-westus-j4ngg systemd[1]: Started crio-conmon-3effbbdca377a05b3b3bde569d47e7c8c2db184ca2885b5cab5b9f612f7a7e29.scope.
Nov 16 13:31:31.029032 ropatil1611az-gs6zj-worker-westus-j4ngg systemd[1]: Started libcontainer container 3effbbdca377a05b3b3bde569d47e7c8c2db184ca2885b5cab5b9f612f7a7e29.
Nov 16 13:31:31.070337 ropatil1611az-gs6zj-worker-westus-j4ngg systemd[1]: Couldn't stat device /dev/char/10:200: No such file or directory
Nov 16 13:31:31.137951 ropatil1611az-gs6zj-worker-westus-j4ngg crio[1530]: time="2022-11-16 13:31:31.137884533Z" level=info msg="Created container 3effbbdca377a05b3b3bde569d47e7c8c2db184ca2885b5cab5b9f612f7a7e29: openshift-marketplace/qe-app-registry-m24cr/registry-server" id=33973b57-91ce-4f8d-bc01-58b354526eba name=/runtime.v1.RuntimeService/CreateContainer
Nov 16 13:31:31.140848 ropatil1611az-gs6zj-worker-westus-j4ngg crio[1530]: time="2022-11-16 13:31:31.140764561Z" level=info msg="Starting container: 3effbbdca377a05b3b3bde569d47e7c8c2db184ca2885b5cab5b9f612f7a7e29" id=d873b35d-5b41-4c33-9276-241381bc29af name=/runtime.v1.RuntimeService/StartContainer
Nov 16 13:31:31.153323 ropatil1611az-gs6zj-worker-westus-j4ngg crio[1530]: time="2022-11-16 13:31:31.153277880Z" level=info msg="Started container" PID=95128 containerID=3effbbdca377a05b3b3bde569d47e7c8c2db184ca2885b5cab5b9f612f7a7e29 description=openshift-marketplace/qe-app-registry-m24cr/registry-server id=d873b35d-5b41-4c33-9276-241381bc29af name=/runtime.v1.RuntimeService/StartContainer sandboxID=f774f9eba0a34be5d95c8eca9cb0a2a2853958ba299469b49f7ab03ba333cca4
Nov 16 13:31:31.363759 ropatil1611az-gs6zj-worker-westus-j4ngg hyperkube[1563]: I1116 13:31:31.363695 1563 kubelet.go:2175] "SyncLoop (PLEG): event for pod" pod="openshift-marketplace/qe-app-registry-m24cr" event=&{ID:f4a98b32-1c98-4039-9bb6-6cf0748e3c43 Type:ContainerStarted Data:3effbbdca377a05b3b3bde569d47e7c8c2db184ca2885b5cab5b9f612f7a7e29}
Nov 16 13:31:37.350352 ropatil1611az-gs6zj-worker-westus-j4ngg hyperkube[1563]: I1116 13:31:37.350215 1563 kubelet.go:2247] "SyncLoop (probe)" probe="startup" status="unhealthy" pod="openshift-marketplace/qe-app-registry-m24cr"
Nov 16 13:31:37.350352 ropatil1611az-gs6zj-worker-westus-j4ngg hyperkube[1563]: I1116 13:31:37.350285 1563 kubelet.go:2247] "SyncLoop (probe)" probe="readiness" status="" pod="openshift-marketplace/qe-app-registry-m24cr"
Nov 16 13:31:37.415688 ropatil1611az-gs6zj-worker-westus-j4ngg hyperkube[1563]: I1116 13:31:37.415650 1563 kubelet.go:2247] "SyncLoop (probe)" probe="startup" status="started" pod="openshift-marketplace/qe-app-registry-m24cr"
Nov 16 13:31:38.443310 ropatil1611az-gs6zj-worker-westus-j4ngg hyperkube[1563]: I1116 13:31:38.443270 1563 kubelet.go:2247] "SyncLoop (probe)" probe="readiness" status="ready" pod="openshift-marketplace/qe-app-registry-m24cr"
Nov 16 13:31:38.494150 ropatil1611az-gs6zj-worker-westus-j4ngg hyperkube[1563]: I1116 13:31:38.494043 1563 kubelet.go:2153] "SyncLoop DELETE" source="api" pods=[openshift-marketplace/qe-app-registry-m24cr]
Nov 16 13:31:40.388857 ropatil1611az-gs6zj-worker-westus-j4ngg hyperkube[1563]: I1116 13:31:40.388793 1563 kuberuntime_container.go:729] "Killing container with a grace period" pod="openshift-marketplace/qe-app-registry-m24cr" podUID=f4a98b32-1c98-4039-9bb6-6cf0748e3c43 containerName="registry-server" containerID="cri-o://3effbbdca377a05b3b3bde569d47e7c8c2db184ca2885b5cab5b9f612f7a7e29" gracePeriod=1
Nov 16 13:31:40.389461 ropatil1611az-gs6zj-worker-westus-j4ngg crio[1530]: time="2022-11-16 13:31:40.389171363Z" level=info msg="Stopping container: 3effbbdca377a05b3b3bde569d47e7c8c2db184ca2885b5cab5b9f612f7a7e29 (timeout: 1s)" id=96c1a448-fdea-460b-b8e4-bcb655562dd9 name=/runtime.v1.RuntimeService/StopContainer
Nov 16 13:31:40.417103 ropatil1611az-gs6zj-worker-westus-j4ngg systemd[1]: crio-3effbbdca377a05b3b3bde569d47e7c8c2db184ca2885b5cab5b9f612f7a7e29.scope: Succeeded.
Nov 16 13:31:40.417802 ropatil1611az-gs6zj-worker-westus-j4ngg systemd[1]: crio-3effbbdca377a05b3b3bde569d47e7c8c2db184ca2885b5cab5b9f612f7a7e29.scope: Consumed 673ms CPU time
Nov 16 13:31:40.431433 ropatil1611az-gs6zj-worker-westus-j4ngg systemd[1]: crio-conmon-3effbbdca377a05b3b3bde569d47e7c8c2db184ca2885b5cab5b9f612f7a7e29.scope: Succeeded.
Nov 16 13:31:40.432114 ropatil1611az-gs6zj-worker-westus-j4ngg systemd[1]: crio-conmon-3effbbdca377a05b3b3bde569d47e7c8c2db184ca2885b5cab5b9f612f7a7e29.scope: Consumed 36ms CPU time
Nov 16 13:31:40.539819 ropatil1611az-gs6zj-worker-westus-j4ngg systemd[1]: var-lib-containers-storage-overlay-ba49b791b5833f28ae2da4da3fa9645fccd0efaee952a75c06adaf62837cc2a2-merged.mount: Succeeded.
Nov 16 13:31:40.891494 ropatil1611az-gs6zj-worker-westus-j4ngg crio[1530]: time="2022-11-16 13:31:40.891395438Z" level=info msg="Stopped container 3effbbdca377a05b3b3bde569d47e7c8c2db184ca2885b5cab5b9f612f7a7e29: openshift-marketplace/qe-app-registry-m24cr/registry-server" id=96c1a448-fdea-460b-b8e4-bcb655562dd9 name=/runtime.v1.RuntimeService/StopContainer
Nov 16 13:31:40.891949 ropatil1611az-gs6zj-worker-westus-j4ngg crio[1530]: time="2022-11-16 13:31:40.891910342Z" level=info msg="Stopping pod sandbox: f774f9eba0a34be5d95c8eca9cb0a2a2853958ba299469b49f7ab03ba333cca4" id=68391101-19e8-4fa0-af7c-20d1de95a115 name=/runtime.v1.RuntimeService/StopPodSandbox
Nov 16 13:31:40.892220 ropatil1611az-gs6zj-worker-westus-j4ngg crio[1530]: time="2022-11-16 13:31:40.892183944Z" level=info msg="Got pod network &{Name:qe-app-registry-m24cr Namespace:openshift-marketplace ID:f774f9eba0a34be5d95c8eca9cb0a2a2853958ba299469b49f7ab03ba333cca4 UID:f4a98b32-1c98-4039-9bb6-6cf0748e3c43 NetNS:/var/run/netns/583a3160-a337-4c01-915b-b4291262cbc6 Networks:[{Name:multus-cni-network Ifname:eth0}] RuntimeConfig:map[multus-cni-network:{IP: MAC: PortMappings:[] Bandwidth: IpRanges:[]}] Aliases:map[]}"
Nov 16 13:31:40.892430 ropatil1611az-gs6zj-worker-westus-j4ngg crio[1530]: time="2022-11-16 13:31:40.892397546Z" level=info msg="Deleting pod openshift-marketplace_qe-app-registry-m24cr from CNI network \"multus-cni-network\" (type=multus)"
Nov 16 13:31:40.960343 ropatil1611az-gs6zj-worker-westus-j4ngg ovs-vswitchd[1367]: ovs|00126|connmgr|INFO|br0<->unix#249: 2 flow_mods in the last 0 s (2 deletes)
Nov 16 13:31:40.992203 ropatil1611az-gs6zj-worker-westus-j4ngg ovs-vswitchd[1367]: ovs|00127|connmgr|INFO|br0<->unix#252: 4 flow_mods in the last 0 s (4 deletes)
Nov 16 13:31:41.022510 ropatil1611az-gs6zj-worker-westus-j4ngg ovs-vswitchd[1367]: ovs|00128|bridge|INFO|bridge br0: deleted interface vetheb728b2e on port 18
Nov 16 13:31:41.028163 ropatil1611az-gs6zj-worker-westus-j4ngg kernel: device vetheb728b2e left promiscuous mode
Nov 16 13:31:41.036401 ropatil1611az-gs6zj-worker-westus-j4ngg crio[1530]: 2022-11-16T13:31:40Z [verbose] Del: openshift-marketplace:qe-app-registry-m24cr:f4a98b32-1c98-4039-9bb6-6cf0748e3c43:openshift-sdn:eth0 {"cniVersion":"0.3.1","name":"openshift-sdn","type":"openshift-sdn"}
Nov 16 13:31:41.043367 ropatil1611az-gs6zj-worker-westus-j4ngg systemd[1]: run-utsns-583a3160\x2da337\x2d4c01\x2d915b\x2db4291262cbc6.mount: Succeeded.
Nov 16 13:31:41.051610 ropatil1611az-gs6zj-worker-westus-j4ngg systemd[1]: run-ipcns-583a3160\x2da337\x2d4c01\x2d915b\x2db4291262cbc6.mount: Succeeded.
Nov 16 13:31:41.192693 ropatil1611az-gs6zj-worker-westus-j4ngg crio[1530]: time="2022-11-16 13:31:41.192529041Z" level=info msg="Stopped pod sandbox: f774f9eba0a34be5d95c8eca9cb0a2a2853958ba299469b49f7ab03ba333cca4" id=68391101-19e8-4fa0-af7c-20d1de95a115 name=/runtime.v1.RuntimeService/StopPodSandbox
Nov 16 13:31:41.298538 ropatil1611az-gs6zj-worker-westus-j4ngg systemd[1]: var-lib-containers-storage-overlay-4573baadcd73ccdd902ef88edeb92ba64a19cea0b1c55ee4c68d6c15fc4c2b23-merged.mount: Succeeded.
Nov 16 13:31:41.298571 ropatil1611az-gs6zj-worker-westus-j4ngg systemd[1]: run-netns-583a3160\x2da337\x2d4c01\x2d915b\x2db4291262cbc6.mount: Succeeded.
Nov 16 13:31:41.298580 ropatil1611az-gs6zj-worker-westus-j4ngg systemd[1]: run-containers-storage-overlay\x2dcontainers-f774f9eba0a34be5d95c8eca9cb0a2a2853958ba299469b49f7ab03ba333cca4-userdata-shm.mount: Succeeded.
Nov 16 13:31:41.386693 ropatil1611az-gs6zj-worker-westus-j4ngg hyperkube[1563]: I1116 13:31:41.386579 1563 reconciler.go:192] "operationExecutor.UnmountVolume started for volume \"kube-api-access-7fgth\" (UniqueName: \"kubernetes.io/projected/f4a98b32-1c98-4039-9bb6-6cf0748e3c43-kube-api-access-7fgth\") pod \"f4a98b32-1c98-4039-9bb6-6cf0748e3c43\" (UID: \"f4a98b32-1c98-4039-9bb6-6cf0748e3c43\") "
Nov 16 13:31:41.392405 ropatil1611az-gs6zj-worker-westus-j4ngg hyperkube[1563]: I1116 13:31:41.392377 1563 generic.go:296] "Generic (PLEG): container finished" podID=f4a98b32-1c98-4039-9bb6-6cf0748e3c43 containerID="3effbbdca377a05b3b3bde569d47e7c8c2db184ca2885b5cab5b9f612f7a7e29" exitCode=0
Nov 16 13:31:41.392761 ropatil1611az-gs6zj-worker-westus-j4ngg hyperkube[1563]: I1116 13:31:41.392431 1563 kubelet.go:2175] "SyncLoop (PLEG): event for pod" pod="openshift-marketplace/qe-app-registry-m24cr" event=&{ID:f4a98b32-1c98-4039-9bb6-6cf0748e3c43 Type:ContainerDied Data:3effbbdca377a05b3b3bde569d47e7c8c2db184ca2885b5cab5b9f612f7a7e29}
Nov 16 13:31:41.392761 ropatil1611az-gs6zj-worker-westus-j4ngg hyperkube[1563]: I1116 13:31:41.392462 1563 kubelet.go:2175] "SyncLoop (PLEG): event for pod" pod="openshift-marketplace/qe-app-registry-m24cr" event=&{ID:f4a98b32-1c98-4039-9bb6-6cf0748e3c43 Type:ContainerDied Data:f774f9eba0a34be5d95c8eca9cb0a2a2853958ba299469b49f7ab03ba333cca4}
Nov 16 13:31:41.392761 ropatil1611az-gs6zj-worker-westus-j4ngg hyperkube[1563]: I1116 13:31:41.392485 1563 scope.go:110] "RemoveContainer" containerID="3effbbdca377a05b3b3bde569d47e7c8c2db184ca2885b5cab5b9f612f7a7e29"
Nov 16 13:31:41.393427 ropatil1611az-gs6zj-worker-westus-j4ngg crio[1530]: time="2022-11-16 13:31:41.393385011Z" level=info msg="Removing container: 3effbbdca377a05b3b3bde569d47e7c8c2db184ca2885b5cab5b9f612f7a7e29" id=baaea75a-94d5-49d8-9eb2-17b342e0ba87 name=/runtime.v1.RuntimeService/RemoveContainer
Nov 16 13:31:41.395787 ropatil1611az-gs6zj-worker-westus-j4ngg systemd[1]: var-lib-kubelet-pods-f4a98b32\x2d1c98\x2d4039\x2d9bb6\x2d6cf0748e3c43-volumes-kubernetes.io\x7eprojected-kube\x2dapi\x2daccess\x2d7fgth.mount: Succeeded.
Nov 16 13:31:41.400781 ropatil1611az-gs6zj-worker-westus-j4ngg hyperkube[1563]: I1116 13:31:41.400740 1563 operation_generator.go:910] UnmountVolume.TearDown succeeded for volume "kubernetes.io/projected/f4a98b32-1c98-4039-9bb6-6cf0748e3c43-kube-api-access-7fgth" (OuterVolumeSpecName: "kube-api-access-7fgth") pod "f4a98b32-1c98-4039-9bb6-6cf0748e3c43" (UID: "f4a98b32-1c98-4039-9bb6-6cf0748e3c43"). InnerVolumeSpecName "kube-api-access-7fgth". PluginName "kubernetes.io/projected", VolumeGidValue ""
Nov 16 13:31:41.419957 ropatil1611az-gs6zj-worker-westus-j4ngg crio[1530]: time="2022-11-16 13:31:41.419846031Z" level=info msg="Removed container 3effbbdca377a05b3b3bde569d47e7c8c2db184ca2885b5cab5b9f612f7a7e29: openshift-marketplace/qe-app-registry-m24cr/registry-server" id=baaea75a-94d5-49d8-9eb2-17b342e0ba87 name=/runtime.v1.RuntimeService/RemoveContainer
Nov 16 13:31:41.420234 ropatil1611az-gs6zj-worker-westus-j4ngg hyperkube[1563]: I1116 13:31:41.420124 1563 scope.go:110] "RemoveContainer" containerID="3effbbdca377a05b3b3bde569d47e7c8c2db184ca2885b5cab5b9f612f7a7e29"
Nov 16 13:31:41.420620 ropatil1611az-gs6zj-worker-westus-j4ngg hyperkube[1563]: E1116 13:31:41.420593 1563 remote_runtime.go:597] "ContainerStatus from runtime service failed" err="rpc error: code = NotFound desc = could not find container \"3effbbdca377a05b3b3bde569d47e7c8c2db184ca2885b5cab5b9f612f7a7e29\": container with ID starting with 3effbbdca377a05b3b3bde569d47e7c8c2db184ca2885b5cab5b9f612f7a7e29 not found: ID does not exist" containerID="3effbbdca377a05b3b3bde569d47e7c8c2db184ca2885b5cab5b9f612f7a7e29"
Nov 16 13:31:41.420748 ropatil1611az-gs6zj-worker-westus-j4ngg hyperkube[1563]: I1116 13:31:41.420643 1563 pod_container_deletor.go:52] "DeleteContainer returned error" containerID={Type:cri-o ID:3effbbdca377a05b3b3bde569d47e7c8c2db184ca2885b5cab5b9f612f7a7e29} err="failed to get container status \"3effbbdca377a05b3b3bde569d47e7c8c2db184ca2885b5cab5b9f612f7a7e29\": rpc error: code = NotFound desc = could not find container \"3effbbdca377a05b3b3bde569d47e7c8c2db184ca2885b5cab5b9f612f7a7e29\": container with ID starting with 3effbbdca377a05b3b3bde569d47e7c8c2db184ca2885b5cab5b9f612f7a7e29 not found: ID does not exist"
Nov 16 13:31:41.487253 ropatil1611az-gs6zj-worker-westus-j4ngg hyperkube[1563]: I1116 13:31:41.487033 1563 reconciler.go:300] "Volume detached for volume \"kube-api-access-7fgth\" (UniqueName: \"kubernetes.io/projected/f4a98b32-1c98-4039-9bb6-6cf0748e3c43-kube-api-access-7fgth\") on node \"ropatil1611az-gs6zj-worker-westus-j4ngg\" DevicePath \"\""
Nov 16 13:31:41.700890 ropatil1611az-gs6zj-worker-westus-j4ngg systemd[1]: Removed slice libcontainer container kubepods-burstable-podf4a98b32_1c98_4039_9bb6_6cf0748e3c43.slice.
Nov 16 13:31:41.700957 ropatil1611az-gs6zj-worker-westus-j4ngg systemd[1]: kubepods-burstable-podf4a98b32_1c98_4039_9bb6_6cf0748e3c43.slice: Consumed 710ms CPU time
Nov 16 13:31:41.723358 ropatil1611az-gs6zj-worker-westus-j4ngg hyperkube[1563]: I1116 13:31:41.723319 1563 kubelet.go:2153] "SyncLoop DELETE" source="api" pods=[openshift-marketplace/qe-app-registry-m24cr]
Nov 16 13:31:41.731052 ropatil1611az-gs6zj-worker-westus-j4ngg hyperkube[1563]: I1116 13:31:41.730992 1563 kubelet.go:2147] "SyncLoop REMOVE" source="api" pods=[openshift-marketplace/qe-app-registry-m24cr]
Nov 16 13:31:42.592762 ropatil1611az-gs6zj-worker-westus-j4ngg crio[1530]: time="2022-11-16 13:31:42.592698480Z" level=info msg="Stopping pod sandbox: f774f9eba0a34be5d95c8eca9cb0a2a2853958ba299469b49f7ab03ba333cca4" id=316f818b-b276-4335-a905-5d51c1ed580c name=/runtime.v1.RuntimeService/StopPodSandbox
Nov 16 13:31:42.592762 ropatil1611az-gs6zj-worker-westus-j4ngg crio[1530]: time="2022-11-16 13:31:42.592760480Z" level=info msg="Stopped pod sandbox (already stopped): f774f9eba0a34be5d95c8eca9cb0a2a2853958ba299469b49f7ab03ba333cca4" id=316f818b-b276-4335-a905-5d51c1ed580c name=/runtime.v1.RuntimeService/StopPodSandbox
Nov 16 13:31:42.594626 ropatil1611az-gs6zj-worker-westus-j4ngg hyperkube[1563]: I1116 13:31:42.594414 1563 kubelet_volumes.go:160] "Cleaned up orphaned pod volumes dir" podUID=f4a98b32-1c98-4039-9bb6-6cf0748e3c43 path="/var/lib/kubelet/pods/f4a98b32-1c98-4039-9bb6-6cf0748e3c43/volumes"
Nov 16 13:32:21.283292 ropatil1611az-gs6zj-worker-westus-j4ngg crio[1530]: time="2022-11-16 13:32:21.283150042Z" level=info msg="Stopping pod sandbox: f774f9eba0a34be5d95c8eca9cb0a2a2853958ba299469b49f7ab03ba333cca4" id=be3c94a3-8d6e-4450-bc75-ef4a6dd3b69c name=/runtime.v1.RuntimeService/StopPodSandbox
Nov 16 13:32:21.283292 ropatil1611az-gs6zj-worker-westus-j4ngg crio[1530]: time="2022-11-16 13:32:21.283206842Z" level=info msg="Stopped pod sandbox (already stopped): f774f9eba0a34be5d95c8eca9cb0a2a2853958ba299469b49f7ab03ba333cca4" id=be3c94a3-8d6e-4450-bc75-ef4a6dd3b69c name=/runtime.v1.RuntimeService/StopPodSandbox
Nov 16 13:32:21.283857 ropatil1611az-gs6zj-worker-westus-j4ngg crio[1530]: time="2022-11-16 13:32:21.283636046Z" level=info msg="Removing pod sandbox: f774f9eba0a34be5d95c8eca9cb0a2a2853958ba299469b49f7ab03ba333cca4" id=616d943c-eccb-4455-a257-913546f17622 name=/runtime.v1.RuntimeService/RemovePodSandbox
Nov 16 13:32:21.302149 ropatil1611az-gs6zj-worker-westus-j4ngg crio[1530]: time="2022-11-16 13:32:21.302051790Z" level=info msg="Removed pod sandbox: f774f9eba0a34be5d95c8eca9cb0a2a2853958ba299469b49f7ab03ba333cca4" id=616d943c-eccb-4455-a257-913546f17622 name=/runtime.v1.RuntimeService/RemovePodSandbox
Nov 16 13:33:20.414564 ropatil1611az-gs6zj-worker-westus-j4ngg crio[1530]: time="2022-11-16 13:33:20.414392352Z" level=info msg="Checking image status: quay.io/openshift-release-dev/ocp-v4.0-art-dev@sha256:c39aa024d407b037fc426c5e55a3613f5111ba787cfba1abccc44cf2db1e4a40" id=3b07b240-e8db-4fa5-b0e9-38df19eb51f9 name=/runtime.v1.ImageService/ImageStatus
Nov 16 13:33:20.434204 ropatil1611az-gs6zj-worker-westus-j4ngg crio[1530]: time="2022-11-16 13:33:20.414770355Z" level=info msg="Image status: &ImageStatusResponse{Image:&Image{Id:9e44923d83df71e11fd4837b57daa843fc8a5c5f8e9eedba0e1a1eaf90f98ca3,RepoTags:[],RepoDigests:[quay.io/openshift-release-dev/ocp-v4.0-art-dev@sha256:c39aa024d407b037fc426c5e55a3613f5111ba787cfba1abccc44cf2db1e4a40],Size_:286791011,Uid:nil,Username:,Spec:nil,},Info:map[string]string{},}" id=3b07b240-e8db-4fa5-b0e9-38df19eb51f9 name=/runtime.v1.ImageService/ImageStatus
Nov 16 13:33:46.978436 ropatil1611az-gs6zj-worker-westus-j4ngg systemd[1]: run-runc-c3b62f10575c17e7dfdacdc07240163cc41df1264d4648ab19dc0ef5c5cfa259-runc.yxVJw0.mount: Succeeded.
Nov 16 13:35:25.311938 ropatil1611az-gs6zj-worker-westus-j4ngg systemd[1]: run-runc-962dbf1ba068351a20d68aa936eb92b0cb5223489ea2d8b4e96937f948e2578a-runc.8VId7Y.mount: Succeeded.
Nov 16 13:36:36.979864 ropatil1611az-gs6zj-worker-westus-j4ngg systemd[1]: run-runc-c3b62f10575c17e7dfdacdc07240163cc41df1264d4648ab19dc0ef5c5cfa259-runc.xpEbGq.mount: Succeeded.
Nov 16 13:38:16.979560 ropatil1611az-gs6zj-worker-westus-j4ngg systemd[1]: run-runc-c3b62f10575c17e7dfdacdc07240163cc41df1264d4648ab19dc0ef5c5cfa259-runc.fLdqfx.mount: Succeeded.
Nov 16 13:38:20.419680 ropatil1611az-gs6zj-worker-westus-j4ngg crio[1530]: time="2022-11-16 13:38:20.419447132Z" level=info msg="Checking image status: quay.io/openshift-release-dev/ocp-v4.0-art-dev@sha256:c39aa024d407b037fc426c5e55a3613f5111ba787cfba1abccc44cf2db1e4a40" id=fdb10dd1-eece-41ad-9d2b-3cfb77cae63d name=/runtime.v1.ImageService/ImageStatus
Nov 16 13:38:20.475036 ropatil1611az-gs6zj-worker-westus-j4ngg crio[1530]: time="2022-11-16 13:38:20.419825635Z" level=info msg="Image status: &ImageStatusResponse{Image:&Image{Id:9e44923d83df71e11fd4837b57daa843fc8a5c5f8e9eedba0e1a1eaf90f98ca3,RepoTags:[],RepoDigests:[quay.io/openshift-release-dev/ocp-v4.0-art-dev@sha256:c39aa024d407b037fc426c5e55a3613f5111ba787cfba1abccc44cf2db1e4a40],Size_:286791011,Uid:nil,Username:,Spec:nil,},Info:map[string]string{},}" id=fdb10dd1-eece-41ad-9d2b-3cfb77cae63d name=/runtime.v1.ImageService/ImageStatus
Nov 16 13:39:06.978788 ropatil1611az-gs6zj-worker-westus-j4ngg systemd[1]: run-runc-c3b62f10575c17e7dfdacdc07240163cc41df1264d4648ab19dc0ef5c5cfa259-runc.A74C1C.mount: Succeeded.
Nov 16 13:39:16.980318 ropatil1611az-gs6zj-worker-westus-j4ngg systemd[1]: run-runc-c3b62f10575c17e7dfdacdc07240163cc41df1264d4648ab19dc0ef5c5cfa259-runc.RaYehE.mount: Succeeded.
Nov 16 13:43:20.425537 ropatil1611az-gs6zj-worker-westus-j4ngg crio[1530]: time="2022-11-16 13:43:20.425368822Z" level=info msg="Checking image status: quay.io/openshift-release-dev/ocp-v4.0-art-dev@sha256:c39aa024d407b037fc426c5e55a3613f5111ba787cfba1abccc44cf2db1e4a40" id=a1ebef75-ec16-4417-90ab-ffc1ce205ba7 name=/runtime.v1.ImageService/ImageStatus
Nov 16 13:43:20.444601 ropatil1611az-gs6zj-worker-westus-j4ngg crio[1530]: time="2022-11-16 13:43:20.425656324Z" level=info msg="Image status: &ImageStatusResponse{Image:&Image{Id:9e44923d83df71e11fd4837b57daa843fc8a5c5f8e9eedba0e1a1eaf90f98ca3,RepoTags:[],RepoDigests:[quay.io/openshift-release-dev/ocp-v4.0-art-dev@sha256:c39aa024d407b037fc426c5e55a3613f5111ba787cfba1abccc44cf2db1e4a40],Size_:286791011,Uid:nil,Username:,Spec:nil,},Info:map[string]string{},}" id=a1ebef75-ec16-4417-90ab-ffc1ce205ba7 name=/runtime.v1.ImageService/ImageStatus
Nov 16 13:47:04.693676 ropatil1611az-gs6zj-worker-westus-j4ngg hyperkube[1563]: I1116 13:47:04.693633 1563 kubelet.go:2137] "SyncLoop ADD" source="api" pods=[openshift-marketplace/qe-app-registry-x4pft]
Nov 16 13:47:04.693676 ropatil1611az-gs6zj-worker-westus-j4ngg hyperkube[1563]: I1116 13:47:04.693687 1563 topology_manager.go:200] "Topology Admit Handler"
Nov 16 13:47:04.694461 ropatil1611az-gs6zj-worker-westus-j4ngg hyperkube[1563]: E1116 13:47:04.693792 1563 cpu_manager.go:395] "RemoveStaleState: removing container" podUID="f4a98b32-1c98-4039-9bb6-6cf0748e3c43" containerName="registry-server"
Nov 16 13:47:04.694461 ropatil1611az-gs6zj-worker-westus-j4ngg hyperkube[1563]: I1116 13:47:04.693806 1563 state_mem.go:107] "Deleted CPUSet assignment" podUID="f4a98b32-1c98-4039-9bb6-6cf0748e3c43" containerName="registry-server"
Nov 16 13:47:04.694461 ropatil1611az-gs6zj-worker-westus-j4ngg hyperkube[1563]: I1116 13:47:04.693855 1563 memory_manager.go:345] "RemoveStaleState removing state" podUID="f4a98b32-1c98-4039-9bb6-6cf0748e3c43" containerName="registry-server"
Nov 16 13:47:04.704421 ropatil1611az-gs6zj-worker-westus-j4ngg systemd[1]: Created slice libcontainer container kubepods-burstable-pod1c8a06d4_10be_421f_a8eb_fdbe01f522c3.slice.
Nov 16 13:47:04.870430 ropatil1611az-gs6zj-worker-westus-j4ngg hyperkube[1563]: I1116 13:47:04.870320 1563 reconciler.go:221] "operationExecutor.VerifyControllerAttachedVolume started for volume \"kube-api-access-xnhll\" (UniqueName: \"kubernetes.io/projected/1c8a06d4-10be-421f-a8eb-fdbe01f522c3-kube-api-access-xnhll\") pod \"qe-app-registry-x4pft\" (UID: \"1c8a06d4-10be-421f-a8eb-fdbe01f522c3\") " pod="openshift-marketplace/qe-app-registry-x4pft"
Nov 16 13:47:04.971702 ropatil1611az-gs6zj-worker-westus-j4ngg hyperkube[1563]: I1116 13:47:04.971557 1563 reconciler.go:258] "operationExecutor.MountVolume started for volume \"kube-api-access-xnhll\" (UniqueName: \"kubernetes.io/projected/1c8a06d4-10be-421f-a8eb-fdbe01f522c3-kube-api-access-xnhll\") pod \"qe-app-registry-x4pft\" (UID: \"1c8a06d4-10be-421f-a8eb-fdbe01f522c3\") " pod="openshift-marketplace/qe-app-registry-x4pft"
Nov 16 13:47:04.999544 ropatil1611az-gs6zj-worker-westus-j4ngg hyperkube[1563]: I1116 13:47:04.999472 1563 operation_generator.go:756] "MountVolume.SetUp succeeded for volume \"kube-api-access-xnhll\" (UniqueName: \"kubernetes.io/projected/1c8a06d4-10be-421f-a8eb-fdbe01f522c3-kube-api-access-xnhll\") pod \"qe-app-registry-x4pft\" (UID: \"1c8a06d4-10be-421f-a8eb-fdbe01f522c3\") " pod="openshift-marketplace/qe-app-registry-x4pft"
Nov 16 13:47:05.014916 ropatil1611az-gs6zj-worker-westus-j4ngg hyperkube[1563]: I1116 13:47:05.014874 1563 kuberuntime_manager.go:487] "No sandbox for pod can be found. Need to start a new one" pod="openshift-marketplace/qe-app-registry-x4pft"
Nov 16 13:47:05.015587 ropatil1611az-gs6zj-worker-westus-j4ngg crio[1530]: time="2022-11-16 13:47:05.015494057Z" level=info msg="Running pod sandbox: openshift-marketplace/qe-app-registry-x4pft/POD" id=8930c437-53dd-4f93-a89e-b195de50a1b1 name=/runtime.v1.RuntimeService/RunPodSandbox
Nov 16 13:47:05.015975 ropatil1611az-gs6zj-worker-westus-j4ngg crio[1530]: time="2022-11-16 13:47:05.015607558Z" level=warning msg="Allowed annotations are specified for workload [io.containers.trace-syscall]"
Nov 16 13:47:05.100496 ropatil1611az-gs6zj-worker-westus-j4ngg crio[1530]: time="2022-11-16 13:47:05.100401858Z" level=info msg="Got pod network &{Name:qe-app-registry-x4pft Namespace:openshift-marketplace ID:39c64bdad60f66ac0f488fe6fac9398af40be89aa25ae2fa014667d3629732ef UID:1c8a06d4-10be-421f-a8eb-fdbe01f522c3 NetNS:/var/run/netns/8939b469-c9c1-423a-b800-a80a4c2f3bdc Networks:[] RuntimeConfig:map[multus-cni-network:{IP: MAC: PortMappings:[] Bandwidth: IpRanges:[]}] Aliases:map[]}"
Nov 16 13:47:05.100496 ropatil1611az-gs6zj-worker-westus-j4ngg crio[1530]: time="2022-11-16 13:47:05.100504559Z" level=info msg="Adding pod openshift-marketplace_qe-app-registry-x4pft to CNI network \"multus-cni-network\" (type=multus)"
Nov 16 13:47:05.143200 ropatil1611az-gs6zj-worker-westus-j4ngg kernel: IPv6: ADDRCONF(NETDEV_UP): eth0: link is not ready
Nov 16 13:47:05.170156 ropatil1611az-gs6zj-worker-westus-j4ngg kernel: IPv6: ADDRCONF(NETDEV_UP): veth3319ed58: link is not ready
Nov 16 13:47:05.170251 ropatil1611az-gs6zj-worker-westus-j4ngg kernel: IPv6: ADDRCONF(NETDEV_CHANGE): veth3319ed58: link becomes ready
Nov 16 13:47:05.170285 ropatil1611az-gs6zj-worker-westus-j4ngg kernel: IPv6: ADDRCONF(NETDEV_CHANGE): eth0: link becomes ready
Nov 16 13:47:05.175433 ropatil1611az-gs6zj-worker-westus-j4ngg systemd-udevd[110146]: link_config: autonegotiation is unset or enabled, the speed and duplex are not writable.
Nov 16 13:47:05.175574 ropatil1611az-gs6zj-worker-westus-j4ngg systemd-udevd[110146]: Could not generate persistent MAC address for veth3319ed58: No such file or directory
Nov 16 13:47:05.175793 ropatil1611az-gs6zj-worker-westus-j4ngg NetworkManager[1379]: [1668606425.1757] device (veth3319ed58): carrier: link connected
Nov 16 13:47:05.176181 ropatil1611az-gs6zj-worker-westus-j4ngg NetworkManager[1379]: [1668606425.1761] manager: (veth3319ed58): new Veth device (/org/freedesktop/NetworkManager/Devices/42)
Nov 16 13:47:05.185642 ropatil1611az-gs6zj-worker-westus-j4ngg NetworkManager[1379]: [1668606425.1856] manager: (veth3319ed58): new Open vSwitch Port device (/org/freedesktop/NetworkManager/Devices/43)
Nov 16 13:47:05.191378 ropatil1611az-gs6zj-worker-westus-j4ngg ovs-vswitchd[1367]: ovs|00129|bridge|INFO|bridge br0: added interface veth3319ed58 on port 19
Nov 16 13:47:05.192167 ropatil1611az-gs6zj-worker-westus-j4ngg kernel: device veth3319ed58 entered promiscuous mode
Nov 16 13:47:05.223032 ropatil1611az-gs6zj-worker-westus-j4ngg ovs-vswitchd[1367]: ovs|00130|connmgr|INFO|br0<->unix#262: 5 flow_mods in the last 0 s (5 adds)
Nov 16 13:47:05.268375 ropatil1611az-gs6zj-worker-westus-j4ngg ovs-vswitchd[1367]: ovs|00131|connmgr|INFO|br0<->unix#265: 2 flow_mods in the last 0 s (2 deletes)
Nov 16 13:47:06.780724 ropatil1611az-gs6zj-worker-westus-j4ngg crio[1530]: 2022-11-16T13:47:06Z [verbose] Add: openshift-marketplace:qe-app-registry-x4pft:1c8a06d4-10be-421f-a8eb-fdbe01f522c3:openshift-sdn(openshift-sdn):eth0 {"cniVersion":"0.3.1","interfaces":[{"name":"eth0","sandbox":"/var/run/netns/8939b469-c9c1-423a-b800-a80a4c2f3bdc"}],"ips":[{"version":"4","interface":0,"address":"10.129.2.18/23","gateway":"10.129.2.1"}],"dns":{}}
Nov 16 13:47:06.780724 ropatil1611az-gs6zj-worker-westus-j4ngg crio[1530]: I1116 13:47:06.758703 110129 event.go:282] Event(v1.ObjectReference{Kind:"Pod", Namespace:"openshift-marketplace", Name:"qe-app-registry-x4pft", UID:"1c8a06d4-10be-421f-a8eb-fdbe01f522c3", APIVersion:"v1", ResourceVersion:"65844", FieldPath:""}): type: 'Normal' reason: 'AddedInterface' Add eth0 [10.129.2.18/23] from openshift-sdn
Nov 16 13:47:06.781453 ropatil1611az-gs6zj-worker-westus-j4ngg crio[1530]: time="2022-11-16 13:47:06.781411430Z" level=info msg="Got pod network &{Name:qe-app-registry-x4pft Namespace:openshift-marketplace ID:39c64bdad60f66ac0f488fe6fac9398af40be89aa25ae2fa014667d3629732ef UID:1c8a06d4-10be-421f-a8eb-fdbe01f522c3 NetNS:/var/run/netns/8939b469-c9c1-423a-b800-a80a4c2f3bdc Networks:[] RuntimeConfig:map[multus-cni-network:{IP: MAC: PortMappings:[] Bandwidth: IpRanges:[]}] Aliases:map[]}"
Nov 16 13:47:06.781554 ropatil1611az-gs6zj-worker-westus-j4ngg hyperkube[1563]: I1116 13:47:06.781505 1563 kubelet.go:2144] "SyncLoop UPDATE" source="api" pods=[openshift-marketplace/qe-app-registry-x4pft]
Nov 16 13:47:06.781823 ropatil1611az-gs6zj-worker-westus-j4ngg crio[1530]: time="2022-11-16 13:47:06.781573031Z" level=info msg="Checking pod openshift-marketplace_qe-app-registry-x4pft for CNI network multus-cni-network (type=multus)"
Nov 16 13:47:06.784150 ropatil1611az-gs6zj-worker-westus-j4ngg hyperkube[1563]: W1116 13:47:06.784105 1563 manager.go:1176] Failed to process watch event {EventType:0 Name:/kubepods.slice/kubepods-burstable.slice/kubepods-burstable-pod1c8a06d4_10be_421f_a8eb_fdbe01f522c3.slice/crio-39c64bdad60f66ac0f488fe6fac9398af40be89aa25ae2fa014667d3629732ef.scope WatchSource:0}: Error finding container 39c64bdad60f66ac0f488fe6fac9398af40be89aa25ae2fa014667d3629732ef: Status 404 returned error &{%!s(*http.body=&{0xc003837a40 false false {0 0} false false false }) {%!s(int32=0) %!s(uint32=0)} %!s(bool=false) %!s(func(error) error=0x85b280) %!s(func() error=0x85b380)}
Nov 16 13:47:06.799535 ropatil1611az-gs6zj-worker-westus-j4ngg crio[1530]: time="2022-11-16 13:47:06.799452879Z" level=info msg="Ran pod sandbox 39c64bdad60f66ac0f488fe6fac9398af40be89aa25ae2fa014667d3629732ef with infra container: openshift-marketplace/qe-app-registry-x4pft/POD" id=8930c437-53dd-4f93-a89e-b195de50a1b1 name=/runtime.v1.RuntimeService/RunPodSandbox
Nov 16 13:47:06.800594 ropatil1611az-gs6zj-worker-westus-j4ngg crio[1530]: time="2022-11-16 13:47:06.800541788Z" level=info msg="Checking image status: quay.io/openshift-qe-optional-operators/aosqe-index:v4.10" id=6666ee28-313f-45e4-ac1c-8b569c541750 name=/runtime.v1.ImageService/ImageStatus
Nov 16 13:47:06.800832 ropatil1611az-gs6zj-worker-westus-j4ngg crio[1530]: time="2022-11-16 13:47:06.800796290Z" level=info msg="Image status: &ImageStatusResponse{Image:&Image{Id:955b8c7a3931b968b0bd346474f64f679068be76fe317e18ac368da1adf57f20,RepoTags:[quay.io/openshift-qe-optional-operators/aosqe-index:v4.10],RepoDigests:[quay.io/openshift-qe-optional-operators/aosqe-index@sha256:37469b633c0f08ccead9fc8d560172b118ed4ede7797e8b75d5262bbf93e15e7 quay.io/openshift-qe-optional-operators/aosqe-index@sha256:5c8d127c45a9965860bd01677437fb9ac2ed820b9d54b086ccd040bf6508910b],Size_:340239472,Uid:nil,Username:,Spec:nil,},Info:map[string]string{},}" id=6666ee28-313f-45e4-ac1c-8b569c541750 name=/runtime.v1.ImageService/ImageStatus
Nov 16 13:47:06.801358 ropatil1611az-gs6zj-worker-westus-j4ngg hyperkube[1563]: I1116 13:47:06.801315 1563 provider.go:102] Refreshing cache for provider: *credentialprovider.defaultDockerConfigProvider
Nov 16 13:47:06.801956 ropatil1611az-gs6zj-worker-westus-j4ngg crio[1530]: time="2022-11-16 13:47:06.801903999Z" level=info msg="Pulling image: quay.io/openshift-qe-optional-operators/aosqe-index:v4.10" id=4e0637bb-32d6-4a8b-a4d0-6edc0e8e9b1b name=/runtime.v1.ImageService/PullImage
Nov 16 13:47:06.813887 ropatil1611az-gs6zj-worker-westus-j4ngg crio[1530]: time="2022-11-16 13:47:06.813849598Z" level=info msg="Trying to access \"quay.io/openshift-qe-optional-operators/aosqe-index:v4.10\""
Nov 16 13:47:06.933174 ropatil1611az-gs6zj-worker-westus-j4ngg hyperkube[1563]: I1116 13:47:06.933093 1563 kubelet.go:2175] "SyncLoop (PLEG): event for pod" pod="openshift-marketplace/qe-app-registry-x4pft" event=&{ID:1c8a06d4-10be-421f-a8eb-fdbe01f522c3 Type:ContainerStarted Data:39c64bdad60f66ac0f488fe6fac9398af40be89aa25ae2fa014667d3629732ef}
Nov 16 13:47:08.454768 ropatil1611az-gs6zj-worker-westus-j4ngg crio[1530]: time="2022-11-16 13:47:08.454516337Z" level=info msg="Pulled image: quay.io/openshift-qe-optional-operators/aosqe-index@sha256:37469b633c0f08ccead9fc8d560172b118ed4ede7797e8b75d5262bbf93e15e7" id=4e0637bb-32d6-4a8b-a4d0-6edc0e8e9b1b name=/runtime.v1.ImageService/PullImage
Nov 16 13:47:08.455884 ropatil1611az-gs6zj-worker-westus-j4ngg crio[1530]: time="2022-11-16 13:47:08.455831248Z" level=info msg="Checking image status: quay.io/openshift-qe-optional-operators/aosqe-index:v4.10" id=60fd862e-4812-4ab7-b025-a47ad00a3c97 name=/runtime.v1.ImageService/ImageStatus
Nov 16 13:47:08.456104 ropatil1611az-gs6zj-worker-westus-j4ngg crio[1530]: time="2022-11-16 13:47:08.456067349Z" level=info msg="Image status: &ImageStatusResponse{Image:&Image{Id:955b8c7a3931b968b0bd346474f64f679068be76fe317e18ac368da1adf57f20,RepoTags:[quay.io/openshift-qe-optional-operators/aosqe-index:v4.10],RepoDigests:[quay.io/openshift-qe-optional-operators/aosqe-index@sha256:37469b633c0f08ccead9fc8d560172b118ed4ede7797e8b75d5262bbf93e15e7 quay.io/openshift-qe-optional-operators/aosqe-index@sha256:5c8d127c45a9965860bd01677437fb9ac2ed820b9d54b086ccd040bf6508910b],Size_:340239472,Uid:nil,Username:,Spec:nil,},Info:map[string]string{},}" id=60fd862e-4812-4ab7-b025-a47ad00a3c97 name=/runtime.v1.ImageService/ImageStatus
Nov 16 13:47:08.457366 ropatil1611az-gs6zj-worker-westus-j4ngg crio[1530]: time="2022-11-16 13:47:08.457326960Z" level=info msg="Creating container: openshift-marketplace/qe-app-registry-x4pft/registry-server" id=ed82eef4-95a8-4fd5-a36c-a1f001462030 name=/runtime.v1.RuntimeService/CreateContainer
Nov 16 13:47:08.457451 ropatil1611az-gs6zj-worker-westus-j4ngg crio[1530]: time="2022-11-16 13:47:08.457436861Z" level=warning msg="Allowed annotations are specified for workload [io.containers.trace-syscall]"
Nov 16 13:47:08.515986 ropatil1611az-gs6zj-worker-westus-j4ngg systemd[1]: Started crio-conmon-6cc744f533c832d7e823dd38993e2ef65be00a632c76cb3a70e98f587624fbb6.scope.
Nov 16 13:47:08.542583 ropatil1611az-gs6zj-worker-westus-j4ngg systemd[1]: Started libcontainer container 6cc744f533c832d7e823dd38993e2ef65be00a632c76cb3a70e98f587624fbb6.
